000
CXUS53 KILX 011518
CLMDEC


CLIMATE REPORT
NATIONAL WEATHER SERVICE LINCOLN IL
951 AM CDT THU MAY 1 2014

...................................

...THE DECATUR IL AIRPORT CLIMATE SUMMARY FOR THE MONTH OF APRIL 2014...

CLIMATE NORMAL PERIOD 1981 TO 2010
CLIMATE RECORD PERIOD 9999 TO 9999

WEATHER         OBSERVED          NORMAL  DEPART  LAST YEAR`S
                 VALUE   DATE(S)  VALUE   FROM    VALUE
                                          NORMAL
.............................................................
TEMPERATURE (F)
RECORD
 HIGH              MM   MM
 LOW               MM   MM
HIGHEST            80   04/26        MM      MM       83
LOWEST             29   04/15        MM      MM       25
AVG. MAXIMUM     65.2              63.8     1.4     62.2
AVG. MINIMUM     42.7              41.8     0.9     40.4
MEAN             53.9              52.8     1.1     51.3
DAYS MAX >= 90      0               0.0     0.0        0
DAYS MAX <= 32      0               0.0     0.0        0
DAYS MIN <= 32      4               5.0    -1.0        5
DAYS MIN <= 0       0               0.0     0.0        0

PRECIPITATION (INCHES)
RECORD
 MAXIMUM           MM   MM
 MINIMUM           MM   MM
TOTALS           4.45              3.80    0.65     6.60
DAILY AVG.       0.15              0.13    0.02     0.22
DAYS >= .01        13                MM      MM       13
DAYS >= .10         9                MM      MM        7
DAYS >= .50         4                MM      MM        3
DAYS >= 1.00        1                MM      MM        3
GREATEST
 24 HR. TOTAL    1.08   04/02 TO 04/03              2.39

DEGREE_DAYS
HEATING TOTAL     324               379     -55      412
 SINCE 7/1       6022              5363     659     5289
COOLING TOTAL       1                13     -12       10
 SINCE 1/1          1                14     -13       10
..............................................................

WIND (MPH)
AVERAGE WIND SPEED              11.7
HIGHEST WIND SPEED/DIRECTION    36/100    DATE  04/28
HIGHEST GUST SPEED/DIRECTION    44/110    DATE  04/28

SKY COVER
POSSIBLE SUNSHINE (PERCENT)   MM
AVERAGE SKY COVER           0.40
NUMBER OF DAYS FAIR           19
NUMBER OF DAYS PC              5
NUMBER OF DAYS CLOUDY          6

AVERAGE RH (PERCENT)     63

WEATHER CONDITIONS. NUMBER OF DAYS WITH
THUNDERSTORM              6     MIXED PRECIP               0
HEAVY RAIN                4     RAIN                       7
LIGHT RAIN               16     FREEZING RAIN              0
LT FREEZING RAIN          0     HAIL                       0
HEAVY SNOW                0     SNOW                       0
LIGHT SNOW                1     SLEET                      0
FOG                      14     FOG W/VIS <= 1/4 MILE      0
HAZE                      4

-  INDICATES NEGATIVE NUMBERS.
R  INDICATES RECORD WAS SET OR TIED.
MM INDICATES DATA IS MISSING.
T  INDICATES TRACE AMOUNT.

$$

EJL
