000
CXUS53 KILX 011427
CLMDEC


CLIMATE REPORT
NATIONAL WEATHER SERVICE LINCOLN IL
927 AM CDT SAT NOV 1 2014

...................................

...THE DECATUR IL AIRPORT CLIMATE SUMMARY FOR THE MONTH OF OCTOBER 2014...

CLIMATE NORMAL PERIOD 1981 TO 2010
CLIMATE RECORD PERIOD 9999 TO 9999

WEATHER         OBSERVED          NORMAL  DEPART  LAST YEAR`S
                 VALUE   DATE(S)  VALUE   FROM    VALUE
                                          NORMAL
.............................................................
TEMPERATURE (F)
RECORD
 HIGH              MM   MM
 LOW               MM   MM
HIGHEST            83   10/01        MM      MM       86
LOWEST             32   10/31        MM      MM       26
                        10/30
                        10/23
AVG. MAXIMUM     64.2              65.9    -1.7     66.2
AVG. MINIMUM     45.5              43.0     2.5     44.2
MEAN             54.9              54.5     0.4     55.2
DAYS MAX >= 90      0               0.3    -0.3        0
DAYS MAX <= 32      0               0.0     0.0        0
DAYS MIN <= 32      3               2.9     0.1        5
DAYS MIN <= 0       0               0.0     0.0        0

PRECIPITATION (INCHES)
RECORD
 MAXIMUM           MM   MM
 MINIMUM           MM   MM
TOTALS           5.17              3.28    1.89     3.99
DAILY AVG.       0.17              0.11    0.06     0.13
DAYS >= .01        13                MM      MM       12
DAYS >= .10         8                MM      MM        7
DAYS >= .50         3                MM      MM        2
DAYS >= 1.00        2                MM      MM        2
GREATEST
 24 HR. TOTAL    2.11   10/01 TO 10/02              1.92

DEGREE_DAYS
HEATING TOTAL     323               345     -22      336
 SINCE 7/1        412               418      -6      389
COOLING TOTAL      14                19      -5       40
 SINCE 1/1       1011              1048     -37     1079
..............................................................

WIND (MPH)
AVERAGE WIND SPEED              9.2
HIGHEST WIND SPEED/DIRECTION    38/160    DATE  10/13
HIGHEST GUST SPEED/DIRECTION    63/200    DATE  10/13

SKY COVER
POSSIBLE SUNSHINE (PERCENT)   MM
AVERAGE SKY COVER           0.50
NUMBER OF DAYS FAIR           13
NUMBER OF DAYS PC             11
NUMBER OF DAYS CLOUDY          7

AVERAGE RH (PERCENT)     72

WEATHER CONDITIONS. NUMBER OF DAYS WITH
THUNDERSTORM              0     MIXED PRECIP               0
HEAVY RAIN                4     RAIN                       5
LIGHT RAIN               13     FREEZING RAIN              0
LT FREEZING RAIN          0     HAIL                       0
HEAVY SNOW                0     SNOW                       0
LIGHT SNOW                0     SLEET                      0
FOG                      18     FOG W/VIS <= 1/4 MILE      2
HAZE                      5

-  INDICATES NEGATIVE NUMBERS.
R  INDICATES RECORD WAS SET OR TIED.
MM INDICATES DATA IS MISSING.
T  INDICATES TRACE AMOUNT.

$$
