000
CXUS53 KILX 011423
CLMDEC


CLIMATE REPORT
NATIONAL WEATHER SERVICE LINCOLN IL
908 AM CDT FRI APR 1 2016

...................................

...THE DECATUR IL AIRPORT CLIMATE SUMMARY FOR THE MONTH OF MARCH 2016...

CLIMATE NORMAL PERIOD 1981 TO 2010
CLIMATE RECORD PERIOD 9999 TO 9999

WEATHER         OBSERVED          NORMAL  DEPART  LAST YEAR`S
                 VALUE   DATE(S)  VALUE   FROM    VALUE
                                          NORMAL
.............................................................
TEMPERATURE (F)
RECORD
 HIGH              MM   MM
 LOW               MM   MM
HIGHEST            76   03/15        MM      MM       76
LOWEST             18   03/02        MM      MM       -9
AVG. MAXIMUM     58.4              51.4     7.0     49.8
AVG. MINIMUM     38.7              31.8     6.9     28.9
MEAN             48.5              41.6     6.9     39.4
DAYS MAX >= 90      0               0.0     0.0        0
DAYS MAX <= 32      0               1.3    -1.3        4
DAYS MIN <= 32      9              16.6    -7.6       20
DAYS MIN <= 0       0               0.0     0.0        2

PRECIPITATION (INCHES)
RECORD
 MAXIMUM           MM   MM
 MINIMUM           MM   MM
TOTALS           3.19              2.64    0.55     1.61
DAILY AVG.       0.10              0.09    0.01     0.05
DAYS >= .01        11                MM      MM        9
DAYS >= .10         6                MM      MM        7
DAYS >= .50         3                MM      MM        0
DAYS >= 1.00        0                MM      MM        0
GREATEST
 24 HR. TOTAL    1.08   03/30 TO 03/31              0.39

DEGREE_DAYS
HEATING TOTAL     502               727    -225      789
 SINCE 7/1       3994              4984    -990     5435
COOLING TOTAL       0                 1      -1        0
 SINCE 1/1          0                 1      -1        0
..............................................................

WIND (MPH)
AVERAGE WIND SPEED              11.4
HIGHEST WIND SPEED/DIRECTION    31/170    DATE  03/30
HIGHEST GUST SPEED/DIRECTION    41/270    DATE  03/31

SKY COVER
POSSIBLE SUNSHINE (PERCENT)   MM
AVERAGE SKY COVER           0.50
NUMBER OF DAYS FAIR            9
NUMBER OF DAYS PC             12
NUMBER OF DAYS CLOUDY         10

AVERAGE RH (PERCENT)     67

WEATHER CONDITIONS. NUMBER OF DAYS WITH
THUNDERSTORM              5     MIXED PRECIP               0
HEAVY RAIN                3     RAIN                       5
LIGHT RAIN               14     FREEZING RAIN              0
LT FREEZING RAIN          0     HAIL                       0
HEAVY SNOW                0     SNOW                       1
LIGHT SNOW                1     SLEET                      0
FOG                      17     FOG W/VIS <= 1/4 MILE      2
HAZE                      5

-  INDICATES NEGATIVE NUMBERS.
R  INDICATES RECORD WAS SET OR TIED.
MM INDICATES DATA IS MISSING.
T  INDICATES TRACE AMOUNT.

$$
