000
CXUS53 KILX 011658 RRA
CLSDEC

CLIMATE REPORT
NATIONAL WEATHER SERVICE LINCOLN IL
1147 AM CDT THU SEP 1 2016

...................................

...THE DECATUR IL AIRPORT CLIMATE SUMMARY FOR THE SEASON, FROM
6/1/2016 TO 8/31/2016...

CLIMATE NORMAL PERIOD 1981 TO 2010
CLIMATE RECORD PERIOD 9999 TO 9999

WEATHER         OBSERVED          NORMAL  DEPART  LAST YEAR`S
                 VALUE   DATE(S)  VALUE   FROM    VALUE
                                          NORMAL
.............................................................
TEMPERATURE (F)
RECORD
 HIGH              MM   MM
 LOW               MM   MM
HIGHEST            95   06/26        MM      MM       92
LOWEST             52   06/29        MM      MM       50
AVG. MAXIMUM     86.1              84.5     1.6     83.3
AVG. MINIMUM     66.1              63.1     3.0     63.8
MEAN             76.1              73.8     2.3     73.5
DAYS MAX >= 90     23              17.4     5.6        9
DAYS MAX <= 32      0               0.0     0.0        0
DAYS MIN <= 32      0               0.0     0.0        0
DAYS MIN <= 0       0               0.0     0.0        0

PRECIPITATION (INCHES)
RECORD
 MAXIMUM           MM   MM
 MINIMUM           MM   MM
TOTALS          12.06             11.86    0.20    12.21
DAILY AVG.       0.13                               0.13
DAYS >= .01        32                MM      MM       36
DAYS >= .10        15                MM      MM       21
DAYS >= .50         7                MM      MM        9
DAYS >= 1.00        5                MM      MM        2
GREATEST
 24 HR. TOTAL    2.10   07/24 TO 07/25              1.98

DEGREE_DAYS
HEATING TOTAL       5                22     -17        9
 SINCE 7/1          5                 6      -1        2
COOLING TOTAL    1045               832     213      815
 SINCE 1/1       1135               918     217      959

FREEZE DATES
RECORD
 EARLIEST     MM
 LATEST       MM
EARLIEST                        MM
LATEST                          MM
..............................................................

WIND (MPH)
AVERAGE WIND SPEED              6.9
HIGHEST WIND SPEED/DIRECTION    35/240    DATE  07/13
HIGHEST GUST SPEED/DIRECTION    46/240    DATE  07/13

SKY COVER
POSSIBLE SUNSHINE (PERCENT)   MM
AVERAGE SKY COVER           0.20
NUMBER OF DAYS FAIR           70
NUMBER OF DAYS PC             18
NUMBER OF DAYS CLOUDY          4

AVERAGE RH (PERCENT)     72

WEATHER CONDITIONS. NUMBER OF DAYS WITH
THUNDERSTORM             25     MIXED PRECIP               0
HEAVY RAIN                7     RAIN                      18
LIGHT RAIN               34     FREEZING RAIN              0
LT FREEZING RAIN          0     HAIL                       0
HEAVY SNOW                0     SNOW                       0
LIGHT SNOW                0     SLEET                      0
FOG                      49     FOG W/VIS <= 1/4 MILE      6
HAZE                     11

-  INDICATES NEGATIVE NUMBERS.
R  INDICATES RECORD WAS SET OR TIED.
MM INDICATES DATA IS MISSING.
T  INDICATES TRACE AMOUNT.

$$
