000
CXUS53 KARX 010900
CF6DEH
PRELIMINARY LOCAL CLIMATOLOGICAL DATA (WS FORM: F-6)
STATION: DECORAH IA
MONTH: MARCH
YEAR: 2023
LATITUDE: 43 16 N
LONGITUDE: 91 44 W
TEMPERATURE IN F: :PCPN: SNOW: WIND :SUNSHINE: SKY :PK WND
================================================================================
1 2 3 4 5 6A 6B 7 8 9 10 11 12 13 14 15 16 17 18
12Z AVG MX 2MIN
DY MAX MIN AVG DEP HDD CDD WTR SNW DPTH SPD SPD DIR MIN PSBL S-S WX SPD DR
================================================================================
1 46 32 39 M 26 0 M M M 9.3 15 220 M M 10 1 28 250
2 34 27 31 M 34 0 M M M 5.8 18 340 M M 8 23 340
3 43 28 36 M 29 0 0.00 0.0 M 4.8 10 340 M M 0 M M
4 43 30 37 M 28 0 0.00 0.0 M 3.8 8 300 M M 3 1 21 300
5 45 25 35 M 30 0 0.34 M M 8.2 20 90 M M 4 33 90
6 37 32 35 M 30 0 M M M 9.7 17 340 M M 9 12 22 90
7 43 32 38 M 27 0 M M M 9.7 15 60 M M 8 23 60
8 39 32 36 M 29 0 M M M 8.7 17 150 M M 9 29 150
9 36 28 32 M 33 0 M M M 10.3 20 100 M M 8 31 100
10 32 27 30 M 35 0 M M M 7.2 12 360 M M 10 16 350
11 32 30 31 M 34 0 M M M 8.5 14 120 M M 10 24 140
12 32 25 29 M 36 0 M M M 8.3 12 250 M M 10 1 21 260
13 28 19 24 M 41 0 M M M 11.1 16 320 M M 9 24 320
14 34 10 22 M 43 0 0.00 0.0 M 4.5 12 160 M M 2 1 15 170
15 48 30 39 M 26 0 0.00 0.0 M 11.7 16 170 M M 5 24 170
16 45 27 36 M 29 0 0.21 M M 12.0 24 320 M M 10 1 33 320
17 27 7 17 M 48 0 T M M 15.5 23 320 M M 10 8 35 320
18 23 7 15 M 50 0 T M M 11.6 18 330 M M 7 29 310
19 37 10 24 M 41 0 0.00 M M 8.7 14 220 M M 1 25 220
20 48 30 39 M 26 0 0.00 0.0 0 8.4 15 210 M M 4 29 210
21 54 32 43 M 22 0 0.00 0.0 0 7.6 13 160 M M 8 22 160
22 45 32 39 M 26 0 0.00 0.0 0 9.5 16 340 M M 9 1 23 170
23 41 28 35 M 30 0 M M M 7.9 13 340 M M 6 16 340
24 46 23 35 M 30 0 0.00 0.0 0 5.9 13 90 M M 2 16 160
25 48 32 40 M 25 0 0.00 0.0 M 9.0 18 330 M M 2 23 320
26 43 25 34 M 31 0 0.00 0.0 0 4.2 13 320 M M 3 15 330
27 46 27 37 M 28 0 0.00 0.0 M 6.9 13 330 M M 1 20 10
28 37 23 30 M 35 0 0.00 0.0 M 7.3 13 330 M M 0 14 99
29 32 23 28 M 37 0 M M M 5.5 8 360 M M 2 20 350
30 43 21 32 M 33 0 0.16 M M 7.8 14 110 M M 8 21 120
31 57 36 47 M 18 0 0.52 M M 10.5 22 230 M M 9 1 43 230
================================================================================
SM 1244 790 990 0 1.23 0.0 259.9 M 187
================================================================================
AV 40.1 25.5 8.4 FASTST M M 6 MAX(MPH)
MISC ----> 24 320 43 230
================================================================================
NOTES:
# LAST OF SEVERAL OCCURRENCES
COLUMN 17 PEAK WIND IN M.P.H.
PRELIMINARY LOCAL CLIMATOLOGICAL DATA (WS FORM: F-6) , PAGE 2
STATION: DECORAH IA
MONTH: MARCH
YEAR: 2023
LATITUDE: 43 16 N
LONGITUDE: 91 44 W
[TEMPERATURE DATA] [PRECIPITATION DATA] SYMBOLS USED IN COLUMN 16
AVERAGE MONTHLY: 32.8 TOTAL FOR MONTH: 1.23 1 = FOG OR MIST
DPTR FM NORMAL: 0.0 DPTR FM NORMAL: M 2 = FOG REDUCING VISIBILITY
HIGHEST: 57 ON 31 GRTST 24HR 0.52 ON 31-31 TO 1/4 MILE OR LESS
LOWEST: 7 ON 18,17 3 = THUNDER
SNOW, ICE PELLETS, HAIL 4 = ICE PELLETS
TOTAL MONTH: 0.0 INCH 5 = HAIL
GRTST 24HR 0.0 6 = FREEZING RAIN OR DRIZZLE
GRTST DEPTH: 0 7 = DUSTSTORM OR SANDSTORM:
VSBY 1/2 MILE OR LESS
8 = SMOKE OR HAZE
[NO. OF DAYS WITH] [WEATHER - DAYS WITH] 9 = BLOWING SNOW
X = TORNADO
MAX 32 OR BELOW: 7 0.01 INCH OR MORE: 4
MAX 90 OR ABOVE: 0 0.10 INCH OR MORE: 4
MIN 32 OR BELOW: 30 0.50 INCH OR MORE: 1
MIN 0 OR BELOW: 0 1.00 INCH OR MORE: 0
[HDD (BASE 65) ]
TOTAL THIS MO. 990 CLEAR (SCALE 0-3) 9
DPTR FM NORMAL M PTCLDY (SCALE 4-7) 10
TOTAL FM JUL 1 6227 CLOUDY (SCALE 8-10) 12
DPTR FM NORMAL M
[CDD (BASE 65) ]
TOTAL THIS MO. 0
DPTR FM NORMAL M [PRESSURE DATA]
TOTAL FM JAN 1 0 HIGHEST SLP M ON M
DPTR FM NORMAL M LOWEST SLP M ON M
[REMARKS]
#FINAL-03-23#