000
CXUS53 KARX 240647
CF6DEH
PRELIMINARY LOCAL CLIMATOLOGICAL DATA (WS FORM: F-6)
STATION: DECORAH IA
MONTH: JUNE
YEAR: 2022
LATITUDE: 43 16 N
LONGITUDE: 91 44 W
TEMPERATURE IN F: :PCPN: SNOW: WIND :SUNSHINE: SKY :PK WND
================================================================================
1 2 3 4 5 6A 6B 7 8 9 10 11 12 13 14 15 16 17 18
12Z AVG MX 2MIN
DY MAX MIN AVG DEP HDD CDD WTR SNW DPTH SPD SPD DIR MIN PSBL S-S WX SPD DR
================================================================================
1 70 52 61 M 4 0 0.00 0.0 0 5.7 12 330 M M 3 18 320
2 75 46 61 M 4 0 0.00 0.0 0 4.7 12 300 M M 3 21 300
3 70 52 61 M 4 0 0.00 0.0 0 6.3 16 320 M M 2 23 320
4 61 50 56 M 9 0 0.16 0.0 0 4.6 9 130 M M 8 1 14 130
5 68 55 62 M 3 0 0.45 0.0 0 4.9 10 90 M M 8 1 13 99
6 66 57 62 M 3 0 0.32 0.0 0 4.7 10 60 M M 6 12 17 99
7 73 55 64 M 1 0 0.00 0.0 0 3.8 9 340 M M 5 18 15 330
8 72 55 64 M 1 0 0.66 0.0 0 4.8 12 340 M M 6 1 16 99
9 75 54 65 M 0 0 0.00 0.0 0 4.0 12 330 M M 2 18 330
10 75 63 69 M 0 4 0.00 0.0 0 3.2 8 240 M M 6 17 240
11 72 59 66 M 0 1 0.14 0.0 0 2.9 7 230 M M 7 1 14 200
12 73 61 67 M 0 2 0.00 0.0 0 7.0 13 90 M M 8 12 17 70
13 75 64 70 M 0 5 0.38 0.0 0 8.9 14 130 M M 6 1 24 120
14 95 73 84 M 0 19 0.00 0.0 0 10.3 16 200 M M 2 1 30 200
15 82 66 74 M 0 9 0.27 0.0 0 5.9 13 330 M M 4 27 240
16 82 63 73 M 0 8 0.00 0.0 0 M M M M M 0 M M
17 79 59 69 M 0 4 0.00 0.0 0 M M M M M 0 M M
18 77 59 68 M 0 3 0.00 0.0 0 M M M M M 1 M M
19 86 59 73 M 0 8 0.00 0.0 0 M M M M M 2 M M
20 93 68 81 M 0 16 0.00 0.0 0 M M M M M 1 M M
21 93 70 82 M 0 17 0.00 0.0 0 M M M M M 2 M M
22 82 63 73 M 0 8 0.00 0.0 0 M M M M M 1 M M
23 88 64 76 M 0 11 0.00 0.0 0 M M M M M 1 1 M M
24 86 66 76 M 0 11 0.00 0.0 0 M M M M M 2 M M
25 75 66 71 M 0 6 0.69 0.0 0 M M M M M 9 M M
26 72 55 64 M 1 0 0.00 0.0 0 1.2 5 M M M 1 M M
27 79 52 66 M 0 1 0.00 0.0 0 4.0 13 340 M M 2 16 320
28 81 63 72 M 0 7 0.36 0.0 0 6.9 20 70 M M 3 38 45 70
29 84 55 70 M 0 5 0.00 0.0 0 6.2 12 180 M M 2 12 22 170
30 86 72 79 M 0 14 0.00 0.0 0 6.9 13 200 M M 2 23 210
================================================================================
SM 2345 1796 30 159 3.43 0.0 106.9 M 105
================================================================================
AV 78.2 59.9 5.3 FASTST M M 4 MAX(MPH)
MISC ----> 20 70 45 70
================================================================================
NOTES:
# LAST OF SEVERAL OCCURRENCES
COLUMN 17 PEAK WIND IN M.P.H.
PRELIMINARY LOCAL CLIMATOLOGICAL DATA (WS FORM: F-6) , PAGE 2
STATION: DECORAH IA
MONTH: JUNE
YEAR: 2022
LATITUDE: 43 16 N
LONGITUDE: 91 44 W
[TEMPERATURE DATA] [PRECIPITATION DATA] SYMBOLS USED IN COLUMN 16
AVERAGE MONTHLY: 69.0 TOTAL FOR MONTH: 3.43 1 = FOG OR MIST
DPTR FM NORMAL: 0.0 DPTR FM NORMAL: M 2 = FOG REDUCING VISIBILITY
HIGHEST: 95 ON 14 GRTST 24HR 0.69 ON 25-25 TO 1/4 MILE OR LESS
LOWEST: 46 ON 2 3 = THUNDER
SNOW, ICE PELLETS, HAIL 4 = ICE PELLETS
TOTAL MONTH: 0.0 INCH 5 = HAIL
GRTST 24HR 0.0 6 = FREEZING RAIN OR DRIZZLE
GRTST DEPTH: 0 7 = DUSTSTORM OR SANDSTORM:
VSBY 1/2 MILE OR LESS
8 = SMOKE OR HAZE
[NO. OF DAYS WITH] [WEATHER - DAYS WITH] 9 = BLOWING SNOW
X = TORNADO
MAX 32 OR BELOW: 0 0.01 INCH OR MORE: 9
MAX 90 OR ABOVE: 3 0.10 INCH OR MORE: 9
MIN 32 OR BELOW: 0 0.50 INCH OR MORE: 2
MIN 0 OR BELOW: 0 1.00 INCH OR MORE: 0
[HDD (BASE 65) ]
TOTAL THIS MO. 30 CLEAR (SCALE 0-3) 19
DPTR FM NORMAL M PTCLDY (SCALE 4-7) 10
TOTAL FM JUL 1 7095 CLOUDY (SCALE 8-10) 1
DPTR FM NORMAL M
[CDD (BASE 65) ]
TOTAL THIS MO. 159
DPTR FM NORMAL M [PRESSURE DATA]
TOTAL FM JAN 1 244 HIGHEST SLP M ON M
DPTR FM NORMAL M LOWEST SLP M ON M
[REMARKS]
#FINAL-06-22#