000
CXUS54 KSHV 011300
CF6DEQ
PRELIMINARY LOCAL CLIMATOLOGICAL DATA (WS FORM: F-6)
STATION: DE QUEEN
MONTH: APRIL
YEAR: 2022
LATITUDE: 34 2 N
LONGITUDE: 94 24 W
TEMPERATURE IN F: :PCPN: SNOW: WIND :SUNSHINE: SKY :PK WND
================================================================================
1 2 3 4 5 6A 6B 7 8 9 10 11 12 13 14 15 16 17 18
12Z AVG MX 2MIN
DY MAX MIN AVG DEP HDD CDD WTR SNW DPTH SPD SPD DIR MIN PSBL S-S WX SPD DR
================================================================================
1 68 33 51 -8 14 0 0.00 0.0 0 4.0 13 110 M M 1 16 110
2 78 50 64 5 1 0 0.02 0.0 0 3.8 21 110 M M 3 3 26 120
3 79 45 62 3 3 0 0.00 0.0 0 5.5 16 140 M M 0 1 21 190
4 80 56 68 8 0 3 1.17 0.0 0 5.8 23 40 M M 3 138 29 50
5 82 55 69 9 0 4 0.66 0.0 0 4.6 25 80 M M 4 13 33 90
6 73 47 60 0 5 0 0.00 0.0 0 8.0 21 20 M M 4 1 31 360
7 65 43 54 -6 11 0 0.00 0.0 0 10.3 26 300 M M 3 37 300
8 63 37 50 -10 15 0 0.00 0.0 0 10.8 24 290 M M 1 38 260
9 76 30 53 -8 12 0 0.00 0.0 0 4.0 16 200 M M 1 12 22 220
10 83 45 64 3 1 0 T 0.0 0 9.1 23 210 M M 2 34 200
11 80 66 73 12 0 8 0.04 0.0 0 5.6 13 200 M M 7 138 17 190
12 77 66 72 11 0 7 0.02 0.0 0 7.1 17 170 M M 7 3 22 160
13 71 45 58 -4 7 0 0.44 0.0 0 7.3 20 330 M M 2 13 28 320
14 73 37 55 -7 10 0 0.00 0.0 0 2.5 12 120 M M 0 1 16 90
15 75 45 60 -2 5 0 0.00 0.0 0 3.7 12 170 M M 5 19 110
16 74 60 67 5 0 2 0.38 0.0 0 8.1 17 90 M M 10 1 24 100
17 62 54 58 -4 7 0 0.18 0.0 0 6.4 16 90 M M 10 13 24 90
18 74 49 62 -1 3 0 0.00 0.0 0 6.2 13 30 M M 4 19 30
19 70 41 56 -7 9 0 T 0.0 0 6.5 17 90 M M 1 1 22 90
20 70 52 61 -2 4 0 1.15 0.0 0 6.5 17 110 M M 9 13 20 110
21 80 68 74 11 0 9 0.00 0.0 0 5.7 14 170 M M 9 1 20 170
22 84 65 75 11 0 10 0.00 0.0 0 7.2 17 190 M M 6 1 23 190
23 83 67 75 11 0 10 0.00 0.0 0 8.8 20 180 M M 4 26 180
24 80 62 71 7 0 6 0.00 0.0 0 4.8 15 320 M M 6 13 22 190
25 74 58 66 2 0 1 1.75 0.0 0 5.2 14 300 M M 5 13 24 330
26 75 46 61 -4 4 0 0.00 0.0 0 3.1 13 70 M M 0 17 80
27 75 44 60 -5 5 0 0.00 0.0 0 4.2 12 170 M M 0 1 16 180
28 82 51 67 2 0 2 0.00 0.0 0 5.2 15 170 M M 4 20 180
29 83 61 72 6 0 7 T 0.0 0 8.6 20 200 M M 6 27 180
30 83 57 70 4 0 5 0.01 0.0 0 6.7 18 260 M M 5 18 25 260
================================================================================
SM 2272 1535 116 74 5.82 0.0 185.3 M 122
================================================================================
AV 75.7 51.2 6.2 FASTST M M 4 MAX(MPH)
MISC ----> 26 300 38 260
================================================================================
NOTES:
# LAST OF SEVERAL OCCURRENCES
COLUMN 17 PEAK WIND IN M.P.H.
PRELIMINARY LOCAL CLIMATOLOGICAL DATA (WS FORM: F-6) , PAGE 2
STATION: DE QUEEN
MONTH: APRIL
YEAR: 2022
LATITUDE: 34 2 N
LONGITUDE: 94 24 W
[TEMPERATURE DATA] [PRECIPITATION DATA] SYMBOLS USED IN COLUMN 16
AVERAGE MONTHLY: 63.5 TOTAL FOR MONTH: 5.82 1 = FOG OR MIST
DPTR FM NORMAL: 1.2 DPTR FM NORMAL: 1.13 2 = FOG REDUCING VISIBILITY
HIGHEST: 84 ON 22 GRTST 24HR 1.83 ON 4- 5 TO 1/4 MILE OR LESS
LOWEST: 30 ON 9 3 = THUNDER
SNOW, ICE PELLETS, HAIL 4 = ICE PELLETS
TOTAL MONTH: 0.0 INCH 5 = HAIL
GRTST 24HR 0.0 6 = FREEZING RAIN OR DRIZZLE
GRTST DEPTH: 0 7 = DUSTSTORM OR SANDSTORM:
VSBY 1/2 MILE OR LESS
8 = SMOKE OR HAZE
[NO. OF DAYS WITH] [WEATHER - DAYS WITH] 9 = BLOWING SNOW
X = TORNADO
MAX 32 OR BELOW: 0 0.01 INCH OR MORE: 11
MAX 90 OR ABOVE: 0 0.10 INCH OR MORE: 7
MIN 32 OR BELOW: 1 0.50 INCH OR MORE: 4
MIN 0 OR BELOW: 0 1.00 INCH OR MORE: 3
[HDD (BASE 65) ]
TOTAL THIS MO. 116 CLEAR (SCALE 0-3) 12
DPTR FM NORMAL -19 PTCLDY (SCALE 4-7) 14
TOTAL FM JUL 1 2500 CLOUDY (SCALE 8-10) 4
DPTR FM NORMAL -285
[CDD (BASE 65) ]
TOTAL THIS MO. 74
DPTR FM NORMAL 24 [PRESSURE DATA]
TOTAL FM JAN 1 83 HIGHEST SLP 30.39 ON 26
DPTR FM NORMAL 16 LOWEST SLP 29.42 ON 6
[REMARKS]
#FINAL-04-22#