000
CXUS54 KSHV 030333
CF6DEQ
PRELIMINARY LOCAL CLIMATOLOGICAL DATA (WS FORM: F-6)
STATION: DE QUEEN
MONTH: MAY
YEAR: 2021
LATITUDE: 34 2 N
LONGITUDE: 94 24 W
TEMPERATURE IN F: :PCPN: SNOW: WIND :SUNSHINE: SKY :PK WND
================================================================================
1 2 3 4 5 6A 6B 7 8 9 10 11 12 13 14 15 16 17 18
12Z AVG MX 2MIN
DY MAX MIN AVG DEP HDD CDD WTR SNW DPTH SPD SPD DIR MIN PSBL S-S WX SPD DR
================================================================================
1 75 57 66 0 0 1 T 0.0 0 2.8 10 120 M M 6 1 13 120
2 74 63 69 3 0 4 0.95 0.0 0 3.1 10 70 M M 7 13 14 70
3 87 63 75 8 0 10 0.42 0.0 0 6.2 25 260 M M 6 138 35 270
4 74 57 66 -1 0 1 0.09 0.0 0 7.0 20 240 M M 8 3 28 230
5 77 46 62 -5 3 0 0.00 0.0 0 2.0 13 80 M M 0 12 16 90
6 84 51 68 0 0 3 0.00 0.0 0 3.4 14 290 M M 0 20 330
7 77 49 63 -5 2 0 0.00 0.0 0 4.6 13 100 M M 1 16 130
8 85 56 71 3 0 6 0.00 0.0 0 8.3 20 200 M M 2 29 220
9 86 62 74 5 0 9 T 0.0 0 7.8 18 250 M M 6 3 24 250
10 64 56 60 -9 5 0 0.05 0.0 0 7.9 15 80 M M 10 13 20 60
11 59 56 58 -11 7 0 1.16 0.0 0 7.8 24 310 M M 10 13 37 300
12 66 56 61 -9 4 0 0.00 0.0 0 5.3 15 70 M M 10 20 50
13 76 52 64 -6 1 0 0.00 0.0 0 3.4 10 60 M M 3 1 14 70
14 76 48 62 -8 3 0 0.00 0.0 0 3.5 13 110 M M 0 18 120
15 81 52 67 -4 0 2 0.00 0.0 0 3.2 12 170 M M 3 1 15 180
16 82 59 71 0 0 6 1.17 0.0 0 4.1 15 150 M M 5 13 21 160
17 76 67 72 1 0 7 0.03 0.0 0 5.0 12 180 M M 6 1 17 240
18 81 65 73 1 0 8 1.29 0.0 0 4.1 25 280 M M 8 13 39 280
19 78 65 72 0 0 7 1.21 0.0 0 4.4 13 100 M M 6 13 17 110
20 77 70 74 2 0 9 0.43 0.0 0 7.3 15 120 M M 9 1 21 120
21 74 69 72 0 0 7 0.47 0.0 0 7.4 13 160 M M 10 1 20 120
22 83 66 75 2 0 10 0.00 0.0 0 3.5 13 120 M M 6 1 18 160
23 86 66 76 3 0 11 0.00 0.0 0 3.2 12 130 M M 2 1 17 140
24 83 67 75 2 0 10 0.04 0.0 0 2.3 14 210 M M 4 1 20 200
25 84 69 77 3 0 12 0.68 0.0 0 5.2 16 150 M M 9 13 21 150
26 85 68 77 3 0 12 T 0.0 0 2.2 12 240 M M 7 1 14 230
27 88 68 78 4 0 13 0.37 0.0 0 5.2 25 310 M M 4 13 35 310
28 84 65 75 0 0 10 0.25 0.0 0 4.9 20 120 M M 3 1 29 110
29 80 59 70 -5 0 5 0.00 0.0 0 6.0 16 90 M M 2 22 90
30 73 53 63 -12 2 0 0.00 0.0 0 5.1 15 80 M M 2 1 22 90
31 77 56 67 -9 0 2 0.03 0.0 0 3.6 12 110 M M 4 1 16 110
================================================================================
SM 2432 1856 27 165 8.64 0.0 149.8 M 159
================================================================================
AV 78.5 59.9 4.8 FASTST M M 5 MAX(MPH)
MISC ----> # 25 260 39 280
================================================================================
NOTES:
# LAST OF SEVERAL OCCURRENCES
COLUMN 17 PEAK WIND IN M.P.H.
PRELIMINARY LOCAL CLIMATOLOGICAL DATA (WS FORM: F-6) , PAGE 2
STATION: DE QUEEN
MONTH: MAY
YEAR: 2021
LATITUDE: 34 2 N
LONGITUDE: 94 24 W
[TEMPERATURE DATA] [PRECIPITATION DATA] SYMBOLS USED IN COLUMN 16
AVERAGE MONTHLY: 69.2 TOTAL FOR MONTH: 8.64 1 = FOG OR MIST
DPTR FM NORMAL: -1.6 DPTR FM NORMAL: 3.57 2 = FOG REDUCING VISIBILITY
HIGHEST: 88 ON 27 GRTST 24HR 1.99 ON 18-19 TO 1/4 MILE OR LESS
LOWEST: 46 ON 5 3 = THUNDER
SNOW, ICE PELLETS, HAIL 4 = ICE PELLETS
TOTAL MONTH: 0.0 INCH 5 = HAIL
GRTST 24HR 0.0 6 = FREEZING RAIN OR DRIZZLE
GRTST DEPTH: 0 7 = DUSTSTORM OR SANDSTORM:
VSBY 1/2 MILE OR LESS
8 = SMOKE OR HAZE
[NO. OF DAYS WITH] [WEATHER - DAYS WITH] 9 = BLOWING SNOW
X = TORNADO
MAX 32 OR BELOW: 0 0.01 INCH OR MORE: 16
MAX 90 OR ABOVE: 0 0.10 INCH OR MORE: 11
MIN 32 OR BELOW: 0 0.50 INCH OR MORE: 6
MIN 0 OR BELOW: 0 1.00 INCH OR MORE: 4
[HDD (BASE 65) ]
TOTAL THIS MO. 27 CLEAR (SCALE 0-3) 10
DPTR FM NORMAL 5 PTCLDY (SCALE 4-7) 15
TOTAL FM JUL 1 2876 CLOUDY (SCALE 8-10) 6
DPTR FM NORMAL 72
[CDD (BASE 65) ]
TOTAL THIS MO. 165
DPTR FM NORMAL -38 [PRESSURE DATA]
TOTAL FM JAN 1 218 HIGHEST SLP 30.33 ON 13
DPTR FM NORMAL -52 LOWEST SLP 29.50 ON 4
[REMARKS]
#FINAL-05-21#