000
CXUS56 KOTX 010910
CF6DEW
PRELIMINARY LOCAL CLIMATOLOGICAL DATA (WS FORM: F-6)
STATION: DEER_PARK WA AIRPORT
MONTH: AUGUST
YEAR: 2022
LATITUDE: 47 58 N
LONGITUDE: 117 25 W
TEMPERATURE IN F: :PCPN: SNOW: WIND :SUNSHINE: SKY :PK WND
================================================================================
1 2 3 4 5 6A 6B 7 8 9 10 11 12 13 14 15 16 17 18
12Z AVG MX 2MIN
DY MAX MIN AVG DEP HDD CDD WTR SNW DPTH SPD SPD DIR MIN PSBL S-S WX SPD DR
================================================================================
1 99 51 75 7 0 10 0.00 M M 8.0 25 220 M M 0 32 240
2 91 54 73 5 0 8 0.00 M M 8.6 21 230 M M 0 8 29 240
3 93 50 72 4 0 7 0.00 M M 10.2 26 200 M M 0 31 210
4 82 47 65 -3 0 0 0.00 M M 12.0 26 200 M M 1 32 210
5 81 42 62 -6 3 0 0.00 M M 2.5 12 340 M M 0 14 340
6 86 42 64 -4 1 0 0.00 M M 2.9 13 260 M M 0 16 260
7 91 42 67 -1 0 2 0.00 M M 2.4 12 260 M M 0 14 260
8 96 45 71 3 0 6 0.00 M M 2.4 12 240 M M 0 15 160
9 94 53 74 7 0 9 0.00 M M 5.3 18 60 M M 1 22 60
10 93 68 81 14 0 16 0.00 M M 3.8 12 150 M M 3 18 70
11 95 58 77 10 0 12 0.00 M M 3.5 20 160 M M 0 38 25 160
12 94 57 76 9 0 11 0.03 M M 6.6 18 50 M M 1 3 23 340
13 85 50 68 2 0 3 0.00 M M 6.2 17 230 M M 1 3 24 210
14 87 44 66 0 0 1 0.00 M M 3.4 13 240 M M 0 18 290
15 91 44 68 2 0 3 0.00 M M 2.7 10 280 M M 0 15 260
16 94 47 71 5 0 6 0.00 M M 3.4 10 50 M M 0 13 50
17 99 52 76 10 0 11 0.00 M M 5.2 13 50 M M 0 17 80
18 102 59 81 16 0 16 0.00 M M 5.6 14 30 M M 0 22 80
19 94 69 82 17 0 17 0.00 M M 5.3 16 150 M M 0 19 140
20 94 62 78 13 0 13 0.00 M M 4.0 13 20 M M 0 16 10
21 95 55 75 11 0 10 0.00 M M 3.8 14 220 M M 0 18 200
22 89 49 69 5 0 4 0.00 M M 2.6 12 50 M M 0 16 190
23 91 50 71 7 0 6 0.00 M M 3.6 18 290 M M 0 23 290
24 89 55 72 8 0 7 0.00 M M 10.7 18 30 M M 0 3 24 50
25 89 59 74 11 0 9 0.10 M M 6.6 26 30 M M 2 3 34 30
26 90 52 71 8 0 6 0.00 M M 7.0 20 200 M M 2 12 24 200
27 75 49 62 -1 3 0 0.00 M M 9.0 18 300 M M 5 22 290
28 78 38 58 -4 7 0 0.00 M M 4.7 16 250 M M 0 21 250
29 86 40 63 1 2 0 0.00 M M 2.3 8 250 M M 0 15 240
30 93 47 70 8 0 5 0.00 M M 2.9 9 80 M M 0 13 30
31 101 50 76 14 0 11 0.00 M M 6.6 25 280 M M 0 3 33 290
================================================================================
SM 2817 1580 16 209 0.13 M 163.8 M 16
================================================================================
AV 90.9 51.0 5.3 FASTST M M 1 MAX(MPH)
MISC ----> # 26 200 34 30
================================================================================
NOTES:
# LAST OF SEVERAL OCCURRENCES
COLUMN 17 PEAK WIND IN M.P.H.
PRELIMINARY LOCAL CLIMATOLOGICAL DATA (WS FORM: F-6) , PAGE 2
STATION: DEER_PARK WA AIRPORT
MONTH: AUGUST
YEAR: 2022
LATITUDE: 47 58 N
LONGITUDE: 117 25 W
[TEMPERATURE DATA] [PRECIPITATION DATA] SYMBOLS USED IN COLUMN 16
AVERAGE MONTHLY: 70.9 TOTAL FOR MONTH: 0.13 1 = FOG OR MIST
DPTR FM NORMAL: 5.4 DPTR FM NORMAL: -0.60 2 = FOG REDUCING VISIBILITY
HIGHEST: 102 ON 18 GRTST 24HR 0.10 ON 25-25 TO 1/4 MILE OR LESS
LOWEST: 38 ON 28 3 = THUNDER
SNOW, ICE PELLETS, HAIL 4 = ICE PELLETS
TOTAL MONTH: M 5 = HAIL
GRTST 24HR M ON M 6 = FREEZING RAIN OR DRIZZLE
GRTST DEPTH: M ON M 7 = DUSTSTORM OR SANDSTORM:
VSBY 1/2 MILE OR LESS
8 = SMOKE OR HAZE
[NO. OF DAYS WITH] [WEATHER - DAYS WITH] 9 = BLOWING SNOW
X = TORNADO
MAX 32 OR BELOW: 0 0.01 INCH OR MORE: 2
MAX 90 OR ABOVE: 20 0.10 INCH OR MORE: 1
MIN 32 OR BELOW: 0 0.50 INCH OR MORE: 0
MIN 0 OR BELOW: 0 1.00 INCH OR MORE: 0
[HDD (BASE 65) ]
TOTAL THIS MO. 16 CLEAR (SCALE 0-3) 29
DPTR FM NORMAL -50 PTCLDY (SCALE 4-7) 2
TOTAL FM JUL 1 25 CLOUDY (SCALE 8-10) 0
DPTR FM NORMAL -99
[CDD (BASE 65) ]
TOTAL THIS MO. 209
DPTR FM NORMAL 128 [PRESSURE DATA]
TOTAL FM JAN 1 358 HIGHEST SLP M ON M
DPTR FM NORMAL 156 LOWEST SLP 29.66 ON 26
[REMARKS]
#FINAL-08-22#