000
CXUS55 KCYS 120155 CCA
CF6DGW
PRELIMINARY LOCAL CLIMATOLOGICAL DATA (WS FORM: F-6)...CORRECTED
STATION: CONVERSE CO (DOUGLAS) WY ARPT
MONTH: DECEMBER
YEAR: 2022
LATITUDE: 42 46 N
LONGITUDE: 105 22 W
TEMPERATURE IN F: :PCPN: SNOW: WIND :SUNSHINE: SKY :PK WND
================================================================================
1 2 3 4 5 6A 6B 7 8 9 10 11 12 13 14 15 16 17 18
12Z AVG MX 2MIN
DY MAX MIN AVG DEP HDD CDD WTR SNW DPTH SPD SPD DIR MIN PSBL S-S WX SPD DR
================================================================================
1 53 28 41 13 24 0 0.00 M M 10.0 29 250 M M 0 43 250
2 47 -2 23 -4 42 0 T M M 13.9 39 240 M M 4 128 57 240
3 45 2 24 -3 41 0 0.00 M M 7.6 20 270 M M 0 25 250
4 52 11 32 5 33 0 0.00 M M 6.4 22 260 M M 2 31 260
5 43 23 33 7 32 0 T M M 8.4 24 280 M M 4 32 300
6 41 21 31 5 34 0 0.00 M M 17.3 32 250 M M 0 45 260
7 47 15 31 5 34 0 0.00 M M 5.5 21 280 M M 0 30 270
8 37 13 25 -1 40 0 T M M 8.0 24 290 M M 5 1 33 300
9 44 25 35 10 30 0 0.00 M M 12.4 30 240 M M 0 41 260
10 49 9 29 4 36 0 0.00 M M 4.6 20 260 M M 0 24 250
11 57 31 44 19 21 0 0.00 M M 11.7 31 240 M M 0 45 240
12 37 15 26 1 39 0 T M M 11.5 24 340 M M 5 1 30 340
13 15 10 13 -11 52 0 M M M 20.9 32 320 M M 10 12 42 290
14 24 14 19 -5 46 0 T M M 23.4 33 320 M M 10 18 45 330
15 21 11 16 -8 49 0 T M M 21.5 32 330 M M 7 8 45 350
16 23 9 16 -8 49 0 0.00 M M 18.0 31 300 M M 4 38 300
17 26 5 16 -8 49 0 0.00 M M 8.4 25 270 M M 5 31 270
18 32 -2 15 -9 50 0 0.00 M M 4.0 16 70 M M 0 21 60
19 24 -7 9 -15 56 0 0.00 M M 5.5 16 130 M M 0 20 80
20 36 4 20 -4 45 0 0.00 M M 8.9 31 260 M M 1 40 250
21 34 -20 7 -17 58 0 T M M 21.7 33 250 M M 6 8 46 250
22 -9 -29 -19 -43 84 0 0.00 M M 14.5 30 300 M M 0 8 37 300
23 3 -19 -8 -32 73 0 0.00 M M 7.3 14 140 M M 2 18 120
24 42 -2 20 -4 45 0 0.00 M M 3.3 12 320 M M 4 16 320
25 43 16 30 6 35 0 T M M 10.8 28 300 M M 6 37 330
26 45 17 31 7 34 0 0.00 M M 5.8 20 260 M M 2 26 260
27 52 31 42 18 23 0 0.00 M M 16.0 49 240 M M 1 64 240
28 45 25 35 11 30 0 0.00 M M 14.3 31 280 M M 0 42 240
29 37 25 31 7 34 0 0.00 M M 9.5 24 260 M M 5 31 240
30 40 22 31 7 34 0 0.00 M M 11.4 30 260 M M 0 42 260
31 41 21 31 6 34 0 0.00 M M 4.6 21 300 M M 4 27 310
================================================================================
SM 1126 322 1286 0 T M 347.1 M 87
================================================================================
AV 36.3 10.4 11.2 FASTST M M 3 MAX(MPH)
MISC ----> 49 240 64 240
================================================================================
NOTES:
# LAST OF SEVERAL OCCURRENCES
COLUMN 17 PEAK WIND IN M.P.H.
PRELIMINARY LOCAL CLIMATOLOGICAL DATA (WS FORM: F-6) , PAGE 2
STATION: CONVERSE CO (DOUGLAS) WY ARPT
MONTH: DECEMBER
YEAR: 2022
LATITUDE: 42 46 N
LONGITUDE: 105 22 W
[TEMPERATURE DATA] [PRECIPITATION DATA] SYMBOLS USED IN COLUMN 16
AVERAGE MONTHLY: 23.4 TOTAL FOR MONTH: T 1 = FOG OR MIST
DPTR FM NORMAL: -1.5 DPTR FM NORMAL: -0.27 2 = FOG REDUCING VISIBILITY
HIGHEST: 57 ON 11 GRTST 24HR T ON 2- 2 TO 1/4 MILE OR LESS
LOWEST: -29 ON 22 3 = THUNDER
SNOW, ICE PELLETS, HAIL 4 = ICE PELLETS
TOTAL MONTH: M 5 = HAIL
GRTST 24HR M ON M 6 = FREEZING RAIN OR DRIZZLE
GRTST DEPTH: M ON M 7 = DUSTSTORM OR SANDSTORM:
VSBY 1/2 MILE OR LESS
8 = SMOKE OR HAZE
[NO. OF DAYS WITH] [WEATHER - DAYS WITH] 9 = BLOWING SNOW
X = TORNADO
MAX 32 OR BELOW: 9 0.01 INCH OR MORE: 0
MAX 90 OR ABOVE: 0 0.10 INCH OR MORE: 0
MIN 32 OR BELOW: 31 0.50 INCH OR MORE: 0
MIN 0 OR BELOW: 7 1.00 INCH OR MORE: 0
[HDD (BASE 65) ]
TOTAL THIS MO. 1286 CLEAR (SCALE 0-3) 17
DPTR FM NORMAL 43 PTCLDY (SCALE 4-7) 12
TOTAL FM JUL 1 3046 CLOUDY (SCALE 8-10) 2
DPTR FM NORMAL 37
[CDD (BASE 65) ]
TOTAL THIS MO. 0
DPTR FM NORMAL 0 [PRESSURE DATA]
TOTAL FM JAN 1 713 HIGHEST SLP 30.86 ON 22
DPTR FM NORMAL 201 LOWEST SLP 29.30 ON 28
[REMARKS]
ASOS PRECIPITATION DID NOT ALIGN WITH HUMAN REPORTS OF
SIGNIFICANT SNOW ON: 12/13 ENTERED PRECIPITATION AS MISSING.
MONTHLY PRECIPITATION SHOULD REMAIN MISSING.
#FINAL-12-22#