000
CXUS52 KTAE 010800
CF6DHN
PRELIMINARY LOCAL CLIMATOLOGICAL DATA (WS FORM: F-6)
STATION: DOTHAN
MONTH: JUNE
YEAR: 2020
LATITUDE: 31 19 N
LONGITUDE: 85 27 W
TEMPERATURE IN F: :PCPN: SNOW: WIND :SUNSHINE: SKY :PK WND
================================================================================
1 2 3 4 5 6A 6B 7 8 9 10 11 12 13 14 15 16 17 18
12Z AVG MX 2MIN
DY MAX MIN AVG DEP HDD CDD WTR SNW DPTH SPD SPD DIR MIN PSBL S-S WX SPD DR
================================================================================
1 91 69 80 2 0 15 0.00 0.0 0 9.4 18 120 M M 3 26 120
2 79 71 75 -3 0 10 0.31 0.0 0 5.5 16 120 M M 8 1 23 130
3 88 70 79 1 0 14 0.01 0.0 0 4.2 18 160 M M 3 138 21 150
4 89 70 80 2 0 15 0.09 0.0 0 3.9 13 130 M M 5 1 16 120
5 91 71 81 3 0 16 0.00 0.0 0 5.3 14 220 M M 1 1 20 230
6 84 73 79 0 0 14 0.03 0.0 0 8.3 20 140 M M 6 24 130
7 85 73 79 0 0 14 0.37 0.0 0 11.4 18 130 M M 9 1 26 150
8 91 77 84 5 0 19 0.19 0.0 0 12.8 24 180 M M 5 1 32 220
9 86 73 80 1 0 15 1.57 0.0 0 7.6 20 290 M M 7 138 27 290
10 92 75 84 5 0 19 0.00 0.0 0 9.7 20 210 M M 5 1 25 210
11 92 72 82 3 0 17 0.00 0.0 0 6.9 16 340 M M 3 20 340
12 91 70 81 1 0 16 0.00 0.0 0 5.6 15 90 M M 1 22 90
13 90 70 80 0 0 15 0.00 0.0 0 7.1 15 70 M M 3 20 70
14 91 71 81 1 0 16 0.00 0.0 0 6.9 15 20 M M 2 19 100
15 92 68 80 0 0 15 0.00 0.0 0 5.7 15 350 M M 2 19 330
16 85 66 76 -4 0 11 0.00 0.0 0 7.9 15 70 M M 3 21 60
17 88 62 75 -5 0 10 0.00 0.0 0 4.5 12 10 M M 2 15 10
18 91 66 79 -1 0 14 0.00 0.0 0 3.2 12 360 M M 3 8 15 10
19 95 70 83 3 0 18 0.00 0.0 0 4.6 15 160 M M 2 18 150
20 97 72 85 5 0 20 0.00 0.0 0 4.5 13 210 M M 2 17 270
21 94 72 83 2 0 18 0.00 0.0 0 7.7 17 210 M M 1 21 210
22 94 72 83 2 0 18 0.33 0.0 0 7.6 22 270 M M 3 13 28 280
23 88 71 80 -1 0 15 0.03 0.0 0 9.1 25 240 M M 2 3 35 240
24 91 73 82 1 0 17 0.20 0.0 0 6.3 24 290 M M 3 38 28 280
25 89 74 82 1 0 17 0.09 0.0 0 5.2 20 280 M M 2 18 24 250
26 90 73 82 1 0 17 T 0.0 0 3.8 17 360 M M 1 8 20 10
27 93 74 84 3 0 19 0.00 0.0 0 5.4 14 220 M M 1 8 17 220
28 95 75 85 4 0 20 0.00 0.0 0 6.8 15 270 M M 1 38 20 250
29 97 77 87 6 0 22 0.12 0.0 0 7.0 21 220 M M 2 3 27 210
30 95 75 85 4 0 20 0.02 0.0 0 7.2 26 330 M M 2 13 35 320
================================================================================
SM 2714 2145 0 486 3.36 0.0 201.1 M 93
================================================================================
AV 90.5 71.5 6.7 FASTST M M 3 MAX(MPH)
MISC ----> # 26 330 # 35 240
================================================================================
NOTES:
# LAST OF SEVERAL OCCURRENCES
COLUMN 17 PEAK WIND IN M.P.H.
PRELIMINARY LOCAL CLIMATOLOGICAL DATA (WS FORM: F-6) , PAGE 2
STATION: DOTHAN
MONTH: JUNE
YEAR: 2020
LATITUDE: 31 19 N
LONGITUDE: 85 27 W
[TEMPERATURE DATA] [PRECIPITATION DATA] SYMBOLS USED IN COLUMN 16
AVERAGE MONTHLY: 81.0 TOTAL FOR MONTH: 3.36 1 = FOG OR MIST
DPTR FM NORMAL: 1.2 DPTR FM NORMAL: -2.24 2 = FOG REDUCING VISIBILITY
HIGHEST: 97 ON 29,20 GRTST 24HR 1.57 ON 9- 9 TO 1/4 MILE OR LESS
LOWEST: 62 ON 17 3 = THUNDER
SNOW, ICE PELLETS, HAIL 4 = ICE PELLETS
TOTAL MONTH: 0.0 INCH 5 = HAIL
GRTST 24HR 0.0 6 = FREEZING RAIN OR DRIZZLE
GRTST DEPTH: 0 7 = DUSTSTORM OR SANDSTORM:
VSBY 1/2 MILE OR LESS
8 = SMOKE OR HAZE
[NO. OF DAYS WITH] [WEATHER - DAYS WITH] 9 = BLOWING SNOW
X = TORNADO
MAX 32 OR BELOW: 0 0.01 INCH OR MORE: 13
MAX 90 OR ABOVE: 20 0.10 INCH OR MORE: 7
MIN 32 OR BELOW: 0 0.50 INCH OR MORE: 1
MIN 0 OR BELOW: 0 1.00 INCH OR MORE: 1
[HDD (BASE 65) ]
TOTAL THIS MO. 0 CLEAR (SCALE 0-3) 21
DPTR FM NORMAL 0 PTCLDY (SCALE 4-7) 7
TOTAL FM JUL 1 1226 CLOUDY (SCALE 8-10) 2
DPTR FM NORMAL -620
[CDD (BASE 65) ]
TOTAL THIS MO. 486
DPTR FM NORMAL 42 [PRESSURE DATA]
TOTAL FM JAN 1 1162 HIGHEST SLP M ON M
DPTR FM NORMAL 305 LOWEST SLP 29.83 ON 7
[REMARKS]
#FINAL-06-20#