000
CXUS53 KBIS 250830
CF6DIK
PRELIMINARY LOCAL CLIMATOLOGICAL DATA (WS FORM: F-6)
STATION: DICKINSON ND
MONTH: APRIL
YEAR: 2024
LATITUDE: 46 47 N
LONGITUDE: 102 48 W
TEMPERATURE IN F: :PCPN: SNOW: WIND :SUNSHINE: SKY :PK WND
================================================================================
1 2 3 4 5 6A 6B 7 8 9 10 11 12 13 14 15 16 17 18
12Z AVG MX 2MIN
DY MAX MIN AVG DEP HDD CDD WTR SNW DPTH SPD SPD DIR MIN PSBL S-S WX SPD DR
================================================================================
1 45 28 37 0 28 0 0.00 M M 9.3 17 230 M M 6 21 220
2 52 26 39 2 26 0 0.00 M M 10.4 21 340 M M 1 30 340
3 62 23 43 5 22 0 0.00 M M 10.0 17 140 M M 0 23 160
4 60 32 46 8 19 0 0.00 M M 18.1 28 130 M M 0 36 120
5 64 38 51 13 14 0 0.00 M M 24.2 38 150 M M 0 49 150
6 61 38 50 12 15 0 T M M 18.3 32 130 M M 1 43 130
7 43 33 38 -1 27 0 M M M 9.7 18 50 M M 9 18 23 40
8 52 33 43 4 22 0 T M M 11.2 22 290 M M 9 1 28 290
9 61 33 47 8 18 0 0.00 M M 14.7 29 280 M M 2 37 270
10 49 28 39 -1 26 0 0.02 M M 19.1 40 300 M M 4 1 53 290
11 55 24 40 0 25 0 0.00 M M 12.7 29 320 M M 0 37 320
12 73 27 50 10 15 0 0.00 M M 15.1 25 180 M M 0 35 180
13 78 36 57 16 8 0 0.00 M M 9.1 23 320 M M 0 30 290
14 73 34 54 13 11 0 0.00 M M 11.9 22 130 M M 1 36 140
15 71 45 58 17 7 0 0.00 M M 21.5 39 160 M M 1 52 160
16 53 40 47 5 18 0 0.61 M M 10.9 22 300 M M 7 1 28 300
17 46 32 39 -3 26 0 0.00 M M 25.9 36 290 M M 8 46 280
18 35 25 30 -12 35 0 T M M 26.6 39 290 M M 8 49 290
19 35 20 28 -15 37 0 T M M 20.1 31 320 M M 9 44 310
20 49 26 38 -5 27 0 0.00 M M 12.0 20 320 M M 3 27 310
21 66 23 45 2 20 0 0.00 M M 12.1 28 210 M M 0 39 200
22 61 39 50 6 15 0 0.00 M M 25.6 45 300 M M 3 60 300
23 60 31 46 2 19 0 0.00 M M 11.4 23 340 M M 0 32 350
24 70 30 50 6 15 0 0.00 M M 14.6 25 140 M M 0 33 150
================================================================================
SM 1374 744 495 0 0.63 M 374.5 M 72
================================================================================
AV 57.3 31.0 15.6 FASTST M M 3 MAX(MPH)
MISC ----> 45 300 60 300
================================================================================
NOTES:
# LAST OF SEVERAL OCCURRENCES
COLUMN 17 PEAK WIND IN M.P.H.
PRELIMINARY LOCAL CLIMATOLOGICAL DATA (WS FORM: F-6) , PAGE 2
STATION: DICKINSON ND
MONTH: APRIL
YEAR: 2024
LATITUDE: 46 47 N
LONGITUDE: 102 48 W
[TEMPERATURE DATA] [PRECIPITATION DATA] SYMBOLS USED IN COLUMN 16
AVERAGE MONTHLY: 44.1 TOTAL FOR MONTH: 0.63 1 = FOG OR MIST
DPTR FM NORMAL: 3.6 DPTR FM NORMAL: -0.39 2 = FOG REDUCING VISIBILITY
HIGHEST: 78 ON 13 GRTST 24HR 0.61 ON 16-16 TO 1/4 MILE OR LESS
LOWEST: 20 ON 19 3 = THUNDER
SNOW, ICE PELLETS, HAIL 4 = ICE PELLETS
TOTAL MONTH: M 5 = HAIL
GRTST 24HR M ON M 6 = FREEZING RAIN OR DRIZZLE
GRTST DEPTH: M ON M 7 = DUSTSTORM OR SANDSTORM:
VSBY 1/2 MILE OR LESS
8 = SMOKE OR HAZE
[NO. OF DAYS WITH] [WEATHER - DAYS WITH] 9 = BLOWING SNOW
X = TORNADO
MAX 32 OR BELOW: 0 0.01 INCH OR MORE: 2
MAX 90 OR ABOVE: 0 0.10 INCH OR MORE: 1
MIN 32 OR BELOW: 14 0.50 INCH OR MORE: 1
MIN 0 OR BELOW: 0 1.00 INCH OR MORE: 0
[HDD (BASE 65) ]
TOTAL THIS MO. 495 CLEAR (SCALE 0-3) 15
DPTR FM NORMAL -92 PTCLDY (SCALE 4-7) 6
TOTAL FM JUL 1 7165 CLOUDY (SCALE 8-10) 3
DPTR FM NORMAL -682
[CDD (BASE 65) ]
TOTAL THIS MO. 0
DPTR FM NORMAL 0 [PRESSURE DATA]
TOTAL FM JAN 1 0 HIGHEST SLP M ON M
DPTR FM NORMAL 0 LOWEST SLP 29.54 ON 6
[REMARKS]