000
CXUS53 KDLH 051613
CF6DLH
PRELIMINARY LOCAL CLIMATOLOGICAL DATA (WS FORM: F-6)
STATION: DULUTH
MONTH: JANUARY
YEAR: 2022
LATITUDE: 46 49 N
LONGITUDE: 92 11 W
TEMPERATURE IN F: :PCPN: SNOW: WIND :SUNSHINE: SKY :PK WND
================================================================================
1 2 3 4 5 6A 6B 7 8 9 10 11 12 13 14 15 16 17 18
12Z AVG MX 2MIN
DY MAX MIN AVG DEP HDD CDD WTR SNW DPTH SPD SPD DIR MIN PSBL S-S WX SPD DR
================================================================================
1 -2 -23 -12 -25 77 0 T T 10 9.8 16 330 M M 0 23 320
2 3 -21 -9 -21 74 0 0.00 0.0 10 6.7 13 230 M M 2 19 230
3 14 -2 6 -6 59 0 0.00 0.0 10 7.6 16 260 M M 4 23 240
4 24 8 16 4 49 0 0.10 0.9 10 16.4 26 50 M M 10 19 37 60
5 14 -6 4 -8 61 0 0.11 3.3 11 16.2 22 360 M M 10 9 33 350
6 1 -13 -6 -18 71 0 0.00 0.0 12 10.4 16 350 M M 5 22 350
7 7 -21 -7 -19 72 0 0.03 0.3 12 8.7 16 140 M M 1 8 25 150
8 22 3 13 1 52 0 T T 12 17.1 29 300 M M 9 89 48 300
9 3 -14 -5 -16 70 0 T T 12 16.8 25 300 M M 1 89 38 290
10 -2 -18 -10 -21 75 0 0.00 0.0 11 10.2 20 310 M M 1 28 310
11 28 -2 13 2 52 0 0.00 0.0 11 12.1 24 290 M M 6 36 300
12 27 14 21 10 44 0 T T 11 4.8 13 300 M M 9 1 20 300
13 28 7 18 7 47 0 0.03 0.5 11 9.8 21 350 M M 8 1 29 330
14 16 7 12 1 53 0 0.07 6.3 12 14.7 26 100 M M 10 19 37 100
15 14 -7 4 -7 61 0 0.01 1.4 16 8.3 20 220 M M 4 18 27 220
16 24 9 17 6 48 0 0.01 0.3 14 12.7 25 210 M M 9 8 32 210
17 28 11 20 9 45 0 T T 13 8.0 17 310 M M 9 24 320
18 33 8 21 10 44 0 0.11 1.9 13 16.7 29 300 M M 10 9 43 290
19 7 -11 -2 -12 67 0 T T 12 15.1 25 320 M M 4 89 36 320
20 2 -19 -8 -18 73 0 0.00 0.0 12 8.1 14 320 M M 0 21 320
21 13 -9 2 -8 63 0 0.02 0.7 12 17.0 33 220 M M 4 9 43 200
22 19 -7 6 -4 59 0 0.02 0.6 13 13.3 25 290 M M 7 89 37 300
23 4 -15 -5 -16 70 0 0.02 1.1 13 8.0 16 330 M M 4 8 24 340
24 6 -11 -2 -13 67 0 T T 13 10.2 20 340 M M 3 8 27 340
25 -4 -19 -11 -22 76 0 0.00 0.0 13 10.6 17 310 M M 0 25 320
26 21 -18 2 -9 63 0 0.02 0.4 12 15.8 30 210 M M 5 18 40 200
27 26 -2 12 1 53 0 0.01 T 12 13.0 23 300 M M 4 189 36 310
28 10 -9 1 -10 64 0 T T 12 7.2 16 290 M M 6 20 290
29 22 1 12 1 53 0 T T 12 6.1 16 350 M M 7 8 23 340
30 19 8 14 3 51 0 T 0.1 12 7.4 18 350 M M 5 24 350
31 26 11 19 8 46 0 0.00 0.0 12 10.5 17 180 M M 4 1 22 180
================================================================================
SM 453 -160 1859 0 0.56 17.8 349.3 M 161
================================================================================
AV 14.6 -5.2 11.3 FASTST M M 5 MAX(MPH)
MISC ----> 33 220 48 300
================================================================================
NOTES:
# LAST OF SEVERAL OCCURRENCES
COLUMN 17 PEAK WIND IN M.P.H.
PRELIMINARY LOCAL CLIMATOLOGICAL DATA (WS FORM: F-6) , PAGE 2
STATION: DULUTH
MONTH: JANUARY
YEAR: 2022
LATITUDE: 46 49 N
LONGITUDE: 92 11 W
[TEMPERATURE DATA] [PRECIPITATION DATA] SYMBOLS USED IN COLUMN 16
AVERAGE MONTHLY: 4.7 TOTAL FOR MONTH: 0.56 1 = FOG OR MIST
DPTR FM NORMAL: -6.5 DPTR FM NORMAL: -0.39 2 = FOG REDUCING VISIBILITY
HIGHEST: 33 ON 18 GRTST 24HR 0.21 ON 4- 5 TO 1/4 MILE OR LESS
LOWEST: -23 ON 1 3 = THUNDER
SNOW, ICE PELLETS, HAIL 4 = ICE PELLETS
TOTAL MONTH: 17.9 INCHES 5 = HAIL
GRTST 24HR 6.3 ON 14-14 6 = FREEZING RAIN OR DRIZZLE
GRTST DEPTH: 16 ON 15 7 = DUSTSTORM OR SANDSTORM:
VSBY 1/2 MILE OR LESS
8 = SMOKE OR HAZE
[NO. OF DAYS WITH] [WEATHER - DAYS WITH] 9 = BLOWING SNOW
X = TORNADO
MAX 32 OR BELOW: 30 0.01 INCH OR MORE: 13
MAX 90 OR ABOVE: 0 0.10 INCH OR MORE: 3
MIN 32 OR BELOW: 31 0.50 INCH OR MORE: 0
MIN 0 OR BELOW: 20 1.00 INCH OR MORE: 0
[HDD (BASE 65) ]
TOTAL THIS MO. 1859 CLEAR (SCALE 0-3) 8
DPTR FM NORMAL 190 PTCLDY (SCALE 4-7) 15
TOTAL FM JUL 1 4943 CLOUDY (SCALE 8-10) 8
DPTR FM NORMAL -276
[CDD (BASE 65) ]
TOTAL THIS MO. 0
DPTR FM NORMAL 0 [PRESSURE DATA]
TOTAL FM JAN 1 0 HIGHEST SLP 30.71 ON 20
DPTR FM NORMAL 0 LOWEST SLP 29.39 ON 18
[REMARKS]
#FINAL-01-22#