000
CXUS53 KDLH 010834
CF6DLH
PRELIMINARY LOCAL CLIMATOLOGICAL DATA (WS FORM: F-6)
STATION: DULUTH
MONTH: FEBRUARY
YEAR: 2020
LATITUDE: 46 49 N
LONGITUDE: 92 11 W
TEMPERATURE IN F: :PCPN: SNOW: WIND :SUNSHINE: SKY :PK WND
================================================================================
1 2 3 4 5 6A 6B 7 8 9 10 11 12 13 14 15 16 17 18
12Z AVG MX 2MIN
DY MAX MIN AVG DEP HDD CDD WTR SNW DPTH SPD SPD DIR MIN PSBL S-S WX SPD DR
================================================================================
1 33 25 29 18 36 0 T T 26 11.9 30 270 M M 7 18 37 260
2 39 26 33 21 32 0 0.00 0.0 25 14.5 31 300 M M 7 18 45 290
3 31 5 18 6 47 0 0.00 0.0 24 13.7 22 310 M M 4 30 320
4 14 -4 5 -7 60 0 0.00 0.0 24 9.8 16 290 M M 0 23 330
5 28 0 14 2 51 0 0.00 0.0 23 12.7 21 230 M M 0 30 240
6 28 8 18 6 47 0 0.00 0.0 23 7.2 15 240 M M 3 18 21 240
7 22 9 16 3 49 0 0.04 2.9 24 6.8 14 60 M M 10 18 18 60
8 18 0 9 -4 56 0 T 0.1 26 7.7 17 240 M M 9 18 22 250
9 20 2 11 -2 54 0 T T 25 6.8 13 270 M M 4 8 16 340
10 25 3 14 1 51 0 T T 25 10.8 22 250 M M 8 128 31 230
11 25 16 21 7 44 0 T T 25 14.4 24 250 M M 8 31 260
12 25 -13 6 -8 59 0 T T 25 15.4 25 340 M M 5 189 33 360
13 0 -21 -10 -24 75 0 0.00 0.0 25 10.5 17 280 M M 0 25 350
14 15 -16 0 -15 65 0 0.00 0.0 25 13.5 25 210 M M 1 37 220
15 30 8 19 4 46 0 0.01 0.2 25 16.4 28 280 M M 6 89 35 210
16 15 -4 6 -9 59 0 0.00 0.0 24 5.1 16 300 M M 1 22 300
17 26 4 15 -1 50 0 0.12 1.7 25 7.5 17 340 M M 9 1 25 130
18 18 -3 8 -8 57 0 0.01 0.5 25 13.4 25 290 M M 5 189 36 290
19 8 -11 -1 -17 66 0 0.00 0.0 0 10.9 20 280 M M 0 24 270
20 17 -15 1 -16 64 0 0.00 0.0 25 13.3 26 260 M M 0 8 33 240
21 36 6 21 4 44 0 0.00 0.0 24 15.8 24 240 M M 0 31 240
22 42 14 28 11 37 0 0.00 0.0 23 9.2 20 240 M M 0 1 25 260
23 43 22 33 15 32 0 0.00 0.0 23 15.0 31 280 M M 1 18 41 270
24 39 20 30 12 35 0 0.00 0.0 23 8.1 14 310 M M 0 20 310
25 32 17 25 7 40 0 T T 23 6.2 16 350 M M 6 24 350
26 23 10 17 -2 48 0 T T 22 9.1 17 310 M M 5 22 300
27 19 1 10 -9 55 0 0.00 0.0 21 6.8 16 350 M M 2 22 320
28 22 -3 10 -10 55 0 0.00 0.0 21 8.8 17 310 M M 0 25 340
29 30 6 18 -2 47 0 0.00 0.0 21 8.5 15 210 M M 1 18 20 210
================================================================================
SM 723 112 1461 0 0.18 5.4 309.8 M 102
================================================================================
AV 24.9 3.9 10.7 FASTST M M 4 MAX(MPH)
MISC ----> # 31 300 # 45 290
================================================================================
NOTES:
# LAST OF SEVERAL OCCURRENCES
COLUMN 17 PEAK WIND IN M.P.H.
PRELIMINARY LOCAL CLIMATOLOGICAL DATA (WS FORM: F-6) , PAGE 2
STATION: DULUTH
MONTH: FEBRUARY
YEAR: 2020
LATITUDE: 46 49 N
LONGITUDE: 92 11 W
[TEMPERATURE DATA] [PRECIPITATION DATA] SYMBOLS USED IN COLUMN 16
AVERAGE MONTHLY: 14.4 TOTAL FOR MONTH: 0.18 1 = FOG OR MIST
DPTR FM NORMAL: -0.7 DPTR FM NORMAL: -0.63 2 = FOG REDUCING VISIBILITY
HIGHEST: 43 ON 23 GRTST 24HR 0.12 ON 17-17 TO 1/4 MILE OR LESS
LOWEST: -21 ON 13 3 = THUNDER
SNOW, ICE PELLETS, HAIL 4 = ICE PELLETS
TOTAL MONTH: 5.4 INCHES 5 = HAIL
GRTST 24HR 2.9 ON 7- 7 6 = FREEZING RAIN OR DRIZZLE
GRTST DEPTH: 26 ON 8, 1 7 = DUSTSTORM OR SANDSTORM:
VSBY 1/2 MILE OR LESS
8 = SMOKE OR HAZE
[NO. OF DAYS WITH] [WEATHER - DAYS WITH] 9 = BLOWING SNOW
X = TORNADO
MAX 32 OR BELOW: 23 0.01 INCH OR MORE: 4
MAX 90 OR ABOVE: 0 0.10 INCH OR MORE: 1
MIN 32 OR BELOW: 29 0.50 INCH OR MORE: 0
MIN 0 OR BELOW: 11 1.00 INCH OR MORE: 0
[HDD (BASE 65) ]
TOTAL THIS MO. 1461 CLEAR (SCALE 0-3) 15
DPTR FM NORMAL 62 PTCLDY (SCALE 4-7) 11
TOTAL FM JUL 1 6441 CLOUDY (SCALE 8-10) 3
DPTR FM NORMAL -471
[CDD (BASE 65) ]
TOTAL THIS MO. 0
DPTR FM NORMAL 0 [PRESSURE DATA]
TOTAL FM JAN 1 0 HIGHEST SLP 30.73 ON 20
DPTR FM NORMAL 0 LOWEST SLP 29.24 ON 2
[REMARKS]
#FINAL-02-20#