000
CXUS53 KEAX 010736
CF6DMO
PRELIMINARY LOCAL CLIMATOLOGICAL DATA (WS FORM: F-6)
STATION: SEDALIA MO
MONTH: MARCH
YEAR: 2023
LATITUDE: 38 42 N
LONGITUDE: 93 6 W
TEMPERATURE IN F: :PCPN: SNOW: WIND :SUNSHINE: SKY :PK WND
================================================================================
1 2 3 4 5 6A 6B 7 8 9 10 11 12 13 14 15 16 17 18
12Z AVG MX 2MIN
DY MAX MIN AVG DEP HDD CDD WTR SNW DPTH SPD SPD DIR MIN PSBL S-S WX SPD DR
================================================================================
1 61 40 51 12 14 0 0.00 M M 9.8 25 350 M M 0 31 340
2 54 31 43 3 22 0 0.03 M M 10.5 18 40 M M 4 24 50
3 50 38 44 4 21 0 0.22 M M 12.1 22 350 M M 7 1 27 350
4 61 37 49 9 16 0 0.00 M M 7.5 16 280 M M 2 8 21 250
5 71 38 55 14 10 0 0.00 M M 13.6 28 170 M M 2 39 170
6 66 40 53 12 12 0 0.00 M M 13.0 22 360 M M 0 28 280
7 52 38 45 3 20 0 0.48 M M 13.0 26 120 M M 8 1 35 110
8 45 41 43 1 22 0 0.04 M M 9.9 20 100 M M 10 1 29 100
9 43 39 41 -1 24 0 0.18 M M 7.2 17 310 M M 10 1 24 310
10 41 34 38 -5 27 0 0.00 M M 8.1 20 330 M M 8 26 320
11 41 33 37 -6 28 0 0.28 M M 11.1 23 120 M M 8 1 30 130
12 48 31 40 -4 25 0 0.00 M M 13.2 25 310 M M 8 1 34 310
13 33 27 30 -14 35 0 0.00 M M 11.5 22 350 M M 10 26 340
14 49 29 39 -5 26 0 0.00 M M 5.5 9 140 M M 4 15 140
15 65 32 49 4 16 0 0.00 M M 15.6 26 180 M M 1 34 160
16 61 33 47 2 18 0 0.56 M M 18.6 30 310 M M 9 1 41 320
17 41 26 34 -11 31 0 T M M 14.5 29 320 M M 4 40 330
18 29 18 24 -22 41 0 0.00 M M 15.1 24 320 M M 6 35 300
19 42 18 30 -16 35 0 0.00 M M 8.2 15 220 M M 0 31 260
20 62 30 46 0 19 0 0.00 M M 15.9 29 210 M M 1 8 40 220
21 50 40 45 -2 20 0 0.45 M M 12.0 21 170 M M 10 18 26 160
22 74 45 60 13 5 0 0.05 M M 9.2 20 170 M M 9 138 27 220
23 53 42 48 1 17 0 0.00 M M 12.1 17 20 M M 9 12 24 360
24 47 40 44 -4 21 0 0.06 M M 11.5 20 70 M M 10 1 28 60
25 61 39 50 2 15 0 T M M 8.4 18 310 M M 5 18 26 310
26 55 38 47 -1 18 0 0.15 M M 10.2 21 330 M M 5 12 28 250
27 54 34 44 -5 21 0 0.00 M M 7.3 17 350 M M 4 21 350
28 50 36 43 -6 22 0 0.05 M M 7.6 17 320 M M 6 22 320
29 61 30 46 -3 19 0 0.00 M M 6.4 14 180 M M 0 18 180
30 70 38 54 4 11 0 0.04 M M 14.3 30 180 M M 5 44 200
31 80 56 68 18 0 3 0.03 M M 18.9 38 230 M M 4 3 60 260
================================================================================
SM 1670 1091 631 3 2.62 M 351.8 M 169
================================================================================
AV 53.9 35.2 11.3 FASTST M M 5 MAX(MPH)
MISC ----> 38 230 60 260
================================================================================
NOTES:
# LAST OF SEVERAL OCCURRENCES
COLUMN 17 PEAK WIND IN M.P.H.
PRELIMINARY LOCAL CLIMATOLOGICAL DATA (WS FORM: F-6) , PAGE 2
STATION: SEDALIA MO
MONTH: MARCH
YEAR: 2023
LATITUDE: 38 42 N
LONGITUDE: 93 6 W
[TEMPERATURE DATA] [PRECIPITATION DATA] SYMBOLS USED IN COLUMN 16
AVERAGE MONTHLY: 44.5 TOTAL FOR MONTH: 2.62 1 = FOG OR MIST
DPTR FM NORMAL: -0.3 DPTR FM NORMAL: 0.13 2 = FOG REDUCING VISIBILITY
HIGHEST: 80 ON 31 GRTST 24HR 0.56 ON 16-16 TO 1/4 MILE OR LESS
LOWEST: 18 ON 19,18 3 = THUNDER
SNOW, ICE PELLETS, HAIL 4 = ICE PELLETS
TOTAL MONTH: M 5 = HAIL
GRTST 24HR M ON M 6 = FREEZING RAIN OR DRIZZLE
GRTST DEPTH: M ON M 7 = DUSTSTORM OR SANDSTORM:
VSBY 1/2 MILE OR LESS
8 = SMOKE OR HAZE
[NO. OF DAYS WITH] [WEATHER - DAYS WITH] 9 = BLOWING SNOW
X = TORNADO
MAX 32 OR BELOW: 1 0.01 INCH OR MORE: 14
MAX 90 OR ABOVE: 0 0.10 INCH OR MORE: 7
MIN 32 OR BELOW: 10 0.50 INCH OR MORE: 1
MIN 0 OR BELOW: 0 1.00 INCH OR MORE: 0
[HDD (BASE 65) ]
TOTAL THIS MO. 631 CLEAR (SCALE 0-3) 8
DPTR FM NORMAL 3 PTCLDY (SCALE 4-7) 14
TOTAL FM JUL 1 3975 CLOUDY (SCALE 8-10) 9
DPTR FM NORMAL -522
[CDD (BASE 65) ]
TOTAL THIS MO. 3
DPTR FM NORMAL 0 [PRESSURE DATA]
TOTAL FM JAN 1 3 HIGHEST SLP M ON M
DPTR FM NORMAL 0 LOWEST SLP 29.35 ON 31
[REMARKS]
#FINAL-03-23#