000
CXUS54 KEWX 051854
CF6DRT
PRELIMINARY LOCAL CLIMATOLOGICAL DATA (WS FORM: F-6)
STATION: DEL RIO
MONTH: JUNE
YEAR: 2022
LATITUDE: 29 22 N
LONGITUDE: 100 55 W
TEMPERATURE IN F: :PCPN: SNOW: WIND :SUNSHINE: SKY :PK WND
================================================================================
1 2 3 4 5 6A 6B 7 8 9 10 11 12 13 14 15 16 17 18
12Z AVG MX 2MIN
DY MAX MIN AVG DEP HDD CDD WTR SNW DPTH SPD SPD DIR MIN PSBL S-S WX SPD DR
================================================================================
1 97 78 88 4 0 23 0.04 0.0 0 13.9 23 150 M M 5 36 150
2 97 77 87 3 0 22 0.00 0.0 0 10.8 18 130 M M 4 27 100
3 99 78 89 5 0 24 0.00 0.0 0 10.6 17 90 M M 1 26 120
4 101 70 86 2 0 21 0.00 0.0 0 11.1 41 340 M M 1 8 61 350
5 107 78 93 9 0 28 0.00 0.0 0 11.0 20 150 M M 0 28 160
6 110 76 93 9 0 28 0.00 0.0 0 10.8 17 110 M M 0 27 130
7 103 76 90 6 0 25 0.00 0.0 0 11.7 20 110 M M 2 8 29 100
8 104 75 90 5 0 25 0.00 0.0 0 13.0 21 100 M M 1 8 30 110
9 100 78 89 4 0 24 0.00 0.0 0 10.7 18 150 M M 2 28 160
10 103 80 92 7 0 27 0.00 0.0 0 10.3 18 150 M M 1 8 29 130
11 106 80 93 8 0 28 0.00 0.0 0 9.2 21 150 M M 0 26 140
12 106 78 92 7 0 27 0.00 0.0 0 12.6 23 150 M M 0 31 160
13 105 80 93 8 0 28 0.00 0.0 0 16.2 28 150 M M 0 42 130
14 100 78 89 4 0 24 0.00 0.0 0 16.1 25 140 M M 0 38 150
15 101 78 90 5 0 25 0.00 0.0 0 15.6 29 150 M M 2 41 160
16 103 78 91 5 0 26 0.00 0.0 0 15.4 26 150 M M 2 36 140
17 100 75 88 2 0 23 0.00 0.0 0 11.5 21 130 M M 0 34 120
18 99 77 88 2 0 23 0.00 0.0 0 12.1 23 150 M M 1 30 130
19 100 78 89 3 0 24 0.00 0.0 0 12.1 22 150 M M 1 34 140
20 101 78 90 4 0 25 0.00 0.0 0 14.4 25 150 M M 0 8 35 130
21 101 78 90 4 0 25 0.00 0.0 0 13.0 23 120 M M 1 34 120
22 99 78 89 3 0 24 0.00 0.0 0 10.0 20 140 M M 3 36 140
23 102 78 90 4 0 25 0.00 0.0 0 10.0 21 160 M M 0 29 130
24 104 79 92 6 0 27 0.00 0.0 0 10.7 21 150 M M 0 31 150
25 103 78 91 5 0 26 0.00 0.0 0 11.5 20 160 M M 0 27 150
26 101 78 90 4 0 25 0.00 0.0 0 10.2 20 130 M M 0 32 100
27 102 78 90 4 0 25 0.00 0.0 0 9.6 25 90 M M 1 42 70
28 98 75 87 1 0 22 T 0.0 0 8.3 30 100 M M 2 8 43 80
29 100 75 88 2 0 23 0.20 0.0 0 5.8 25 10 M M 1 3 41 20
30 101 76 89 3 0 24 0.00 0.0 0 8.4 15 160 M M 1 22 160
================================================================================
SM 3053 2319 0 746 0.24 0.0 346.6 M 32
================================================================================
AV101.8 77.3 11.6 FASTST M M 1 MAX(MPH)
MISC ----> 41 340 61 350
================================================================================
NOTES:
# LAST OF SEVERAL OCCURRENCES
COLUMN 17 PEAK WIND IN M.P.H.
PRELIMINARY LOCAL CLIMATOLOGICAL DATA (WS FORM: F-6) , PAGE 2
STATION: DEL RIO
MONTH: JUNE
YEAR: 2022
LATITUDE: 29 22 N
LONGITUDE: 100 55 W
[TEMPERATURE DATA] [PRECIPITATION DATA] SYMBOLS USED IN COLUMN 16
AVERAGE MONTHLY: 89.5 TOTAL FOR MONTH: 0.24 1 = FOG OR MIST
DPTR FM NORMAL: 4.3 DPTR FM NORMAL: -2.08 2 = FOG REDUCING VISIBILITY
HIGHEST: 110 ON 6 GRTST 24HR 0.20 ON 29-29 TO 1/4 MILE OR LESS
LOWEST: 70 ON 4 3 = THUNDER
SNOW, ICE PELLETS, HAIL 4 = ICE PELLETS
TOTAL MONTH: 0.0 INCH 5 = HAIL
GRTST 24HR 0.0 6 = FREEZING RAIN OR DRIZZLE
GRTST DEPTH: 0 7 = DUSTSTORM OR SANDSTORM:
VSBY 1/2 MILE OR LESS
8 = SMOKE OR HAZE
[NO. OF DAYS WITH] [WEATHER - DAYS WITH] 9 = BLOWING SNOW
X = TORNADO
MAX 32 OR BELOW: 0 0.01 INCH OR MORE: 2
MAX 90 OR ABOVE: 30 0.10 INCH OR MORE: 1
MIN 32 OR BELOW: 0 0.50 INCH OR MORE: 0
MIN 0 OR BELOW: 0 1.00 INCH OR MORE: 0
[HDD (BASE 65) ]
TOTAL THIS MO. 0 CLEAR (SCALE 0-3) 28
DPTR FM NORMAL 0 PTCLDY (SCALE 4-7) 2
TOTAL FM JUL 1 773 CLOUDY (SCALE 8-10) 0
DPTR FM NORMAL -478
[CDD (BASE 65) ]
TOTAL THIS MO. 746
DPTR FM NORMAL 139 [PRESSURE DATA]
TOTAL FM JAN 1 1903 HIGHEST SLP 30.14 ON 28
DPTR FM NORMAL 453 LOWEST SLP 29.51 ON 6
[REMARKS]
#FINAL-06-22#