000
CXUS53 KFGF 010815
CF6DVL
PRELIMINARY LOCAL CLIMATOLOGICAL DATA (WS FORM: F-6)
STATION: DEVILS LAKE ND
MONTH: MARCH
YEAR: 2021
LATITUDE: 48 7 N
LONGITUDE: 98 54 W
TEMPERATURE IN F: :PCPN: SNOW: WIND :SUNSHINE: SKY :PK WND
================================================================================
1 2 3 4 5 6A 6B 7 8 9 10 11 12 13 14 15 16 17 18
12Z AVG MX 2MIN
DY MAX MIN AVG DEP HDD CDD WTR SNW DPTH SPD SPD DIR MIN PSBL S-S WX SPD DR
================================================================================
1 31 -12 10 -8 55 0 M M M 11.9 20 180 M M 2 25 160
2 45 28 37 19 28 0 M M M 14.7 23 220 M M 0 30 220
3 40 23 32 13 33 0 T M M 8.6 14 120 M M 1 18 M M
4 50 24 37 18 28 0 M M M 5.4 9 80 M M 0 1 M M
5 46 26 36 16 29 0 M M M 9.8 14 120 M M 0 M M
6 48 26 37 17 28 0 M M M 12.1 20 140 M M 0 1 37 150
7 52 31 42 21 23 0 M M M 19.1 29 290 M M 0 37 140
8 57 24 41 20 24 0 M M M 7.3 12 120 M M 1 M M
9 46 30 38 16 27 0 M M M 11.8 22 330 M M 5 27 330
10 35 24 30 8 35 0 M M M 13.2 20 360 M M 4 20 10
11 32 13 23 0 42 0 T M M 13.4 22 290 M M 4 25 290
12 50 9 30 7 35 0 M M M 9.3 16 200 M M 0 M M
13 55 27 41 17 24 0 0.00 M M M M M M M M M M
14 44 24 34 10 31 0 M M M 11.2 18 100 M M 0 20 140
15 37 25 31 6 34 0 T M M 11.2 18 170 M M 5 23 150
16 33 28 31 6 34 0 T M M 5.3 10 160 M M 10 1 M M
17 43 24 34 8 31 0 T M M 5.4 13 40 M M 7 1 M M
18 50 14 32 6 33 0 M M M 6.3 15 190 M M 0 25 190
19 58 30 44 17 21 0 0.00 M M 17.3 23 180 M M 0 35 180
20 62 30 46 18 19 0 M M M 11.4 17 180 M M 0 23 180
21 58 30 44 16 21 0 T M M 9.6 18 290 M M 4 28 300
22 52 17 35 6 30 0 M M M 8.5 16 160 M M 2 M M
23 54 23 39 10 26 0 T M M 12.4 26 10 M M 8 31 10
24 40 17 29 -1 36 0 M M M 12.2 20 10 M M 4 25 360
25 53 20 37 6 28 0 M M M 13.4 21 150 M M 3 28 150
26 46 29 38 7 27 0 M M 0 11.3 20 170 M M 6 28 180
27 42 19 31 -1 34 0 M M M 10.7 22 340 M M 4 33 340
28 52 12 32 0 33 0 M M M 12.5 24 170 M M 2 32 180
29 68 27 48 15 17 0 T M M 21.7 46 260 M M 2 58 260
30 28 17 23 -11 42 0 T M M 31.0 46 290 M M 10 60 270
31 31 12 22 -12 43 0 T M M 9.2 18 330 M M 5 17 330
================================================================================
SM 1438 671 951 0 T M 357.2 M 89
================================================================================
AV 46.4 21.6 11.9 FASTST M M 3 MAX(MPH)
MISC ----> # 46 260 60 270
================================================================================
NOTES:
# LAST OF SEVERAL OCCURRENCES
COLUMN 17 PEAK WIND IN M.P.H.
PRELIMINARY LOCAL CLIMATOLOGICAL DATA (WS FORM: F-6) , PAGE 2
STATION: DEVILS LAKE ND
MONTH: MARCH
YEAR: 2021
LATITUDE: 48 7 N
LONGITUDE: 98 54 W
[TEMPERATURE DATA] [PRECIPITATION DATA] SYMBOLS USED IN COLUMN 16
AVERAGE MONTHLY: 34.0 TOTAL FOR MONTH: T 1 = FOG OR MIST
DPTR FM NORMAL: 8.4 DPTR FM NORMAL: -0.84 2 = FOG REDUCING VISIBILITY
HIGHEST: 68 ON 29 GRTST 24HR T ON 3- 3 TO 1/4 MILE OR LESS
LOWEST: -12 ON 1 3 = THUNDER
SNOW, ICE PELLETS, HAIL 4 = ICE PELLETS
TOTAL MONTH: M 5 = HAIL
GRTST 24HR M ON M 6 = FREEZING RAIN OR DRIZZLE
GRTST DEPTH: 0 7 = DUSTSTORM OR SANDSTORM:
VSBY 1/2 MILE OR LESS
8 = SMOKE OR HAZE
[NO. OF DAYS WITH] [WEATHER - DAYS WITH] 9 = BLOWING SNOW
X = TORNADO
MAX 32 OR BELOW: 4 0.01 INCH OR MORE: 0
MAX 90 OR ABOVE: 0 0.10 INCH OR MORE: 0
MIN 32 OR BELOW: 31 0.50 INCH OR MORE: 0
MIN 0 OR BELOW: 1 1.00 INCH OR MORE: 0
[HDD (BASE 65) ]
TOTAL THIS MO. 951 CLEAR (SCALE 0-3) 17
DPTR FM NORMAL -270 PTCLDY (SCALE 4-7) 11
TOTAL FM JUL 1 7615 CLOUDY (SCALE 8-10) 3
DPTR FM NORMAL -579
[CDD (BASE 65) ]
TOTAL THIS MO. 0
DPTR FM NORMAL 0 [PRESSURE DATA]
TOTAL FM JAN 1 0 HIGHEST SLP M ON M
DPTR FM NORMAL 0 LOWEST SLP M ON M
[REMARKS]
#FINAL-03-21#