000
CXUS55 KDVN 011003
CF6DVN
PRELIMINARY LOCAL CLIMATOLOGICAL DATA (WS FORM: F-6)
STATION: DAVENPORT IA
MONTH: MARCH
YEAR: 2021
LATITUDE: 41 37 N
LONGITUDE: 90 35 W
TEMPERATURE IN F: :PCPN: SNOW: WIND :SUNSHINE: SKY :PK WND
================================================================================
1 2 3 4 5 6A 6B 7 8 9 10 11 12 13 14 15 16 17 18
12Z AVG MX 2MIN
DY MAX MIN AVG DEP HDD CDD WTR SNW DPTH SPD SPD DIR MIN PSBL S-S WX SPD DR
================================================================================
1 32 19 26 -5 39 0 0.00 0.0 3 8.1 17 290 M M 0 23 290
2 46 15 31 -1 34 0 0.00 0.0 3 10.7 20 190 M M 0 25 190
3 46 31 39 7 26 0 0.00 0.0 1 6.1 16 200 M M 0 1 23 200
4 40 27 34 1 31 0 0.00 0.0 T 9.8 17 70 M M 1 18 23 70
5 43 23 33 0 32 0 0.00 0.0 T 4.2 10 70 M M 3 12 60
6 51 32 42 8 23 0 0.00 0.0 T 5.6 10 50 M M 4 18 50
7 61 31 46 12 19 0 0.00 0.0 0 11.6 20 180 M M 0 26 180
8 64 43 54 19 11 0 0.00 0.0 0 10.8 22 240 M M 3 26 240
9 69 43 56 21 9 0 0.00 0.0 0 15.2 30 160 M M 0 39 160
10 69 51 60 24 5 0 0.08 0.0 0 21.4 35 180 M M 6 49 200
11 51 32 42 6 23 0 0.00 0.0 0 11.8 24 280 M M 3 35 290
12 52 29 41 5 24 0 0.00 0.0 0 4.8 16 10 M M 0 20 10
13 60 29 45 8 20 0 0.00 0.0 0 5.2 13 120 M M 0 16 160
14 49 36 43 6 22 0 0.00 0.0 0 15.7 26 70 M M 6 37 90
15 38 30 34 -4 31 0 0.81 1.8 0 17.8 29 90 M M 10 1246 42 70
16 36 31 34 -4 31 0 0.00 0.0 2 5.9 12 80 M M 10 1 14 40
17 35 33 34 -5 31 0 0.24 0.0 T 14.4 28 40 M M 10 12 35 40
18 53 34 44 5 21 0 T 0.0 0 21.9 36 40 M M 5 48 30
19 51 28 40 0 25 0 0.00 0.0 0 8.9 16 90 M M 0 22 80
20 59 27 43 3 22 0 0.00 0.0 0 10.1 17 150 M M 0 23 150
21 66 39 53 13 12 0 0.00 0.0 0 16.2 29 180 M M 0 37 180
22 61 49 55 14 10 0 T 0.0 0 10.6 22 180 M M 4 31 180
23 56 47 52 11 13 0 0.52 0.0 0 11.8 21 200 M M 8 1 29 200
24 53 43 48 6 17 0 0.03 0.0 0 16.4 29 250 M M 10 1 41 240
25 47 41 44 2 21 0 0.24 0.0 0 9.2 20 40 M M 10 1 25 40
26 50 41 46 3 19 0 T 0.0 0 4.7 12 350 M M 9 18 15 360
27 61 42 52 9 13 0 0.23 0.0 0 12.3 29 290 M M 8 1 38 300
28 46 29 38 -5 27 0 0.00 0.0 0 16.5 32 290 M M 4 40 300
29 70 30 50 6 15 0 0.00 0.0 0 22.9 38 180 M M 1 8 51 180
30 56 35 46 2 19 0 0.00 0.0 0 17.5 29 180 M M 3 41 180
31 40 27 34 -11 31 0 0.00 0.0 0 17.1 30 300 M M 3 42 290
================================================================================
SM 1611 1047 676 0 2.15 1.8 375.2 M 121
================================================================================
AV 52.0 33.8 12.1 FASTST M M 4 MAX(MPH)
MISC ----> 38 180 51 180
================================================================================
NOTES:
# LAST OF SEVERAL OCCURRENCES
COLUMN 17 PEAK WIND IN M.P.H.
PRELIMINARY LOCAL CLIMATOLOGICAL DATA (WS FORM: F-6) , PAGE 2
STATION: DAVENPORT IA
MONTH: MARCH
YEAR: 2021
LATITUDE: 41 37 N
LONGITUDE: 90 35 W
[TEMPERATURE DATA] [PRECIPITATION DATA] SYMBOLS USED IN COLUMN 16
AVERAGE MONTHLY: 42.9 TOTAL FOR MONTH: 2.15 1 = FOG OR MIST
DPTR FM NORMAL: 4.7 DPTR FM NORMAL: -0.37 2 = FOG REDUCING VISIBILITY
HIGHEST: 70 ON 29 GRTST 24HR 0.81 ON 15-15 TO 1/4 MILE OR LESS
LOWEST: 15 ON 2 3 = THUNDER
SNOW, ICE PELLETS, HAIL 4 = ICE PELLETS
TOTAL MONTH: 1.8 INCHES 5 = HAIL
GRTST 24HR 1.8 ON 15-15 6 = FREEZING RAIN OR DRIZZLE
GRTST DEPTH: 5 ON M 7 = DUSTSTORM OR SANDSTORM:
VSBY 1/2 MILE OR LESS
8 = SMOKE OR HAZE
[NO. OF DAYS WITH] [WEATHER - DAYS WITH] 9 = BLOWING SNOW
X = TORNADO
MAX 32 OR BELOW: 1 0.01 INCH OR MORE: 7
MAX 90 OR ABOVE: 0 0.10 INCH OR MORE: 5
MIN 32 OR BELOW: 17 0.50 INCH OR MORE: 2
MIN 0 OR BELOW: 0 1.00 INCH OR MORE: 0
[HDD (BASE 65) ]
TOTAL THIS MO. 676 CLEAR (SCALE 0-3) 15
DPTR FM NORMAL -157 PTCLDY (SCALE 4-7) 9
TOTAL FM JUL 1 5634 CLOUDY (SCALE 8-10) 7
DPTR FM NORMAL -224
[CDD (BASE 65) ]
TOTAL THIS MO. 0
DPTR FM NORMAL 0 [PRESSURE DATA]
TOTAL FM JAN 1 0 HIGHEST SLP 30.56 ON 19
DPTR FM NORMAL 0 LOWEST SLP 29.53 ON 23
[REMARKS]
#FINAL-03-21#