000
CXUS53 KGID 010831
CF6EAR
PRELIMINARY LOCAL CLIMATOLOGICAL DATA (WS FORM: F-6)
STATION: KEARNEY NE
MONTH: APRIL
YEAR: 2022
LATITUDE: 40 43 N
LONGITUDE: 99 0 W
TEMPERATURE IN F: :PCPN: SNOW: WIND :SUNSHINE: SKY :PK WND
================================================================================
1 2 3 4 5 6A 6B 7 8 9 10 11 12 13 14 15 16 17 18
12Z AVG MX 2MIN
DY MAX MIN AVG DEP HDD CDD WTR SNW DPTH SPD SPD DIR MIN PSBL S-S WX SPD DR
================================================================================
1 63 22 43 -1 22 0 0.00 M M 14.2 29 140 M M 2 37 170
2 64 29 47 2 18 0 0.00 M M 9.3 14 360 M M 2 16 10
3 63 36 50 5 15 0 0.00 M M 10.7 20 300 M M 0 25 300
4 65 26 46 1 19 0 0.00 M M 13.6 25 180 M M 0 31 190
5 60 37 49 3 16 0 T M M 16.1 28 330 M M 4 36 330
6 51 35 43 -3 22 0 T M M 22.8 36 300 M M 6 51 340
7 46 36 41 -5 24 0 0.01 M M 26.4 43 330 M M 7 8 62 340
8 55 29 42 -4 23 0 0.00 M M 18.5 28 350 M M 0 40 350
9 76 25 51 4 14 0 0.00 M M 14.0 31 170 M M 0 37 170
10 63 38 51 4 14 0 0.00 M M 17.4 25 330 M M 1 8 38 330
11 65 29 47 0 18 0 0.00 M M 11.2 22 130 M M 1 30 180
12 89 38 64 16 1 0 0.00 M M 26.5 37 310 M M 2 53 300
13 48 23 36 -12 29 0 0.00 M M 18.8 29 300 M M 1 39 300
14 57 24 41 -7 24 0 0.00 M M 16.3 29 300 M M 1 38 280
15 49 20 35 -13 30 0 0.00 M M 13.3 22 30 M M 0 30 20
16 51 21 36 -13 29 0 0.00 M M 12.3 20 10 M M 2 20 20
17 67 39 53 4 12 0 T M M 12.8 27 360 M M 6 40 360
18 57 32 45 -4 20 0 0.00 M M 11.6 18 360 M M 3 30 10
19 65 32 49 -1 16 0 0.00 M M 24.4 37 160 M M 1 48 170
20 71 44 58 8 7 0 0.00 M M 11.8 20 340 M M 3 31 340
21 77 38 58 8 7 0 0.27 M M 16.3 35 130 M M 4 13 48 120
22 89 57 73 23 0 8 0.00 M M 28.0 40 170 M M 5 8 58 170
23 70 45 58 7 7 0 0.07 M M 28.0 36 170 M M 2 56 160
24 56 36 46 -5 19 0 0.00 M M 20.5 28 280 M M 3 40 310
25 58 28 43 -8 22 0 0.00 M M 12.0 23 330 M M 0 32 340
26 73 30 52 0 13 0 0.00 M M 17.6 29 190 M M 0 41 200
27 78 51 65 13 0 0 0.00 M M 14.0 22 180 M M 0 30 170
28 84 48 66 14 0 1 0.00 M M 11.1 23 170 M M 1 24 150
29 77 50 64 11 1 0 1.19 M M 14.4 18 140 M M 7 13 24 140
30 57 42 50 -3 15 0 0.24 M M 17.1 30 310 M M 8 43 310
================================================================================
SM 1944 1040 457 9 1.78 M 501.0 M 72
================================================================================
AV 64.8 34.7 16.7 FASTST M M 2 MAX(MPH)
MISC ----> 43 330 62 340
================================================================================
NOTES:
# LAST OF SEVERAL OCCURRENCES
COLUMN 17 PEAK WIND IN M.P.H.
PRELIMINARY LOCAL CLIMATOLOGICAL DATA (WS FORM: F-6) , PAGE 2
STATION: KEARNEY NE
MONTH: APRIL
YEAR: 2022
LATITUDE: 40 43 N
LONGITUDE: 99 0 W
[TEMPERATURE DATA] [PRECIPITATION DATA] SYMBOLS USED IN COLUMN 16
AVERAGE MONTHLY: 49.7 TOTAL FOR MONTH: 1.78 1 = FOG OR MIST
DPTR FM NORMAL: 1.1 DPTR FM NORMAL: -0.90 2 = FOG REDUCING VISIBILITY
HIGHEST: 89 ON 22,12 GRTST 24HR 1.43 ON 29-30 TO 1/4 MILE OR LESS
LOWEST: 20 ON 15 3 = THUNDER
SNOW, ICE PELLETS, HAIL 4 = ICE PELLETS
TOTAL MONTH: M 5 = HAIL
GRTST 24HR M ON M 6 = FREEZING RAIN OR DRIZZLE
GRTST DEPTH: M ON M 7 = DUSTSTORM OR SANDSTORM:
VSBY 1/2 MILE OR LESS
8 = SMOKE OR HAZE
[NO. OF DAYS WITH] [WEATHER - DAYS WITH] 9 = BLOWING SNOW
X = TORNADO
MAX 32 OR BELOW: 0 0.01 INCH OR MORE: 5
MAX 90 OR ABOVE: 0 0.10 INCH OR MORE: 3
MIN 32 OR BELOW: 14 0.50 INCH OR MORE: 1
MIN 0 OR BELOW: 0 1.00 INCH OR MORE: 1
[HDD (BASE 65) ]
TOTAL THIS MO. 457 CLEAR (SCALE 0-3) 19
DPTR FM NORMAL -39 PTCLDY (SCALE 4-7) 11
TOTAL FM JUL 1 5358 CLOUDY (SCALE 8-10) 0
DPTR FM NORMAL -904
[CDD (BASE 65) ]
TOTAL THIS MO. 9
DPTR FM NORMAL 2 [PRESSURE DATA]
TOTAL FM JAN 1 9 HIGHEST SLP 30.48 ON 18
DPTR FM NORMAL 2 LOWEST SLP 29.10 ON 12
[REMARKS]
#FINAL-04-22#