000
CXUS53 KGID 011351 RRA
CF6EAR
PRELIMINARY LOCAL CLIMATOLOGICAL DATA (WS FORM: F-6)
STATION: KEARNEY NE
MONTH: FEBRUARY
YEAR: 2022
LATITUDE: 40 43 N
LONGITUDE: 99 0 W
TEMPERATURE IN F: :PCPN: SNOW: WIND :SUNSHINE: SKY :PK WND
================================================================================
1 2 3 4 5 6A 6B 7 8 9 10 11 12 13 14 15 16 17 18
12Z AVG MX 2MIN
DY MAX MIN AVG DEP HDD CDD WTR SNW DPTH SPD SPD DIR MIN PSBL S-S WX SPD DR
================================================================================
1 37 17 27 1 38 0 0.00 M M 17.4 25 360 M M 2 33 10
2 17 6 12 -14 53 0 0.00 M M 19.2 24 30 M M 7 30 10
3 20 -4 8 -18 57 0 0.00 M M 7.9 13 220 M M 1 M M
4 38 8 23 -3 42 0 0.00 M M 9.2 18 350 M M 1 M M
5 57 15 36 10 29 0 0.00 M M 7.8 14 220 M M 0 M M
6 44 26 35 9 30 0 0.00 M M 14.5 36 350 M M 1 46 360
7 59 29 44 18 21 0 0.00 M M 10.7 15 300 M M 2 20 290
8 58 32 45 18 20 0 0.00 M M 14.8 27 320 M M 0 37 340
9 54 30 42 15 23 0 0.00 M M 12.4 24 340 M M 3 35 340
10 62 21 42 15 23 0 0.00 M M 12.5 23 240 M M 2 35 250
11 53 13 33 6 32 0 0.00 M M 21.0 35 350 M M 3 47 350
12 41 8 25 -2 40 0 0.00 M M 8.8 16 260 M M 3 27 310
13 43 10 27 0 38 0 0.00 M M 11.0 17 210 M M 1 22 190
14 47 24 36 8 29 0 0.00 M M 8.6 15 10 M M 0 17 130
15 53 18 36 8 29 0 0.00 M M 9.2 18 180 M M 0 M M
16 38 23 31 3 34 0 0.00 M M 21.8 31 360 M M 5 38 360
17 34 12 23 -5 42 0 0.00 M M 15.0 28 360 M M 3 38 10
18 59 25 42 13 23 0 0.00 M M 15.7 25 310 M M 1 33 30
19 46 15 31 2 34 0 0.00 M M 15.6 27 190 M M 3 38 180
20 64 29 47 18 18 0 0.00 M M 10.9 20 10 M M 0 M M
21 32 2 17 -13 48 0 T M M 20.4 30 360 M M 7 41 360
22 12 -3 5 -25 60 0 T M M 24.7 30 350 M M 8 1 43 350
23 15 -4 6 -24 59 0 0.00 M M 13.1 20 350 M M 4 23 60
24 20 -4 8 -22 57 0 T M M 9.0 15 350 M M 5 17 350
25 35 -7 14 -17 51 0 0.00 M M 7.2 15 210 M M 0 M M
26 47 12 30 -1 35 0 0.00 M M 9.2 15 230 M M 0 20 230
27 59 13 36 4 29 0 0.00 M M 9.1 18 260 M M 0 20 260
28 67 23 45 13 20 0 0.00 M M 7.2 13 230 M M 0 M M
================================================================================
SM 1211 389 1014 0 T M 363.9 M 62
================================================================================
AV 43.3 13.9 13.0 FASTST M M 2 MAX(MPH)
MISC ----> 36 350 M M
================================================================================
NOTES:
# LAST OF SEVERAL OCCURRENCES
COLUMN 17 PEAK WIND IN M.P.H.
PRELIMINARY LOCAL CLIMATOLOGICAL DATA (WS FORM: F-6) , PAGE 2
STATION: KEARNEY NE
MONTH: FEBRUARY
YEAR: 2022
LATITUDE: 40 43 N
LONGITUDE: 99 0 W
[TEMPERATURE DATA] [PRECIPITATION DATA] SYMBOLS USED IN COLUMN 16
AVERAGE MONTHLY: 28.6 TOTAL FOR MONTH: T 1 = FOG OR MIST
DPTR FM NORMAL: 0.5 DPTR FM NORMAL: -0.59 2 = FOG REDUCING VISIBILITY
HIGHEST: 67 ON 28 GRTST 24HR T ON 21-21 TO 1/4 MILE OR LESS
LOWEST: -7 ON 25 3 = THUNDER
SNOW, ICE PELLETS, HAIL 4 = ICE PELLETS
TOTAL MONTH: M 5 = HAIL
GRTST 24HR M ON M 6 = FREEZING RAIN OR DRIZZLE
GRTST DEPTH: M ON M 7 = DUSTSTORM OR SANDSTORM:
VSBY 1/2 MILE OR LESS
8 = SMOKE OR HAZE
[NO. OF DAYS WITH] [WEATHER - DAYS WITH] 9 = BLOWING SNOW
X = TORNADO
MAX 32 OR BELOW: 6 0.01 INCH OR MORE: 0
MAX 90 OR ABOVE: 0 0.10 INCH OR MORE: 0
MIN 32 OR BELOW: 28 0.50 INCH OR MORE: 0
MIN 0 OR BELOW: 5 1.00 INCH OR MORE: 0
[HDD (BASE 65) ]
TOTAL THIS MO. 1014 CLEAR (SCALE 0-3) 21
DPTR FM NORMAL -18 PTCLDY (SCALE 4-7) 7
TOTAL FM JUL 1 4121 CLOUDY (SCALE 8-10) 0
DPTR FM NORMAL -798
[CDD (BASE 65) ]
TOTAL THIS MO. 0
DPTR FM NORMAL 0 [PRESSURE DATA]
TOTAL FM JAN 1 0 HIGHEST SLP 30.76 ON 23
DPTR FM NORMAL 0 LOWEST SLP 29.60 ON 21
[REMARKS]
#FINAL-02-22#