413
CXUS53 KGID 011132
CF6EAR
PRELIMINARY LOCAL CLIMATOLOGICAL DATA (WS FORM: F-6)
STATION: KEARNEY
MONTH: MARCH
YEAR: 2021
LATITUDE: 40 43 N
LONGITUDE: 99 0 W
TEMPERATURE IN F: :PCPN: SNOW: WIND :SUNSHINE: SKY :PK WND
================================================================================
1 2 3 4 5 6A 6B 7 8 9 10 11 12 13 14 15 16 17 18
12Z AVG MX 2MIN
DY MAX MIN AVG DEP HDD CDD WTR SNW DPTH SPD SPD DIR MIN PSBL S-S WX SPD DR
================================================================================
1 50 25 38 6 27 0 0.00 M M 9.5 15 230 M M 0 M M
2 67 28 48 15 17 0 0.00 M M 11.8 21 220 M M 0 27 220
3 67 27 47 14 18 0 0.00 M M 6.4 10 140 M M 0 M M
4 68 29 49 16 16 0 0.00 M M 9.6 20 130 M M 0 24 130
5 60 29 45 11 20 0 0.00 M M 6.9 12 120 M M 1 12 M M
6 71 32 52 18 13 0 0.00 M M 13.0 22 180 M M 0 30 200
7 68 39 54 20 11 0 0.00 M M 13.7 25 210 M M 0 32 200
8 70 34 52 17 13 0 0.00 M M 14.4 27 180 M M 0 35 170
9 76 42 59 24 6 0 0.00 M M 11.6 16 170 M M 0 M M
10 57 31 44 8 21 0 T M M 13.6 20 300 M M 6 30 300
11 53 25 39 3 26 0 0.00 M M 7.7 13 330 M M 0 M M
12 53 25 39 3 26 0 0.00 M M 11.0 20 130 M M 4 28 120
13 42 38 40 3 25 0 2.73 M M 16.7 30 50 M M 10 13 37 50
14 42 39 41 4 24 0 1.85 M M 27.7 41 80 M M 10 1 53 80
15 44 37 41 4 24 0 0.09 M M 9.8 15 90 M M 10 1 M M
16 47 34 41 3 24 0 T M M 9.7 17 360 M M 10 1 M M
17 39 32 36 -2 29 0 0.00 M M 19.9 28 360 M M 9 36 10
18 47 29 38 0 27 0 0.00 M M 14.7 20 350 M M 7 25 350
19 55 23 39 0 26 0 0.00 M M 10.4 20 170 M M 0 24 170
20 66 35 51 12 14 0 0.00 M M 21.3 31 160 M M 0 41 170
21 61 43 52 12 13 0 0.00 M M 17.6 31 190 M M 2 44 190
22 46 35 41 1 24 0 1.31 M M 13.1 23 20 M M 10 1 30 40
23 44 37 41 1 24 0 0.62 M M 22.8 30 340 M M 10 1 39 340
24 48 36 42 1 23 0 0.00 M M 15.0 30 350 M M 5 40 360
25 51 35 43 2 22 0 0.00 M M 7.1 12 150 M M 6 M M
26 53 34 44 3 21 0 0.19 M M 12.9 22 130 M M 4 1 22 140
27 56 33 45 3 20 0 0.00 M M 11.7 20 340 M M 6 1 31 310
28 70 31 51 9 14 0 0.00 M M 10.1 17 240 M M 0 28 240
29 79 41 60 18 5 0 0.00 M M 17.2 37 360 M M 0 58 10
30 50 31 41 -2 24 0 0.00 M M 13.9 31 360 M M 3 50 360
31 50 21 36 -7 29 0 0.00 M M 9.1 22 360 M M 2 27 320
================================================================================
SM 1750 1010 626 0 6.79 M 409.9 M 115
================================================================================
AV 56.5 32.6 13.2 FASTST M M 4 MAX(MPH)
MISC ----> 41 80 M M
================================================================================
NOTES:
# LAST OF SEVERAL OCCURRENCES
COLUMN 17 PEAK WIND IN M.P.H.
PRELIMINARY LOCAL CLIMATOLOGICAL DATA (WS FORM: F-6) , PAGE 2
STATION: KEARNEY
MONTH: MARCH
YEAR: 2021
LATITUDE: 40 43 N
LONGITUDE: 99 0 W
[TEMPERATURE DATA] [PRECIPITATION DATA] SYMBOLS USED IN COLUMN 16
AVERAGE MONTHLY: 44.5 TOTAL FOR MONTH: 6.79 1 = FOG OR MIST
DPTR FM NORMAL: 6.8 DPTR FM NORMAL: 5.00 2 = FOG REDUCING VISIBILITY
HIGHEST: 79 ON 29 GRTST 24HR 4.22 ON 13-14 TO 1/4 MILE OR LESS
LOWEST: 21 ON 31 3 = THUNDER
SNOW, ICE PELLETS, HAIL 4 = ICE PELLETS
TOTAL MONTH: M 5 = HAIL
GRTST 24HR M ON M 6 = FREEZING RAIN OR DRIZZLE
GRTST DEPTH: M ON M 7 = DUSTSTORM OR SANDSTORM:
VSBY 1/2 MILE OR LESS
8 = SMOKE OR HAZE
[NO. OF DAYS WITH] [WEATHER - DAYS WITH] 9 = BLOWING SNOW
X = TORNADO
MAX 32 OR BELOW: 0 0.01 INCH OR MORE: 6
MAX 90 OR ABOVE: 0 0.10 INCH OR MORE: 5
MIN 32 OR BELOW: 15 0.50 INCH OR MORE: 4
MIN 0 OR BELOW: 0 1.00 INCH OR MORE: 3
[HDD (BASE 65) ]
TOTAL THIS MO. 626 CLEAR (SCALE 0-3) 17
DPTR FM NORMAL -220 PTCLDY (SCALE 4-7) 7
TOTAL FM JUL 1 5339 CLOUDY (SCALE 8-10) 7
DPTR FM NORMAL -433
[CDD (BASE 65) ]
TOTAL THIS MO. 0
DPTR FM NORMAL 0 [PRESSURE DATA]
TOTAL FM JAN 1 0 HIGHEST SLP M ON M
DPTR FM NORMAL 0 LOWEST SLP M ON M
[REMARKS]
#FINAL-03-21#