000
CXUS53 KMPX 152048
CF6EAU
PRELIMINARY LOCAL CLIMATOLOGICAL DATA (WS FORM: F-6)
STATION: EAU CLAIRE WI
MONTH: NOVEMBER
YEAR: 2022
LATITUDE: 44 52 N
LONGITUDE: 91 29 W
TEMPERATURE IN F: :PCPN: SNOW: WIND :SUNSHINE: SKY :PK WND
================================================================================
1 2 3 4 5 6A 6B 7 8 9 10 11 12 13 14 15 16 17 18
12Z AVG MX 2MIN
DY MAX MIN AVG DEP HDD CDD WTR SNW DPTH SPD SPD DIR MIN PSBL S-S WX SPD DR
================================================================================
1 71 31 51 11 14 0 0.00 0.0 0 2.7 12 190 M M 0 1 15 210
2 75 48 62 22 3 0 0.00 0.0 0 10.6 22 180 M M 0 30 160
3 66 55 61 22 4 0 T 0.0 0 8.8 25 190 M M 6 18 34 180
4 68 40 54 15 11 0 0.08 0.0 0 7.7 26 210 M M 10 1 36 210
5 42 37 40 2 25 0 0.52 0.0 0 7.6 14 240 M M 9 1 20 240
6 53 37 45 7 20 0 0.01 0.0 0 13.2 33 240 M M 3 51 250
7 38 28 33 -5 32 0 0.00 0.0 0 7.4 20 280 M M 1 28 290
8 53 36 45 8 20 0 0.25 0.0 0 12.5 23 120 M M 3 138 31 150
9 68 45 57 21 8 0 0.53 0.0 0 8.1 22 200 M M 9 13 30 200
10 69 32 51 15 14 0 0.36 0.0 0 13.3 24 250 M M 10 1 35 260
11 32 25 29 -7 36 0 0.01 0.1 0 11.6 21 260 M M 10 18 30 250
12 34 27 31 -4 34 0 T T 0 9.6 17 340 M M 10 25 350
13 28 18 23 -12 42 0 0.00 0.0 0 3.1 9 270 M M 7 12 280
14 30 17 24 -10 41 0 0.08 1.1 0 6.4 13 130 M M 9 128 17 120
15 34 30 32 -2 33 0 0.14 0.8 1 5.3 14 110 M M 10 18 19 100
16 33 25 29 -4 36 0 0.07 0.2 1 4.6 16 270 M M 10 18 22 260
17 27 19 23 -10 42 0 0.09 1.2 T 8.5 18 290 M M 9 18 24 270
18 23 16 20 -12 45 0 T T 2 11.6 20 250 M M 8 8 28 240
19 21 8 15 -17 50 0 0.09 1.1 1 13.2 24 320 M M 7 18 36 310
20 30 6 18 -13 47 0 T T 1 6.2 15 180 M M 2 8 20 190
21 34 12 23 -8 42 0 0.00 0.0 1 5.7 13 310 M M 0 18 17 290
22 39 10 25 -5 40 0 0.00 0.0 1 1.3 9 200 M M 2 18 14 220
23 49 14 32 2 33 0 0.00 0.0 T 1.6 8 140 M M 0 18 12 150
24 42 23 33 4 32 0 0.00 0.0 0 4.6 14 290 M M 4 18 20 290
25 49 26 38 9 27 0 0.00 0.0 0 6.8 14 220 M M 0 1 20 250
26 57 28 43 15 22 0 0.00 0.0 0 7.9 20 220 M M 0 1 30 240
27 42 19 31 3 34 0 0.00 0.0 0 6.1 14 330 M M 0 19 360
28 41 15 28 1 37 0 0.00 0.0 0 7.0 18 160 M M 1 1 25 160
29 34 20 27 0 38 0 0.21 2.7 0 9.7 23 280 M M 8 128 34 300
30 23 11 17 -9 48 0 T T 3 14.7 25 280 M M 7 38 260
================================================================================
SM 1305 758 910 0 2.44 7.2 237.4 M 155
================================================================================
AV 43.5 25.3 7.9 FASTST M M 5 MAX(MPH)
MISC ----> 33 240 51 250
================================================================================
NOTES:
# LAST OF SEVERAL OCCURRENCES
COLUMN 17 PEAK WIND IN M.P.H.
PRELIMINARY LOCAL CLIMATOLOGICAL DATA (WS FORM: F-6) , PAGE 2
STATION: EAU CLAIRE WI
MONTH: NOVEMBER
YEAR: 2022
LATITUDE: 44 52 N
LONGITUDE: 91 29 W
[TEMPERATURE DATA] [PRECIPITATION DATA] SYMBOLS USED IN COLUMN 16
AVERAGE MONTHLY: 34.4 TOTAL FOR MONTH: 2.44 1 = FOG OR MIST
DPTR FM NORMAL: 1.0 DPTR FM NORMAL: 0.65 2 = FOG REDUCING VISIBILITY
HIGHEST: 75 ON 2 GRTST 24HR 0.78 ON 8- 9 TO 1/4 MILE OR LESS
LOWEST: 6 ON 20 3 = THUNDER
SNOW, ICE PELLETS, HAIL 4 = ICE PELLETS
TOTAL MONTH: 7.2 INCHES 5 = HAIL
GRTST 24HR 2.7 ON 29-29 6 = FREEZING RAIN OR DRIZZLE
GRTST DEPTH: 3 ON 30 7 = DUSTSTORM OR SANDSTORM:
VSBY 1/2 MILE OR LESS
8 = SMOKE OR HAZE
[NO. OF DAYS WITH] [WEATHER - DAYS WITH] 9 = BLOWING SNOW
X = TORNADO
MAX 32 OR BELOW: 8 0.01 INCH OR MORE: 13
MAX 90 OR ABOVE: 0 0.10 INCH OR MORE: 6
MIN 32 OR BELOW: 23 0.50 INCH OR MORE: 2
MIN 0 OR BELOW: 0 1.00 INCH OR MORE: 0
[HDD (BASE 65) ]
TOTAL THIS MO. 910 CLEAR (SCALE 0-3) 13
DPTR FM NORMAL -40 PTCLDY (SCALE 4-7) 7
TOTAL FM JUL 1 1587 CLOUDY (SCALE 8-10) 10
DPTR FM NORMAL -128
[CDD (BASE 65) ]
TOTAL THIS MO. 0
DPTR FM NORMAL 0 [PRESSURE DATA]
TOTAL FM JAN 1 636 HIGHEST SLP 30.65 ON 8
DPTR FM NORMAL 69 LOWEST SLP 29.25 ON 5
[REMARKS]
#FINAL-11-22#
THE PRECIPITATION VALUES ON NOVEMBER 11...15-17...19
AND 29 ARE FROM THE 8 INCH DIAMETER RAIN GAUGE AT
THE SNOW OBSERVING SITE.