188
CXUS53 KMPX 052119
CLAEAU
CLIMATE REPORT
NATIONAL WEATHER SERVICE TWIN CITIES/CHANHASSEN MN
319 PM CST TUE JAN 05 2021
...................................
...THE EAU CLAIRE WI CLIMATE SUMMARY FOR THE YEAR OF 2020...
CLIMATE NORMAL PERIOD 1981 TO 2010
CLIMATE RECORD PERIOD 1893 TO 2020
WEATHER OBSERVED NORMAL DEPART LAST YEAR`S
VALUE DATE(S) VALUE FROM VALUE
NORMAL
..............................................................
TEMPERATURE (F)
RECORD
HIGH 111 07/14/1936
07/13/1936
LOW -45 01/30/1951
HIGHEST 93 07/05
LOWEST -16 02/14
MEAN 45.8 44.8 1.0
DAYS MAX >= 90 11 10.0 1.0
DAYS MAX <= 32 54 70.2 -16.2
DAYS MIN <= 32 179 161.4 17.6
DAYS MIN <= 0 14 28.5 -14.5
PRECIPITATION (INCHES)
RECORD
MAXIMUM 53.27 1938
MINIMUM 15.83 1894
TOTALS 29.68 30.98 -1.30
DAYS >= .01 111 122.8 -11.8
DAYS >= .10 60 63.8 -3.8
DAYS >= .50 19 18.7 0.3
DAYS >= 1.00 7 5.7 1.3
GREATEST
DAILY TOTAL 2.69
SNOWFALL (INCHES)
RECORDS
TOTAL 116.4 2019
TOTALS 45.9 46.8 -0.9
SINCE 7/1 13.0 15.8 -2.8
DAYS >= TRACE 72 37.0 35.0
DAYS >= 1.0 13 14.7 -1.7
GREATEST
SNOW DEPTH 15 01/23
DAILY TOTAL 7.7
DEGREE DAYS
HEATING TOTAL 7559 7959 -400
SINCE 7/1 3009 3177 -168
COOLING TOTAL 672 579 93
SINCE 1/1 672 579 93
..............................................................
WIND (MPH)
HIGHEST WIND SPEED/DIRECTION 45/320 DATE 04/20
HIGHEST GUST SPEED/DIRECTION 63/330 DATE 04/20
- INDICATES NEGATIVE NUMBERS.
R INDICATES RECORD WAS SET OR TIED.
MM INDICATES DATA IS MISSING.
T INDICATES TRACE AMOUNT.
$$
MARGRAF