000
CXUS53 KEAX 010836
CF6EAX
PRELIMINARY LOCAL CLIMATOLOGICAL DATA (WS FORM: F-6)
STATION: PLEASANT HILL NWS MO
MONTH: DECEMBER
YEAR: 2023
LATITUDE: 38 48 N
LONGITUDE: 94 16 W
TEMPERATURE IN F: :PCPN: SNOW: WIND :SUNSHINE: SKY :PK WND
================================================================================
1 2 3 4 5 6A 6B 7 8 9 10 11 12 13 14 15 16 17 18
12Z AVG MX 2MIN
DY MAX MIN AVG DEP HDD CDD WTR SNW DPTH SPD SPD DIR MIN PSBL S-S WX SPD DR
================================================================================
1 46 35 41 3 24 0 0.49 0.0 0 M M M M M M M M
2 38 29 34 -4 31 0 0.11 0.0 0 M M M M M M M M
3 47 32 40 2 25 0 0.02 0.0 0 M M M M M M M M
4 51 34 43 6 22 0 T 0.0 0 M M M M M M M M
5 49 28 39 2 26 0 0.00 0.0 0 M M M M M M M M
6 52 25 39 2 26 0 0.00 0.0 0 M M M M M M M M
7 66 44 55 19 10 0 0.00 0.0 0 M M M M M M M M
8 59 44 52 16 13 0 0.37 0.0 0 M M M M M M 1 M M
9 47 33 40 4 25 0 T 0.0 0 M M M M M M M M
10 44 26 35 0 30 0 0.00 0.0 0 M M M M M M M M
11 51 30 41 6 24 0 0.00 0.0 0 M M M M M M M M
12 46 34 40 5 25 0 0.00 0.0 0 M M M M M M M M
13 51 32 42 8 23 0 0.00 0.0 0 M M M M M M M M
14 55 34 45 11 20 0 0.00 0.0 0 M M M M M M M M
15 51 43 47 13 18 0 0.54 0.0 0 M M M M M M 1 M M
16 45 38 42 8 23 0 0.17 0.0 0 M M M M M M 1 M M
17 54 31 43 10 22 0 0.00 0.0 0 M M M M M M M M
18 39 25 32 -1 33 0 0.00 0.0 0 M M M M M M M M
19 46 21 34 1 31 0 0.00 0.0 0 M M M M M M M M
20 58 36 47 14 18 0 0.00 0.0 0 M M M M M M M M
21 59 49 54 22 11 0 0.01 0.0 0 M M M M M M M M
22 54 51 53 21 12 0 0.25 0.0 0 M M M M M M M M
23 57 48 53 21 12 0 T 0.0 0 M M M M M M M M
24 56 53 55 23 10 0 1.27 0.0 0 M M M M M M M M
25 54 31 43 11 22 0 0.37 0.0 0 M M M M M M M M
26 36 31 34 2 31 0 0.05 T 0 M M M M M M M M
27 35 30 33 2 32 0 0.15 1.1 T M M M M M M 1 M M
28 41 32 37 6 28 0 0.01 T 0 M M M M M M M M
29 43 31 37 6 28 0 0.00 0.0 0 M M M M M M M M
30 47 27 37 6 28 0 0.00 0.0 0 M M M M M M M M
31 36 29 33 2 32 0 T 0.0 0 M M M M M M M M
================================================================================
SM 1513 1066 715 0 3.81 1.1 M M M
================================================================================
AV 48.8 34.4 M FASTST M M M MAX(MPH)
MISC ----> M M M M
================================================================================
NOTES:
# LAST OF SEVERAL OCCURRENCES
COLUMN 17 PEAK WIND IN M.P.H.
PRELIMINARY LOCAL CLIMATOLOGICAL DATA (WS FORM: F-6) , PAGE 2
STATION: PLEASANT HILL NWS MO
MONTH: DECEMBER
YEAR: 2023
LATITUDE: 38 48 N
LONGITUDE: 94 16 W
[TEMPERATURE DATA] [PRECIPITATION DATA] SYMBOLS USED IN COLUMN 16
AVERAGE MONTHLY: 41.6 TOTAL FOR MONTH: 3.81 1 = FOG OR MIST
DPTR FM NORMAL: 7.7 DPTR FM NORMAL: 1.95 2 = FOG REDUCING VISIBILITY
HIGHEST: 66 ON 7 GRTST 24HR 1.27 ON 24-24 TO 1/4 MILE OR LESS
LOWEST: 21 ON 19 3 = THUNDER
SNOW, ICE PELLETS, HAIL 4 = ICE PELLETS
TOTAL MONTH: 1.1 INCHES 5 = HAIL
GRTST 24HR 1.1 ON 27-27 6 = FREEZING RAIN OR DRIZZLE
GRTST DEPTH: T 7 = DUSTSTORM OR SANDSTORM:
VSBY 1/2 MILE OR LESS
8 = SMOKE OR HAZE
[NO. OF DAYS WITH] [WEATHER - DAYS WITH] 9 = BLOWING SNOW
X = TORNADO
MAX 32 OR BELOW: 0 0.01 INCH OR MORE: 13
MAX 90 OR ABOVE: 0 0.10 INCH OR MORE: 9
MIN 32 OR BELOW: 17 0.50 INCH OR MORE: 2
MIN 0 OR BELOW: 0 1.00 INCH OR MORE: 1
[HDD (BASE 65) ]
TOTAL THIS MO. 715 CLEAR (SCALE 0-3) 0
DPTR FM NORMAL -247 PTCLDY (SCALE 4-7) 0
TOTAL FM JUL 1 1525 CLOUDY (SCALE 8-10) 31
DPTR FM NORMAL -383
[CDD (BASE 65) ]
TOTAL THIS MO. 0
DPTR FM NORMAL 0 [PRESSURE DATA]
TOTAL FM JAN 1 1533 HIGHEST SLP M ON M
DPTR FM NORMAL 146 LOWEST SLP M ON M
[REMARKS]
#FINAL-12-23#