000
CXUS52 KAKQ 030106
CLMECG
CLIMATE REPORT
NATIONAL WEATHER SERVICE WAKEFIELD VA
906 PM EDT SUN APR 02 2023
...................................
...THE ELIZABETH CITY NC CLIMATE SUMMARY FOR THE MONTH OF MARCH 2023...
CLIMATE NORMAL PERIOD: 1991 TO 2020
CLIMATE RECORD PERIOD: 1934 TO 2023
WEATHER OBSERVED NORMAL DEPART LAST YEAR`S
VALUE DATE(S) VALUE FROM VALUE DATE(S)
NORMAL
................................................................
TEMPERATURE (F)
RECORD
HIGH 92 03/17/1945
LOW 11 03/14/1993
HIGHEST 86 03/24 80 6 83 03/07
LOWEST 24 03/21 25 -1 22 03/13
AVG. MAXIMUM 63.5 61.3 2.2 65.9
AVG. MINIMUM 41.9 40.5 1.4 44.9
MEAN 52.7 50.9 1.8 55.4
DAYS MAX >= 90 0 0.0 0.0 0
DAYS MAX <= 32 0 0.0 0.0 0
DAYS MIN <= 32 7 6.5 0.5 4
DAYS MIN <= 0 0 0.0 0.0 0
PRECIPITATION (INCHES)
RECORD
MAXIMUM 8.61 2002
MINIMUM 0.75 2007
TOTALS 2.10 3.59 -1.49 4.33
DAILY AVG. 0.07 0.12 -0.05 0.14
DAYS >= .01 11 10.5 0.5 10
DAYS >= .10 8 6.8 1.2 8
DAYS >= .50 0 2.7 -2.7 4
DAYS >= 1.00 0 0.6 -0.6 1
GREATEST
24 HR. TOTAL 0.55 03/12 TO 03/13
SNOWFALL (INCHES)
RECORDS
TOTAL 18.0 1980
TOTALS 0.0
SINCE 7/1 0.0 MM MM MM
SNOWDEPTH AVG. 0 0
DAYS >= 1.0 0 MM MM 0
GREATEST
SNOW DEPTH 0 0 MM
24 HR TOTAL 0.0 MM
DEGREE DAYS
HEATING TOTAL 383 446 -63 316
SINCE 7/1 2346 2805 -459 MM
COOLING TOTAL 8 9 -1 28
SINCE 1/1 26 12 14 MM
................................................................
WIND (MPH)
AVERAGE WIND SPEED 10.3
HIGHEST WIND SPEED/DIRECTION 30/230 DATE 03/17
HIGHEST GUST SPEED/DIRECTION 42/310 DATE 03/11
SKY COVER
POSSIBLE SUNSHINE (PERCENT) MM
AVERAGE SKY COVER 0.31
AVERAGE RH (PERCENT) 67
WEATHER CONDITIONS. NUMBER OF DAYS WITH
THUNDERSTORM 0 MIXED PRECIP 0
HEAVY RAIN 4 RAIN 8
LIGHT RAIN 15 FREEZING RAIN 0
LT FREEZING RAIN 0 HAIL 0
HEAVY SNOW 0 SNOW 0
LIGHT SNOW 0 SLEET 0
FOG 12 FOG W/VIS <= 1/4 MILE 0
HAZE 1
- INDICATES NEGATIVE NUMBERS.
R INDICATES RECORD WAS SET OR TIED.
MM INDICATES DATA IS MISSING.
T INDICATES TRACE AMOUNT.
$$