000
CXUS52 KAKQ 021819
CLMECG
CLIMATE REPORT
NATIONAL WEATHER SERVICE WAKEFIELD VA
219 PM EDT MON OCT 02 2023
...................................
...THE ELIZABETH CITY NC CLIMATE SUMMARY FOR THE MONTH OF SEPTEMBER 2023...
CLIMATE NORMAL PERIOD: 1991 TO 2020
CLIMATE RECORD PERIOD: 1934 TO 2023
WEATHER OBSERVED NORMAL DEPART LAST YEAR`S
VALUE DATE(S) VALUE FROM VALUE DATE(S)
NORMAL
................................................................
TEMPERATURE (F)
RECORD
HIGH 98 09/08/1985
09/06/1954
09/04/1944
LOW 40 09/27/1943
HIGHEST 96 09/06 92 4 92 09/22
LOWEST 53 09/16 52 1 46 09/24
AVG. MAXIMUM 82.9 81.8 1.1 83.3
AVG. MINIMUM 64.8 64.9 -0.1 63.7
MEAN 73.8 73.4 0.4 73.5
DAYS MAX >= 90 5 3.0 2.0 1
DAYS MAX <= 32 0 0.0 0.0 0
DAYS MIN <= 32 0 0.0 0.0 0
DAYS MIN <= 0 0 0.0 0.0 0
PRECIPITATION (INCHES)
RECORD
MAXIMUM 14.55 1979
MINIMUM 0.07 1978
TOTALS 3.87 4.52 -0.65 4.49
DAILY AVG. 0.13 0.15 -0.02 0.15
DAYS >= .01 9 9.8 -0.8 7
DAYS >= .10 4 6.3 -2.3 4
DAYS >= .50 1 2.7 -1.7 1
DAYS >= 1.00 1 1.4 -0.4 1
GREATEST
24 HR. TOTAL 3.21 09/22 TO 09/23
DEGREE DAYS
HEATING TOTAL 0 8 -8 11
SINCE 7/1 0 5 -5 MM
COOLING TOTAL 271 258 13 272
SINCE 1/1 1652 1674 -22 MM
................................................................
WIND (MPH)
AVERAGE WIND SPEED 8.4
HIGHEST WIND SPEED/DIRECTION 37/050 DATE 09/22
HIGHEST GUST SPEED/DIRECTION 51/120 DATE 09/09
SKY COVER
POSSIBLE SUNSHINE (PERCENT) MM
AVERAGE SKY COVER 0.38
AVERAGE RH (PERCENT) 75
WEATHER CONDITIONS. NUMBER OF DAYS WITH
THUNDERSTORM 1 MIXED PRECIP 0
HEAVY RAIN 4 RAIN 3
LIGHT RAIN 13 FREEZING RAIN 0
LT FREEZING RAIN 0 HAIL 0
HEAVY SNOW 0 SNOW 0
LIGHT SNOW 0 SLEET 0
FOG 21 FOG W/VIS <= 1/4 MILE 1
HAZE 4
- INDICATES NEGATIVE NUMBERS.
R INDICATES RECORD WAS SET OR TIED.
MM INDICATES DATA IS MISSING.
T INDICATES TRACE AMOUNT.
$$