156
CXUS55 KVEF 010910
CF6EED
PRELIMINARY LOCAL CLIMATOLOGICAL DATA (WS FORM: F-6)
STATION: NEEDLES CA
MONTH: JULY
YEAR: 2020
LATITUDE: 34 46 N
LONGITUDE: 114 37 W
TEMPERATURE IN F: :PCPN: SNOW: WIND :SUNSHINE: SKY :PK WND
================================================================================
1 2 3 4 5 6A 6B 7 8 9 10 11 12 13 14 15 16 17 18
12Z AVG MX 2MIN
DY MAX MIN AVG DEP HDD CDD WTR SNW DPTH SPD SPD DIR MIN PSBL S-S WX SPD DR
================================================================================
1 103 77 90 -5 0 25 0.00 M M 7.7 21 210 M M 0 29 190
2 106 80 93 -2 0 28 0.00 M M 10.0 24 200 M M 0 34 170
3 108 82 95 -1 0 30 0.00 M M 7.9 21 170 M M 0 26 170
4 111 83 97 1 0 32 0.00 M M 7.5 17 210 M M 0 22 200
5 113 81 97 1 0 32 0.00 M M 6.6 20 160 M M 0 26 260
6 112 82 97 1 0 32 0.00 M M 6.2 20 200 M M 0 26 190
7 114 83 99 3 0 34 0.00 M M 10.1 30 230 M M 0 38 260
8 111 83 97 1 0 32 0.00 M M 9.2 23 220 M M 0 33 230
9 112 80 96 0 0 31 0.00 M M 8.3 22 200 M M 0 28 190
10 114 84 99 2 0 34 0.00 M M 7.6 18 190 M M 0 23 190
11 120 89 105 8 0 40 0.00 M M 7.0 17 250 M M 1 23 250
12 121 91 106 9 0 41 0.00 M M 7.3 25 140 M M 1 36 150
13 118 95 107 10 0 42 0.00 M M 12.4 26 230 M M 2 35 180
14 113 88 101 4 0 36 0.00 M M 8.5 22 170 M M 0 29 160
15 111 84 98 1 0 33 0.00 M M 8.9 21 190 M M 0 28 150
16 113 82 98 1 0 33 0.00 M M 7.0 21 210 M M 1 26 220
17 111 89 100 3 0 35 0.00 M M 9.2 18 190 M M 0 22 200
18 114 87 101 4 0 36 0.00 M M 7.0 16 230 M M 2 20 270
19 115 87 101 4 0 36 T M M 5.4 15 280 M M 1 19 270
20 113 88 101 4 0 36 0.00 M M 6.6 16 160 M M 1 23 110
21 113 89 101 4 0 36 0.00 M M 8.2 17 190 M M 1 24 140
22 110 89 100 3 0 35 0.00 M M 11.8 23 180 M M 1 31 160
23 107 89 98 1 0 33 0.00 M M 12.1 23 200 M M 0 31 190
24 107 87 97 0 0 32 0.00 M M 8.9 20 200 M M 2 26 190
25 109 85 97 0 0 32 0.00 M M 7.4 17 140 M M 1 22 160
26 111 82 97 0 0 32 0.00 M M 5.9 17 220 M M 2 22 220
27 113 87 100 3 0 35 0.00 M M 7.2 21 200 M M 3 28 210
28 116 83 100 3 0 35 0.00 M M 7.8 25 230 M M 2 33 240
29 116 82 99 2 0 34 0.00 M M 8.3 20 230 M M 3 28 260
30 120 86 103 6 0 38 0.00 M M 5.8 14 290 M M 3 18 290
31 121 92 107 11 0 42 0.00 M M 8.2 21 250 M M 4 25 230
================================================================================
SM 3496 2646 01062 T M 252.0 M 31
================================================================================
AV112.8 85.4 8.1 FASTST M M 1 MAX(MPH)
MISC ----> 30 230 38 260
================================================================================
NOTES:
# LAST OF SEVERAL OCCURRENCES
COLUMN 17 PEAK WIND IN M.P.H.
PRELIMINARY LOCAL CLIMATOLOGICAL DATA (WS FORM: F-6) , PAGE 2
STATION: NEEDLES CA
MONTH: JULY
YEAR: 2020
LATITUDE: 34 46 N
LONGITUDE: 114 37 W
[TEMPERATURE DATA] [PRECIPITATION DATA] SYMBOLS USED IN COLUMN 16
AVERAGE MONTHLY: 99.1 TOTAL FOR MONTH: T 1 = FOG OR MIST
DPTR FM NORMAL: 2.5 DPTR FM NORMAL: -0.16 2 = FOG REDUCING VISIBILITY
HIGHEST: 121 ON 31,12 GRTST 24HR T ON 19-19 TO 1/4 MILE OR LESS
LOWEST: 77 ON 1 3 = THUNDER
SNOW, ICE PELLETS, HAIL 4 = ICE PELLETS
TOTAL MONTH: M 5 = HAIL
GRTST 24HR M ON M 6 = FREEZING RAIN OR DRIZZLE
GRTST DEPTH: M ON M 7 = DUSTSTORM OR SANDSTORM:
VSBY 1/2 MILE OR LESS
8 = SMOKE OR HAZE
[NO. OF DAYS WITH] [WEATHER - DAYS WITH] 9 = BLOWING SNOW
X = TORNADO
MAX 32 OR BELOW: 0 0.01 INCH OR MORE: 0
MAX 90 OR ABOVE: 31 0.10 INCH OR MORE: 0
MIN 32 OR BELOW: 0 0.50 INCH OR MORE: 0
MIN 0 OR BELOW: 0 1.00 INCH OR MORE: 0
[HDD (BASE 65) ]
TOTAL THIS MO. 0 CLEAR (SCALE 0-3) 29
DPTR FM NORMAL 0 PTCLDY (SCALE 4-7) 2
TOTAL FM JUL 1 0 CLOUDY (SCALE 8-10) 0
DPTR FM NORMAL 0
[CDD (BASE 65) ]
TOTAL THIS MO. 1062
DPTR FM NORMAL 84 [PRESSURE DATA]
TOTAL FM JAN 1 2788 HIGHEST SLP M ON M
DPTR FM NORMAL 210 LOWEST SLP 28.68 ON 12
[REMARKS]
#FINAL-07-20#