000
CXUS56 KEKA 012211
CF6EKA
PRELIMINARY LOCAL CLIMATOLOGICAL DATA (WS FORM: F-6)
STATION: EUREKA CA
MONTH: SEPTEMBER
YEAR: 2022
LATITUDE: 40 47 N
LONGITUDE: 124 10 W
TEMPERATURE IN F: :PCPN: SNOW: WIND :SUNSHINE: SKY :PK WND
================================================================================
1 2 3 4 5 6A 6B 7 8 9 10 11 12 13 14 15 16 17 18
12Z AVG MX 2MIN
DY MAX MIN AVG DEP HDD CDD WTR SNW DPTH SPD SPD DIR MIN PSBL S-S WX SPD DR
================================================================================
1 61 53 57 -1 8 0 0.00 0.0 0 4.9 9 10 M M 10 1 15 M
2 64 55 60 2 5 0 0.02 0.0 0 2.9 8 340 M M 10 1 8 M
3 66 55 61 3 4 0 0.00 0.0 0 4.4 10 320 M M 6 2 12 M
4 68 49 59 1 6 0 0.00 0.0 0 4.5 12 350 M M 3 2 16 M
5 65 55 60 2 5 0 0.02 0.0 0 3.0 8 330 M M 3 28 9 M
6 68 52 60 2 5 0 0.00 0.0 0 3.6 7 20 M M 1 9 M
7 70 53 62 4 3 0 0.00 0.0 0 4.3 10 280 M M 6 14 M
8 66 52 59 1 6 0 0.00 0.0 0 3.4 10 20 M M 2 12 M
9 70 49 60 2 5 0 0.00 0.0 0 3.9 12 250 M M 0 8 12 M
10 69 52 61 3 4 0 0.00 0.0 0 4.5 13 40 M M 7 8 13 M
11 65 55 60 2 5 0 T 0.0 0 0.8 5 50 M M 10 18 5 M
12 64 51 58 0 7 0 0.00 0.0 0 2.3 9 290 M M 6 2 9 M
13 65 50 58 0 7 0 0.00 0.0 0 2.3 8 300 M M 5 2 12 M
14 62 52 57 0 8 0 0.00 0.0 0 3.4 9 330 M M 10 2 9 M
15 63 52 58 1 7 0 0.00 0.0 0 3.9 10 340 M M 8 1 10 M
16 62 50 56 -1 9 0 0.00 0.0 0 2.5 8 330 M M 4 10 M
17 64 52 58 1 7 0 T 0.0 0 1.9 8 220 M M 8 13 M
18 66 54 60 3 5 0 0.35 0.0 0 2.2 9 30 M M 9 12 M
19 67 51 59 2 6 0 0.00 0.0 0 3.9 10 20 M M 5 13 M
20 69 53 61 4 4 0 0.00 0.0 0 2.7 9 330 M M 6 13 M
21 67 51 59 2 6 0 T 0.0 0 2.4 10 280 M M 8 1 13 M
22 67 50 59 2 6 0 0.00 0.0 0 2.8 8 330 M M 2 9 M
23 63 55 59 2 6 0 0.00 0.0 0 2.4 7 10 M M 10 1 8 M
24 65 53 59 2 6 0 0.00 0.0 0 2.2 6 30 M M 4 2 8 M
25 65 50 58 2 7 0 0.00 0.0 0 2.5 10 270 M M 6 28 10 M
26 60 55 58 2 7 0 0.00 0.0 0 2.5 8 260 M M 10 1 8 M
27 65 52 59 3 6 0 0.00 0.0 0 2.3 9 320 M M 8 1 9 M
28 66 51 59 3 6 0 0.04 0.0 0 1.6 6 330 M M 9 2 7 M
29 67 49 58 2 7 0 0.00 0.0 0 4.5 12 350 M M 0 2 24 M
30 64 53 59 3 6 0 0.00 0.0 0 2.5 8 290 M M 4 18 8 M
================================================================================
SM 1963 1564 179 0 0.43 0.0 91.0 M 180
================================================================================
AV 65.4 52.1 3.0 FASTST M M 6 MAX(MPH)
MISC ----> 13 40 24 9999
================================================================================
NOTES:
# LAST OF SEVERAL OCCURRENCES
COLUMN 17 PEAK WIND IN M.P.H.
PRELIMINARY LOCAL CLIMATOLOGICAL DATA (WS FORM: F-6) , PAGE 2
STATION: EUREKA CA
MONTH: SEPTEMBER
YEAR: 2022
LATITUDE: 40 47 N
LONGITUDE: 124 10 W
[TEMPERATURE DATA] [PRECIPITATION DATA] SYMBOLS USED IN COLUMN 16
AVERAGE MONTHLY: 58.8 TOTAL FOR MONTH: 0.43 1 = FOG OR MIST
DPTR FM NORMAL: 1.6 DPTR FM NORMAL: -0.25 2 = FOG REDUCING VISIBILITY
HIGHEST: 70 ON 9, 7 GRTST 24HR 0.35 ON 17-18 TO 1/4 MILE OR LESS
LOWEST: 49 ON 29, 9 3 = THUNDER
SNOW, ICE PELLETS, HAIL 4 = ICE PELLETS
TOTAL MONTH: 0.0 INCH 5 = HAIL
GRTST 24HR 0.0 6 = FREEZING RAIN OR DRIZZLE
GRTST DEPTH: 0 7 = DUSTSTORM OR SANDSTORM:
VSBY 1/2 MILE OR LESS
8 = SMOKE OR HAZE
[NO. OF DAYS WITH] [WEATHER - DAYS WITH] 9 = BLOWING SNOW
X = TORNADO
MAX 32 OR BELOW: 0 0.01 INCH OR MORE: 4
MAX 90 OR ABOVE: 0 0.10 INCH OR MORE: 1
MIN 32 OR BELOW: 0 0.50 INCH OR MORE: 0
MIN 0 OR BELOW: 0 1.00 INCH OR MORE: 0
[HDD (BASE 65) ]
TOTAL THIS MO. 179 CLEAR (SCALE 0-3) 5
DPTR FM NORMAL -55 PTCLDY (SCALE 4-7) 16
TOTAL FM JUL 1 514 CLOUDY (SCALE 8-10) 9
DPTR FM NORMAL -147
[CDD (BASE 65) ]
TOTAL THIS MO. 0
DPTR FM NORMAL 0 [PRESSURE DATA]
TOTAL FM JAN 1 1 HIGHEST SLP M ON M
DPTR FM NORMAL 0 LOWEST SLP 29.50 ON 9
[REMARKS]
#FINAL-09-22#