000
CXUS56 KEKA 050222
CF6EKA
PRELIMINARY LOCAL CLIMATOLOGICAL DATA (WS FORM: F-6)
STATION: EUREKA CA
MONTH: FEBRUARY
YEAR: 2024
LATITUDE: 40 47 N
LONGITUDE: 124 10 W
TEMPERATURE IN F: :PCPN: SNOW: WIND :SUNSHINE: SKY :PK WND
================================================================================
1 2 3 4 5 6A 6B 7 8 9 10 11 12 13 14 15 16 17 18
12Z AVG MX 2MIN
DY MAX MIN AVG DEP HDD CDD WTR SNW DPTH SPD SPD DIR MIN PSBL S-S WX SPD DR
================================================================================
1 55 47 51 3 14 0 0.53 0.0 0 7.2 12 180 M M 9 21 M
2 55 42 49 1 16 0 0.46 0.0 0 7.0 14 260 M M 8 1 16 M
3 56 40 48 0 17 0 0.01 0.0 0 5.4 10 170 M M 4 16 M
4 57 40 49 1 16 0 0.53 0.0 0 4.8 15 40 M M 9 21 M
5 53 46 50 2 15 0 1.85 0.0 0 7.1 17 160 M M 10 37 M
6 54 43 49 1 16 0 0.08 0.0 0 6.4 14 40 M M 8 1 17 M
7 51 38 45 -3 20 0 0.37 0.0 0 4.3 10 30 M M 8 17 M
8 53 36 45 -3 20 0 0.02 0.0 0 3.8 14 360 M M 3 17 M
9 53 40 47 -1 18 0 0.00 0.0 0 2.5 9 10 M M 9 10 M
10 55 40 48 0 17 0 0.00 0.0 0 2.2 M 320 M M 4 1 10 M
11 56 44 50 2 15 0 0.00 0.0 0 2.8 7 250 M M 10 1 7 M
12 56 48 52 4 13 0 0.00 0.0 0 2.5 7 320 M M 9 7 M
13 56 43 50 2 15 0 0.02 0.0 0 3.8 9 270 M M 7 9 M
14 53 47 50 2 15 0 1.12 0.0 0 6.6 10 160 M M 10 18 M
15 57 47 52 4 13 0 0.16 0.0 0 4.0 9 160 M M 10 1 9 M
16 62 47 55 7 10 0 0.00 0.0 0 4.4 10 160 M M 10 22 M
17 60 49 55 7 10 0 1.07 0.0 0 8.0 15 160 M M 10 23 M
18 55 46 51 3 14 0 0.50 0.0 0 5.2 13 130 M M 10 1 17 M
19 55 47 51 3 14 0 0.58 0.0 0 7.5 13 150 M M 9 22 M
20 61 47 54 6 11 0 0.23 0.0 0 7.1 12 180 M M 7 18 M
21 59 45 52 4 13 0 0.17 0.0 0 6.8 13 250 M M 8 14 M
22 63 40 52 4 13 0 0.00 0.0 0 3.3 12 180 M M 6 17 M
23 58 40 49 1 16 0 0.00 0.0 0 2.2 7 10 M M 4 8 M
24 62 41 52 4 13 0 0.00 0.0 0 2.2 4 340 M M 3 1 7 M
25 57 42 50 2 15 0 0.00 0.0 0 2.2 6 30 M M 8 12 6 M
26 53 44 49 1 16 0 0.11 0.0 0 8.0 13 20 M M 10 1 21 M
27 53 34 44 -4 21 0 0.00 0.0 0 4.5 13 360 M M 3 16 M
28 57 38 48 0 17 0 0.00 0.0 0 4.8 12 240 M M 9 14 M
29 54 42 48 -1 17 0 1.04 T 0 8.9 17 260 M M 10 135 35 M
================================================================================
SM 1629 1243 440 0 8.85 T 145.5 M 225
================================================================================
AV 56.2 42.9 5.0 FASTST M M 8 MAX(MPH)
MISC ----> # 17 160 37 9999
================================================================================
NOTES:
# LAST OF SEVERAL OCCURRENCES
COLUMN 17 PEAK WIND IN M.P.H.
PRELIMINARY LOCAL CLIMATOLOGICAL DATA (WS FORM: F-6) , PAGE 2
STATION: EUREKA CA
MONTH: FEBRUARY
YEAR: 2024
LATITUDE: 40 47 N
LONGITUDE: 124 10 W
[TEMPERATURE DATA] [PRECIPITATION DATA] SYMBOLS USED IN COLUMN 16
AVERAGE MONTHLY: 49.5 TOTAL FOR MONTH: 8.85 1 = FOG OR MIST
DPTR FM NORMAL: 1.1 DPTR FM NORMAL: 3.21 2 = FOG REDUCING VISIBILITY
HIGHEST: 63 ON 22 GRTST 24HR 1.86 ON 5- 6 TO 1/4 MILE OR LESS
LOWEST: 34 ON 27 3 = THUNDER
SNOW, ICE PELLETS, HAIL 4 = ICE PELLETS
TOTAL MONTH: T 5 = HAIL
GRTST 24HR T ON 29-29 6 = FREEZING RAIN OR DRIZZLE
GRTST DEPTH: 0 7 = DUSTSTORM OR SANDSTORM:
VSBY 1/2 MILE OR LESS
8 = SMOKE OR HAZE
[NO. OF DAYS WITH] [WEATHER - DAYS WITH] 9 = BLOWING SNOW
X = TORNADO
MAX 32 OR BELOW: 0 0.01 INCH OR MORE: 18
MAX 90 OR ABOVE: 0 0.10 INCH OR MORE: 14
MIN 32 OR BELOW: 0 0.50 INCH OR MORE: 8
MIN 0 OR BELOW: 0 1.00 INCH OR MORE: 4
[HDD (BASE 65) ]
TOTAL THIS MO. 440 CLEAR (SCALE 0-3) 2
DPTR FM NORMAL -26 PTCLDY (SCALE 4-7) 12
TOTAL FM JUL 1 2438 CLOUDY (SCALE 8-10) 15
DPTR FM NORMAL -570
[CDD (BASE 65) ]
TOTAL THIS MO. 0
DPTR FM NORMAL 0 [PRESSURE DATA]
TOTAL FM JAN 1 0 HIGHEST SLP 30.26 ON 27
DPTR FM NORMAL 0 LOWEST SLP 29.12 ON 4
[REMARKS]
#FINAL-02-24#