000
CXUS55 KLKN 100529 AAA
CLSEKO
CLIMATE REPORT
NATIONAL WEATHER SERVICE ELKO, NV
928 PM PST FRI DEC 09 2022
...................................
...THE ELKO AIRPORT NV CLIMATE SUMMARY FOR THE SEASON, FROM
9/1/2022 TO 11/30/2022...
CLIMATE NORMAL PERIOD 1991 TO 2020
CLIMATE RECORD PERIOD 1888 TO 2022
WEATHER OBSERVED NORMAL DEPART LAST YEAR`S
VALUE DATE(S) VALUE FROM VALUE
NORMAL
..............................................................
TEMPERATURE (F)
RECORD
HIGH 102 09/06/2022
LOW -16 11/29/1896
HIGHEST 102R 09/06 92 10 97
LOWEST 0 11/11 4 -4 10
11/19
AVG. MAXIMUM 64.2 65.1 -0.9 67.3
AVG. MINIMUM 29.1 30.6 -1.5 32.9
MEAN 46.7 47.9 -1.2 50.1
DAYS MAX >= 90 9 2.8 6.2 5
DAYS MAX <= 32 10 2.0 8.0 0
DAYS MIN <= 32 46 55.3 -9.3 29
DAYS MIN <= 0 2 1.1 0.9 0
PRECIPITATION (INCHES)
RECORD
MAXIMUM 5.73 1900
MINIMUM 0.45 1933
TOTALS 2.70 2.21 0.49 2.74
DAILY AVG. 0.03 0.02 0.01 0.03
DAYS >= .01 16 15.5 0.5 17
DAYS >= .10 8 6.8 1.2 7
DAYS >= .50 1 0.8 0.2 1
DAYS >= 1.00 0 0.0 0.0 1
SNOWFALL (INCHES)
RECORDS
TOTAL 20.0 1930
TOTALS 14.0 4.6 9.4 1.2
DAYS >= 1.0 3 1.9 1.1 1
DEGREE DAYS
HEATING TOTAL 1750 1590 160 1376
COOLING TOTAL 107 32 75 39
..............................................................
WIND (MPH)
AVERAGE WIND SPEED 4.8
HIGHEST WIND SPEED/DIRECTION 35/170 DATE 09/07
HIGHEST GUST SPEED/DIRECTION 54/270 DATE 09/08
AVERAGE RH (PERCENT) 49
WEATHER CONDITIONS. NUMBER OF DAYS WITH
THUNDERSTORM 4 MIXED PRECIP 0
HEAVY RAIN 1 RAIN 3
LIGHT RAIN 11 FREEZING RAIN 0
LT FREEZING RAIN 0 HAIL 0
HEAVY SNOW 1 SNOW 5
LIGHT SNOW 10 SLEET 0
FOG 18 FOG W/VIS <= 1/4 MILE 5
HAZE 6
- INDICATES NEGATIVE NUMBERS.
R INDICATES RECORD WAS SET OR TIED.
MM INDICATES DATA IS MISSING.
T INDICATES TRACE AMOUNT.
=====================================================================
...COOLER THAN NORMAL METEOROLOGICAL FALL IN ELKO...
...WETTER THAN NORMAL METEOROLOGICAL FALL IN ELKO...
...SNOWIER THAN NORMAL METEOROLOGICAL FALL IN ELKO...
...6TH SNOWIEST METEOROLOGICAL FALL ON RECORD IN ELKO...
$$