000
CXUS56 KLKN 011310
CF6ELY
PRELIMINARY LOCAL CLIMATOLOGICAL DATA (WS FORM: F-6)
STATION: ELY AIRPORT NV
MONTH: JANUARY
YEAR: 2024
LATITUDE: 39 16 N
LONGITUDE: 114 51 W
TEMPERATURE IN F: :PCPN: SNOW: WIND :SUNSHINE: SKY :PK WND
================================================================================
1 2 3 4 5 6A 6B 7 8 9 10 11 12 13 14 15 16 17 18
12Z AVG MX 2MIN
DY MAX MIN AVG DEP HDD CDD WTR SNW DPTH SPD SPD DIR MIN PSBL S-S WX SPD DR
================================================================================
1 47 10 29 3 36 0 0.00 0.0 0 7.2 14 180 M M 0 19 190
2 48 9 29 3 36 0 0.00 0.0 0 9.8 17 210 M M 0 21 210
3 33 27 30 4 35 0 0.19 2.9 0 9.8 21 180 M M 8 1 28 180
4 35 6 21 -5 44 0 0.02 0.4 3 7.7 14 310 M M 7 1 20 300
5 36 4 20 -6 45 0 0.01 T 3 10.0 21 320 M M 5 1 29 310
6 32 3 18 -8 47 0 0.02 0.4 3 9.8 22 170 M M 6 1 28 170
7 26 9 18 -8 47 0 0.05 0.4 3 10.4 22 310 M M 10 18 32 300
8 27 -8 10 -16 55 0 T T 3 5.7 15 180 M M 1 18 180
9 42 2 22 -4 43 0 0.00 0.0 3 10.4 18 250 M M 3 30 260
10 36 8 22 -4 43 0 0.18 1.8 3 11.0 30 320 M M 7 18 41 330
11 26 -1 13 -13 52 0 T T 5 6.8 18 290 M M 5 30 330
12 33 -1 16 -10 49 0 0.00 0.0 5 8.8 24 260 M M 7 36 280
13 36 14 25 -2 40 0 0.38 3.7 5 7.7 16 190 M M 9 1 23 190
14 38 25 32 5 33 0 0.05 0.2 8 5.7 16 270 M M 9 1 21 240
15 41 11 26 -1 39 0 0.00 0.0 6 6.6 15 320 M M 1 18 320
16 46 5 26 -1 39 0 0.00 0.0 6 10.4 18 210 M M 3 26 210
17 45 20 33 6 32 0 0.15 1.3 6 4.0 15 200 M M 6 1 20 210
18 48 15 32 5 33 0 0.00 0.0 6 7.3 15 180 M M 0 19 180
19 49 24 37 10 28 0 0.00 0.0 6 8.1 20 200 M M 4 26 210
20 44 35 40 13 25 0 T T 6 12.7 22 160 M M 8 32 210
21 43 27 35 8 30 0 0.04 0.3 5 4.0 16 210 M M 7 1 21 210
22 40 27 34 7 31 0 0.02 T 5 10.2 17 170 M M 9 23 180
23 42 27 35 8 30 0 0.06 0.4 4 3.8 15 310 M M 9 1 19 310
24 42 22 32 5 33 0 T T 4 5.5 14 250 M M 6 1 18 250
25 40 21 31 4 34 0 0.20 1.8 5 7.8 22 300 M M 6 12 29 290
26 42 13 28 1 37 0 0.00 0.0 5 5.3 13 180 M M 2 17 190
27 51 25 38 11 27 0 0.00 0.0 5 6.8 14 170 M M 3 18 170
28 60 25 43 16 22 0 0.00 0.0 4 7.0 13 170 M M 0 17 170
29 58 25 42 14 23 0 0.00 0.0 4 6.9 13 180 M M 0 17 170
30 58 25 42 14 23 0 0.00 0.0 3 8.1 14 210 M M 0 19 200
31 54 29 42 14 23 0 0.00 0.0 2 18.0 29 170 M M 1 40 170
================================================================================
SM 1298 483 1114 0 1.37 13.6 253.3 M 142
================================================================================
AV 41.9 15.6 8.2 FASTST M M 5 MAX(MPH)
MISC ----> 30 320 41 330
================================================================================
NOTES:
# LAST OF SEVERAL OCCURRENCES
COLUMN 17 PEAK WIND IN M.P.H.
PRELIMINARY LOCAL CLIMATOLOGICAL DATA (WS FORM: F-6) , PAGE 2
STATION: ELY AIRPORT NV
MONTH: JANUARY
YEAR: 2024
LATITUDE: 39 16 N
LONGITUDE: 114 51 W
[TEMPERATURE DATA] [PRECIPITATION DATA] SYMBOLS USED IN COLUMN 16
AVERAGE MONTHLY: 28.7 TOTAL FOR MONTH: 1.37 1 = FOG OR MIST
DPTR FM NORMAL: 2.0 DPTR FM NORMAL: 0.62 2 = FOG REDUCING VISIBILITY
HIGHEST: 60 ON 28 GRTST 24HR 0.51 ON 13-14 TO 1/4 MILE OR LESS
LOWEST: -8 ON 8 3 = THUNDER
SNOW, ICE PELLETS, HAIL 4 = ICE PELLETS
TOTAL MONTH: 13.6 INCHES 5 = HAIL
GRTST 24HR 3.7 ON 13-13 6 = FREEZING RAIN OR DRIZZLE
GRTST DEPTH: 8 ON 14 7 = DUSTSTORM OR SANDSTORM:
VSBY 1/2 MILE OR LESS
8 = SMOKE OR HAZE
[NO. OF DAYS WITH] [WEATHER - DAYS WITH] 9 = BLOWING SNOW
X = TORNADO
MAX 32 OR BELOW: 4 0.01 INCH OR MORE: 13
MAX 90 OR ABOVE: 0 0.10 INCH OR MORE: 5
MIN 32 OR BELOW: 30 0.50 INCH OR MORE: 0
MIN 0 OR BELOW: 3 1.00 INCH OR MORE: 0
[HDD (BASE 65) ]
TOTAL THIS MO. 1114 CLEAR (SCALE 0-3) 12
DPTR FM NORMAL -73 PTCLDY (SCALE 4-7) 14
TOTAL FM JUL 1 3822 CLOUDY (SCALE 8-10) 5
DPTR FM NORMAL -294
[CDD (BASE 65) ]
TOTAL THIS MO. 0
DPTR FM NORMAL 0 [PRESSURE DATA]
TOTAL FM JAN 1 0 HIGHEST SLP 30.54 ON 27
DPTR FM NORMAL 0 LOWEST SLP 29.48 ON 10
[REMARKS]
#FINAL-01-24#