000
CXUS56 KLKN 111544
CF6ELY
PRELIMINARY LOCAL CLIMATOLOGICAL DATA (WS FORM: F-6)
STATION: ELY AIRPORT NV
MONTH: NOVEMBER
YEAR: 2020
LATITUDE: 39 16 N
LONGITUDE: 114 51 W
TEMPERATURE IN F: :PCPN: SNOW: WIND :SUNSHINE: SKY :PK WND
================================================================================
1 2 3 4 5 6A 6B 7 8 9 10 11 12 13 14 15 16 17 18
12Z AVG MX 2MIN
DY MAX MIN AVG DEP HDD CDD WTR SNW DPTH SPD SPD DIR MIN PSBL S-S WX SPD DR
================================================================================
1 72 22 47 7 18 0 0.00 0.0 0 7.6 16 170 M M 0 51 160
2 75 28 52 13 13 0 0.00 0.0 0 8.5 17 260 M M 0 26 230
3 69 34 52 13 13 0 0.00 0.0 0 8.5 23 210 M M 3 28 210
4 71 28 50 12 15 0 0.00 0.0 0 8.8 17 170 M M 0 20 170
5 72 26 49 11 16 0 0.00 0.0 0 8.7 15 210 M M 0 19 180
6 69 45 57 19 8 0 0.00 0.0 0 23.3 38 170 M M 0 8 49 170
7 52 29 41 4 24 0 T T T 15.8 31 220 M M 4 39 220
8 31 20 26 -11 39 0 0.35 6.6 1 9.1 21 360 M M 10 12 27 280
9 30 2 16 -20 49 0 T T 5 6.5 14 180 M M 4 1 18 330
10 38 2 20 -16 45 0 0.00 0.0 4 6.7 15 180 M M 2 18 180
11 41 5 23 -13 42 0 0.00 0.0 3 5.8 14 310 M M 0 18 310
12 41 2 22 -13 43 0 0.00 0.0 2 6.7 15 170 M M 0 17 190
13 45 11 28 -7 37 0 0.04 1.0 2 12.6 31 150 M M 5 1 41 170
14 39 22 31 -3 34 0 0.15 1.0 2 6.4 22 320 M M 3 1 29 320
15 56 17 37 3 28 0 0.00 0.0 1 4.9 12 180 M M 0 13 180
16 65 24 45 12 20 0 0.00 0.0 0 9.3 16 200 M M 0 19 220
17 61 38 50 17 15 0 0.00 0.0 0 24.7 39 150 M M 0 54 160
18 58 39 49 17 16 0 0.00 0.0 0 16.5 32 160 M M 2 43 150
19 51 19 35 3 30 0 0.00 0.0 0 5.7 13 350 M M 1 17 10
20 46 14 30 -2 35 0 0.00 0.0 0 5.1 15 20 M M 0 19 20
21 45 12 29 -2 36 0 0.00 0.0 0 7.8 17 10 M M 0 21 10
22 52 9 31 0 34 0 0.00 0.0 0 6.4 13 180 M M 0 16 180
23 47 18 33 3 32 0 T T 0 9.1 23 330 M M 7 28 320
24 43 10 27 -3 38 0 0.00 0.0 0 5.4 15 190 M M 0 18 200
25 50 10 30 0 35 0 0.00 0.0 0 9.9 21 280 M M 3 23 270
26 34 9 22 -7 43 0 0.00 0.0 0 8.4 21 360 M M 0 26 20
27 40 4 22 -7 43 0 0.00 0.0 0 7.6 20 20 M M 0 24 10
28 55 7 31 3 34 0 0.00 0.0 0 7.8 20 180 M M 0 22 180
29 46 8 27 -1 38 0 0.00 0.0 0 7.9 15 180 M M 0 16 180
30 54 11 33 5 32 0 0.00 0.0 0 8.0 17 180 M M 0 19 180
================================================================================
SM 1548 525 905 0 0.54 8.6 279.5 M 44
================================================================================
AV 51.6 17.5 9.3 FASTST M M 1 MAX(MPH)
MISC ----> 39 150 54 160
================================================================================
NOTES:
# LAST OF SEVERAL OCCURRENCES
COLUMN 17 PEAK WIND IN M.P.H.
PRELIMINARY LOCAL CLIMATOLOGICAL DATA (WS FORM: F-6) , PAGE 2
STATION: ELY AIRPORT NV
MONTH: NOVEMBER
YEAR: 2020
LATITUDE: 39 16 N
LONGITUDE: 114 51 W
[TEMPERATURE DATA] [PRECIPITATION DATA] SYMBOLS USED IN COLUMN 16
AVERAGE MONTHLY: 34.6 TOTAL FOR MONTH: 0.54 1 = FOG OR MIST
DPTR FM NORMAL: 0.8 DPTR FM NORMAL: -0.16 2 = FOG REDUCING VISIBILITY
HIGHEST: 75 ON 2 GRTST 24HR 0.51 ON 7- 8 TO 1/4 MILE OR LESS
LOWEST: 2 ON 12,10 3 = THUNDER
SNOW, ICE PELLETS, HAIL 4 = ICE PELLETS
TOTAL MONTH: 8.6 INCHES 5 = HAIL
GRTST 24HR 6.6 ON 8- 8 6 = FREEZING RAIN OR DRIZZLE
GRTST DEPTH: 5 ON 9 7 = DUSTSTORM OR SANDSTORM:
VSBY 1/2 MILE OR LESS
8 = SMOKE OR HAZE
[NO. OF DAYS WITH] [WEATHER - DAYS WITH] 9 = BLOWING SNOW
X = TORNADO
MAX 32 OR BELOW: 2 0.01 INCH OR MORE: 3
MAX 90 OR ABOVE: 0 0.10 INCH OR MORE: 2
MIN 32 OR BELOW: 26 0.50 INCH OR MORE: 0
MIN 0 OR BELOW: 0 1.00 INCH OR MORE: 0
[HDD (BASE 65) ]
TOTAL THIS MO. 905 CLEAR (SCALE 0-3) 24
DPTR FM NORMAL -35 PTCLDY (SCALE 4-7) 5
TOTAL FM JUL 1 1593 CLOUDY (SCALE 8-10) 1
DPTR FM NORMAL -274
[CDD (BASE 65) ]
TOTAL THIS MO. 0
DPTR FM NORMAL 0 [PRESSURE DATA]
TOTAL FM JAN 1 372 HIGHEST SLP 30.59 ON 29
DPTR FM NORMAL 154 LOWEST SLP 29.23 ON 7
[REMARKS]
#FINAL-11-20#