000
CXUS55 KLKN 030102
CLMELY
CLIMATE REPORT
NATIONAL WEATHER SERVICE ELKO, NV
502 PM PST FRI FEB 02 2024
...................................
...THE ELY AIRPORT NV CLIMATE SUMMARY FOR THE MONTH OF JANUARY 2024...
CLIMATE NORMAL PERIOD 1991 TO 2020
CLIMATE RECORD PERIOD 1893 TO 2024
WEATHER OBSERVED NORMAL DEPART LAST YEAR`S
VALUE DATE(S) VALUE FROM VALUE DATE(S)
NORMAL
................................................................
TEMPERATURE (F)
RECORD
HIGH 68 01/25/1951
LOW -27 01/25/1949
HIGHEST 60 01/28 56 4 43 01/12
LOWEST -8 01/08 -12 4 -21 01/31
AVG. MAXIMUM 41.9 41.0 0.9 30.7
AVG. MINIMUM 15.6 12.4 3.2 8.6
MEAN 28.7 26.7 2.0 19.7
DAYS MAX >= 90 0 0.0 0.0 0
DAYS MAX <= 32 4 6.9 -2.9 17
DAYS MIN <= 32 30 30.4 -0.4 31
DAYS MIN <= 0 3 5.3 -2.3 7
PRECIPITATION (INCHES)
RECORD
MAXIMUM 3.55 2023
MINIMUM T 1948
TOTALS 1.37 0.75 0.62 3.55
DAILY AVG. 0.04 0.02 0.02 0.11
DAYS >= .01 13 7.1 5.9 15
DAYS >= .10 5 2.3 2.7 8
DAYS >= .50 0 0.3 -0.3 3
DAYS >= 1.00 0 0.0 0.0 0
GREATEST
24 HR. TOTAL 0.38 01/13 TO 01/13 0.86
SNOWFALL (INCHES)
RECORDS
TOTAL 37.6 2023
TOTALS 13.6 10.5 3.1 37.6
SINCE 7/1 18.1 28.2 -10.1 MM
SNOWDEPTH AVG. 4 16
DAYS >= TRACE 17 5.9 11.1 21
DAYS >= 1.0 5 2.7 2.3 10
DAYS >= 1.0 5 10
GREATEST
SNOW DEPTH 8 01/14 24
24 HR TOTAL MM MM
DEGREE DAYS
HEATING TOTAL 1114 1187 -73 1397
SINCE 7/1 3822 4116 -294 MM
COOLING TOTAL 0 0 0 0
SINCE 1/1 0 0 0 MM
................................................................
WIND (MPH)
AVERAGE WIND SPEED 8.2
HIGHEST WIND SPEED/DIRECTION 30/320 DATE 01/10
HIGHEST GUST SPEED/DIRECTION 41/330 DATE 01/10
AVERAGE RH (PERCENT) 68
WEATHER CONDITIONS. NUMBER OF DAYS WITH
THUNDERSTORM 0 MIXED PRECIP 0
HEAVY RAIN 0 RAIN 0
LIGHT RAIN 5 FREEZING RAIN 0
LT FREEZING RAIN 0 HAIL 0
HEAVY SNOW 1 SNOW 2
LIGHT SNOW 14 SLEET 0
FOG 13 FOG W/VIS <= 1/4 MILE 1
HAZE 2
- INDICATES NEGATIVE NUMBERS.
R INDICATES RECORD WAS SET OR TIED.
MM INDICATES DATA IS MISSING.
T INDICATES TRACE AMOUNT.
&&
======================================================================
...JANUARY 2024 IN ELY WAS WARMER AND WETTER THAN NORMAL...
THE AVERAGE TEMPERATURE IN ELY DURING JANUARY 2024 WAS 28.7
DEGREES, WHICH IS 2 DEGREES ABOVE THE NORMAL. THE TOTAL
PRECIPITATION WAS 1.37 INCHES, WHICH IS 0.62 INCHES ABOVE THE
NORMAL AND 183 PERCENT OF NORMAL PRECIPITATION. THE TOTAL SNOWFALL
WAS 13.6 INCHES, WHICH IS 129 PERCENT ABOVE NORMAL SNOWFALL. THE PERIOD OF
RECORD FOR THE ELY AREA BEGAN IN 1893 AND THE CLIMATOLOGICAL NORMAL
IS FROM 1991-2020.
$$