000
CXUS55 KLKN 022217
CLSELY
CLIMATE REPORT
NATIONAL WEATHER SERVICE ELKO, NV
217 PM PST FRI DEC 02 2022
...................................
...THE ELY AIRPORT NV CLIMATE SUMMARY FOR THE SEASON, FROM
9/1/2022 TO 11/30/2022...
CLIMATE NORMAL PERIOD 1991 TO 2020
CLIMATE RECORD PERIOD 1893 TO 2022
WEATHER OBSERVED NORMAL DEPART LAST YEAR`S
VALUE DATE(S) VALUE FROM VALUE
NORMAL
..............................................................
TEMPERATURE (F)
RECORD
HIGH 97 09/06/2022
LOW -20 11/25/2010
HIGHEST 97R 09/06 88 9 94
LOWEST 1 11/19 2 5
AVG. MAXIMUM 64.2 64.5 -0.3 66.4
AVG. MINIMUM 29.0 28.8 0.2 30.5
MEAN 46.6 46.6 0.0 48.4
DAYS MAX >= 90 8 0.7 7.3 5
DAYS MAX <= 32 0 2.5 -2.5 0
DAYS MIN <= 32 54 57.3 -3.3 55
DAYS MIN <= 0 0 1.3 -1.3 0
PRECIPITATION (INCHES)
RECORD
MAXIMUM 7.30 1982
MINIMUM 0.35 1893
TOTALS 3.52 2.07 1.45 1.57
DAILY AVG. 0.04 0.02 0.02 0.02
DAYS >= .01 11 14.5 -3.5 12
DAYS >= .10 8 6.3 1.7 2
DAYS >= .50 3 0.8 2.2 1
DAYS >= 1.00 0 0.0 0.0 1
SNOWFALL (INCHES)
RECORDS
TOTAL 26.0 1985
TOTALS 9.8 8.1 1.7 6.8
DAYS >= 1.0 4 2.4 1.6 2
GREATEST
SNOW DEPTH 5R 10/23 5
DEGREE DAYS
HEATING TOTAL 1722 1685 37 1511
COOLING TOTAL 72 12 60 24
..............................................................
WIND (MPH)
AVERAGE WIND SPEED 9.1
HIGHEST WIND SPEED/DIRECTION 47/210 DATE 11/08
HIGHEST GUST SPEED/DIRECTION 65/220 DATE 11/08
AVERAGE RH (PERCENT) 49
WEATHER CONDITIONS. NUMBER OF DAYS WITH
THUNDERSTORM 4 MIXED PRECIP 0
HEAVY RAIN 3 RAIN 4
LIGHT RAIN 9 FREEZING RAIN 0
LT FREEZING RAIN 0 HAIL 0
HEAVY SNOW 2 SNOW 4
LIGHT SNOW 8 SLEET 0
FOG 10 FOG W/VIS <= 1/4 MILE 2
HAZE 9
- INDICATES NEGATIVE NUMBERS.
R INDICATES RECORD WAS SET OR TIED.
MM INDICATES DATA IS MISSING.
T INDICATES TRACE AMOUNT.
=====================================================================
...WETTER THAN NORMAL METEOROLOGICAL FALL IN ELY...
...SNOWIER THAN NORMAL METEOROLOGICAL FALL IN ELY...
$$