000
CXUS53 KTOP 010810
CF6EMP
PRELIMINARY LOCAL CLIMATOLOGICAL DATA (WS FORM: F-6)
STATION: EMPORIA KS
MONTH: MAY
YEAR: 2023
LATITUDE: 38 19 N
LONGITUDE: 96 12 W
TEMPERATURE IN F: :PCPN: SNOW: WIND :SUNSHINE: SKY :PK WND
================================================================================
1 2 3 4 5 6A 6B 7 8 9 10 11 12 13 14 15 16 17 18
12Z AVG MX 2MIN
DY MAX MIN AVG DEP HDD CDD WTR SNW DPTH SPD SPD DIR MIN PSBL S-S WX SPD DR
================================================================================
1 67 37 52 -8 13 0 0.00 M M 11.3 23 310 M M 0 33 340
2 69 41 55 -5 10 0 0.00 M M 8.7 21 310 M M 0 32 330
3 76 39 58 -3 7 0 0.00 M M 3.9 8 130 M M 2 8 12 250
4 70 51 61 0 4 0 T M M 10.6 22 170 M M 8 18 30 180
5 78 57 68 7 0 3 0.01 M M 12.7 20 150 M M 9 18 27 160
6 95 64 80 18 0 15 0.00 M M 15.0 28 200 M M 4 18 37 200
7 90 66 78 16 0 13 0.00 M M 16.6 30 190 M M 0 18 41 190
8 87 65 76 14 0 11 0.00 M M 8.0 14 60 M M 1 13 20 30
9 83 61 72 9 0 7 0.37 M M 13.5 38 30 M M 4 13 58 350
10 83 63 73 10 0 8 0.00 M M 11.2 28 160 M M 1 39 170
11 81 63 72 9 0 7 0.05 M M 8.5 16 160 M M 6 1 23 170
12 88 67 78 14 0 13 0.02 M M 14.9 26 170 M M 4 3 43 180
13 84 65 75 11 0 10 0.00 M M 7.6 14 280 M M 0 8 20 300
14 82 65 74 10 0 9 0.03 M M 4.1 21 260 M M 4 123 29 260
15 69 57 63 -2 2 0 0.07 M M 7.5 16 320 M M 10 12 23 330
16 66 56 61 -4 4 0 T M M 6.6 13 330 M M 9 18 18 340
17 81 52 67 2 0 2 0.00 M M 5.6 13 70 M M 1 1 17 70
18 82 54 68 2 0 3 0.00 M M 5.1 14 200 M M 2 1 19 190
19 67 48 58 -8 7 0 0.63 M M 6.6 21 10 M M 6 1 31 20
20 71 44 58 -8 7 0 0.00 M M 5.0 13 30 M M 0 19 20
21 75 47 61 -6 4 0 0.00 M M 5.1 12 140 M M 0 17 160
22 78 51 65 -2 0 0 0.00 M M 6.7 14 180 M M 4 1 18 170
23 81 53 67 0 0 2 0.00 M M 5.5 15 100 M M 2 1 20 110
24 82 56 69 1 0 4 1.11 M M 5.4 31 170 M M 3 123 40 170
25 82 55 69 1 0 4 0.02 M M 4.7 20 90 M M 2 123 27 100
26 81 58 70 2 0 5 0.00 M M 8.4 16 90 M M 1 22 60
27 81 50 66 -3 0 1 0.00 M M 6.9 14 140 M M 0 20 140
28 82 54 68 -1 0 3 T M M 6.5 16 230 M M 6 22 230
29 80 61 71 2 0 6 0.00 M M 8.9 20 160 M M 3 25 160
30 87 62 75 5 0 10 0.23 M M 8.0 17 180 M M 3 13 24 240
31 83 65 74 4 0 9 0.00 M M 11.0 20 200 M M 1 26 130
================================================================================
SM 2461 1727 58 145 2.54 M 260.1 M 96
================================================================================
AV 79.4 55.7 8.4 FASTST M M 3 MAX(MPH)
MISC ----> 38 30 58 350
================================================================================
NOTES:
# LAST OF SEVERAL OCCURRENCES
COLUMN 17 PEAK WIND IN M.P.H.
PRELIMINARY LOCAL CLIMATOLOGICAL DATA (WS FORM: F-6) , PAGE 2
STATION: EMPORIA KS
MONTH: MAY
YEAR: 2023
LATITUDE: 38 19 N
LONGITUDE: 96 12 W
[TEMPERATURE DATA] [PRECIPITATION DATA] SYMBOLS USED IN COLUMN 16
AVERAGE MONTHLY: 67.5 TOTAL FOR MONTH: 2.54 1 = FOG OR MIST
DPTR FM NORMAL: 2.4 DPTR FM NORMAL: -2.47 2 = FOG REDUCING VISIBILITY
HIGHEST: 95 ON 6 GRTST 24HR 1.11 ON 24-24 TO 1/4 MILE OR LESS
LOWEST: 37 ON 1 3 = THUNDER
SNOW, ICE PELLETS, HAIL 4 = ICE PELLETS
TOTAL MONTH: M 5 = HAIL
GRTST 24HR M ON M 6 = FREEZING RAIN OR DRIZZLE
GRTST DEPTH: M ON M 7 = DUSTSTORM OR SANDSTORM:
VSBY 1/2 MILE OR LESS
8 = SMOKE OR HAZE
[NO. OF DAYS WITH] [WEATHER - DAYS WITH] 9 = BLOWING SNOW
X = TORNADO
MAX 32 OR BELOW: 0 0.01 INCH OR MORE: 10
MAX 90 OR ABOVE: 2 0.10 INCH OR MORE: 4
MIN 32 OR BELOW: 0 0.50 INCH OR MORE: 2
MIN 0 OR BELOW: 0 1.00 INCH OR MORE: 1
[HDD (BASE 65) ]
TOTAL THIS MO. 58 CLEAR (SCALE 0-3) 19
DPTR FM NORMAL -40 PTCLDY (SCALE 4-7) 8
TOTAL FM JUL 1 4433 CLOUDY (SCALE 8-10) 4
DPTR FM NORMAL -355
[CDD (BASE 65) ]
TOTAL THIS MO. 145
DPTR FM NORMAL 45 [PRESSURE DATA]
TOTAL FM JAN 1 179 HIGHEST SLP M ON M
DPTR FM NORMAL 55 LOWEST SLP 29.66 ON 7
[REMARKS]
#FINAL-05-23#