000
CXUS53 KTOP 011415
CLMEMP
CLIMATE REPORT
NATIONAL WEATHER SERVICE TOPEKA KS
915 AM CDT SAT JUL 01 2023
...................................
...THE EMPORIA KS CLIMATE SUMMARY FOR THE MONTH OF JUNE 2023...
CLIMATE NORMAL PERIOD 1991 TO 2020
CLIMATE RECORD PERIOD 9999 TO 9999
WEATHER OBSERVED NORMAL DEPART LAST YEAR`S
VALUE DATE(S) VALUE FROM VALUE
NORMAL
..............................................................
TEMPERATURE (F)
HIGHEST 101 06/30 97
LOWEST 53 06/12 52
AVG. MAXIMUM 87.2 85.0 2.2 86.8
AVG. MINIMUM 63.2 63.5 -0.3 66.6
MEAN 75.2 74.2 1.0 76.7
DAYS MAX >= 90 9 8.3 0.7 14
DAYS MAX <= 32 0 0.0 0.0 0
DAYS MIN <= 32 0 0.0 0.0 0
DAYS MIN <= 0 0 0.0 0.0 0
PRECIPITATION (INCHES)
TOTALS 3.53R 4.53 -1.00 5.77
DAILY AVG. 0.12 0.19
DAYS >= .01 10 13
DAYS >= .10 6 9
DAYS >= .50 2 5
DAYS >= 1.00 2 1
GREATEST
24 HR. TOTAL 1.50 06/05 TO 06/05 1.44
DEGREE DAYS
HEATING TOTAL 0 7 -7 4
SINCE 7/1 4433 4789 -356 MM
COOLING TOTAL 313 284 29 363
SINCE 1/1 492 408 84 MM
..............................................................
WIND (MPH)
AVERAGE WIND SPEED 6.4
HIGHEST WIND SPEED/DIRECTION 35/090 DATE 06/02
HIGHEST GUST SPEED/DIRECTION 54/100 DATE 06/02
SKY COVER
POSSIBLE SUNSHINE (PERCENT) MM
AVERAGE SKY COVER 0.16
NUMBER OF DAYS FAIR 26
NUMBER OF DAYS PC 4
NUMBER OF DAYS CLOUDY 0
AVERAGE RH (PERCENT) 67
WEATHER CONDITIONS. NUMBER OF DAYS WITH
THUNDERSTORM 10 MIXED PRECIP 0
HEAVY RAIN 5 RAIN 3
LIGHT RAIN 11 FREEZING RAIN 0
LT FREEZING RAIN 0 HAIL 0
HEAVY SNOW 0 SNOW 0
LIGHT SNOW 0 SLEET 0
FOG 10 FOG W/VIS <= 1/4 MILE 2
HAZE 0
- INDICATES NEGATIVE NUMBERS.
R INDICATES RECORD WAS SET OR TIED.
MM INDICATES DATA IS MISSING.
T INDICATES TRACE AMOUNT.
$$