064
CXUS53 KMKX 010910
CF6ENW
PRELIMINARY LOCAL CLIMATOLOGICAL DATA (WS FORM: F-6)
STATION: KENOSHA WI
MONTH: AUGUST
YEAR: 2020
LATITUDE: 42 35 N
LONGITUDE: 87 56 W
TEMPERATURE IN F: :PCPN: SNOW: WIND :SUNSHINE: SKY :PK WND
================================================================================
1 2 3 4 5 6A 6B 7 8 9 10 11 12 13 14 15 16 17 18
12Z AVG MX 2MIN
DY MAX MIN AVG DEP HDD CDD WTR SNW DPTH SPD SPD DIR MIN PSBL S-S WX SPD DR
================================================================================
1 81 65 73 2 0 8 0.00 0.0 0 5.5 14 70 M M 1 17 80
2 83 65 74 3 0 9 1.35 0.0 0 4.5 18 310 M M 5 13 27 320
3 69 58 64 -7 1 0 0.23 0.0 0 7.5 14 10 M M 9 1 22 10
4 73 53 63 -7 2 0 0.00 0.0 0 5.9 14 350 M M 4 20 340
5 77 49 63 -7 2 0 0.00 0.0 0 5.4 14 260 M M 2 1 18 260
6 78 54 66 -4 0 1 0.00 0.0 0 5.1 13 90 M M 1 12 19 70
7 79 53 66 -4 0 1 0.00 0.0 0 4.7 15 130 M M 1 12 20 130
8 88 63 76 6 0 11 0.00 0.0 0 8.5 18 200 M M 1 8 25 190
9 89 69 79 9 0 14 0.13 0.0 0 7.5 20 310 M M 1 138 31 300
10 86 69 78 8 0 13 1.09 0.0 0 8.5 35 280 M M 6 13 55 260
11 82 60 71 1 0 6 0.00 0.0 0 4.6 9 110 M M 0 8 15 340
12 82 57 70 0 0 5 0.00 0.0 0 3.8 12 100 M M 0 1 16 130
13 83 61 72 2 0 7 0.00 0.0 0 5.1 14 120 M M 0 1 19 110
14 85 62 74 4 0 9 0.00 0.0 0 4.7 13 90 M M 0 1 18 70
15 85 64 75 5 0 10 0.09 0.0 0 6.0 15 270 M M 3 13 23 320
16 80 61 71 1 0 6 0.00 0.0 0 5.8 13 170 M M 1 16 170
17 83 61 72 2 0 7 0.00 0.0 0 3.8 10 130 M M 3 16 130
18 78 56 67 -3 0 2 0.00 0.0 0 6.5 14 60 M M 3 19 40
19 80 53 67 -2 0 2 0.00 0.0 0 5.0 13 110 M M 1 1 18 100
20 84 58 71 2 0 6 0.00 0.0 0 7.1 15 250 M M 0 21 240
21 85 59 72 3 0 7 0.00 0.0 0 5.7 13 140 M M 0 16 130
22 88 60 74 5 0 9 0.00 0.0 0 7.0 18 190 M M 0 25 190
23 89 67 78 9 0 13 0.02 0.0 0 6.8 20 170 M M 4 3 29 180
24 91 66 79 10 0 14 0.00 0.0 0 5.9 13 250 M M 0 18 16 230
25 82 68 75 7 0 10 0.22 0.0 0 7.9 22 330 M M 2 13 34 340
26 91 70 81 13 0 16 0.00 0.0 0 9.3 20 250 M M 0 29 240
27 91 74 83 15 0 18 0.00 0.0 M 9.2 18 240 M M 1 27 240
28 92 71 82 14 0 17 0.00 0.0 0 8.5 18 260 M M 2 25 260
29 79 62 71 3 0 6 0.00 0.0 0 8.4 18 300 M M 2 29 280
30 76 54 65 -2 0 0 0.00 0.0 0 6.8 13 80 M M 1 19 70
31 82 61 72 5 0 7 T 0.0 0 7.7 20 130 M M 5 27 160
================================================================================
SM 2571 1903 5 234 3.13 0.0 198.7 M 59
================================================================================
AV 82.9 61.4 6.4 FASTST M M 2 MAX(MPH)
MISC ----> # 35 280 # 55 260
================================================================================
NOTES:
# LAST OF SEVERAL OCCURRENCES
COLUMN 17 PEAK WIND IN M.P.H.
PRELIMINARY LOCAL CLIMATOLOGICAL DATA (WS FORM: F-6) , PAGE 2
STATION: KENOSHA WI
MONTH: AUGUST
YEAR: 2020
LATITUDE: 42 35 N
LONGITUDE: 87 56 W
[TEMPERATURE DATA] [PRECIPITATION DATA] SYMBOLS USED IN COLUMN 16
AVERAGE MONTHLY: 72.2 TOTAL FOR MONTH: 3.13 1 = FOG OR MIST
DPTR FM NORMAL: 2.8 DPTR FM NORMAL: -0.71 2 = FOG REDUCING VISIBILITY
HIGHEST: 92 ON 28 GRTST 24HR 1.35 ON 2- 2 TO 1/4 MILE OR LESS
LOWEST: 49 ON 5 3 = THUNDER
SNOW, ICE PELLETS, HAIL 4 = ICE PELLETS
TOTAL MONTH: 0.0 INCH 5 = HAIL
GRTST 24HR 0.0 6 = FREEZING RAIN OR DRIZZLE
GRTST DEPTH: 0 7 = DUSTSTORM OR SANDSTORM:
VSBY 1/2 MILE OR LESS
8 = SMOKE OR HAZE
[NO. OF DAYS WITH] [WEATHER - DAYS WITH] 9 = BLOWING SNOW
X = TORNADO
MAX 32 OR BELOW: 0 0.01 INCH OR MORE: 7
MAX 90 OR ABOVE: 4 0.10 INCH OR MORE: 5
MIN 32 OR BELOW: 0 0.50 INCH OR MORE: 2
MIN 0 OR BELOW: 0 1.00 INCH OR MORE: 2
[HDD (BASE 65) ]
TOTAL THIS MO. 5 CLEAR (SCALE 0-3) 25
DPTR FM NORMAL -13 PTCLDY (SCALE 4-7) 5
TOTAL FM JUL 1 5 CLOUDY (SCALE 8-10) 1
DPTR FM NORMAL -26
[CDD (BASE 65) ]
TOTAL THIS MO. 234
DPTR FM NORMAL 80 [PRESSURE DATA]
TOTAL FM JAN 1 797 HIGHEST SLP 30.18 ON 7
DPTR FM NORMAL 310 LOWEST SLP 29.60 ON 28
[REMARKS]
#FINAL-08-20#