000
CXUS51 KCLE 021533
CLSERI
CLIMATE REPORT
NATIONAL WEATHER SERVICE CLEVELAND, OH
1033 AM EST THU MAR 02 2023
...................................
...THE ERIE PA CLIMATE SUMMARY FOR THE SEASON, FROM
12/1/2022 TO 2/28/2023...
CLIMATE NORMAL PERIOD 1991 TO 2020
CLIMATE RECORD PERIOD 1873 TO 2023
WEATHER OBSERVED NORMAL DEPART
VALUE DATE(S) VALUE FROM
NORMAL
................................................
TEMPERATURE (F)
RECORD
HIGH 77 02/24/2017
LOW -18 01/19/1994
HIGHEST 68 02/15
LOWEST -2 12/23
AVG. MAXIMUM 40.9 37.3 3.6
AVG. MINIMUM 27.7 23.6 4.1
MEAN 34.3 30.4 3.9
DAYS MAX >= 90 0 0.0
DAYS MAX <= 32 13 34.3
DAYS MIN <= 32 66 71.5
DAYS MIN <= 0 2 2.1
PRECIPITATION (INCHES)
RECORD
MAXIMUM 16.20 1887
MINIMUM 3.00 1906
TOTALS 9.91 10.10 -0.19
DAYS >= .01 43 53.6
DAYS >= .10 20 28.6
DAYS >= .50 7 4.8
DAYS >= 1.00 2 0.5
SNOWFALL (INCHES)
RECORDS
TOTAL 156.4 2018
TOTALS 19.3 77.5
DAYS >= TRACE 34
DAYS >= 1.0 6 21.4
DEGREE DAYS
HEATING TOTAL 2744 3106 -362
COOLING TOTAL 0 0 0
................................................
WIND (MPH)
HIGHEST GUST SPEED/DIRECTION 55/210 DATE 12/23
SKY COVER
POSSIBLE SUNSHINE (PERCENT) MM
NUMBER OF DAYS FAIR 13
NUMBER OF DAYS PC 23
NUMBER OF DAYS CLOUDY 54
WEATHER CONDITIONS. NUMBER OF DAYS WITH
THUNDERSTORM 0 MIXED PRECIP 0
HEAVY RAIN 4 RAIN 13
LIGHT RAIN 33 FREEZING RAIN 1
LT FREEZING RAIN 2 HAIL 0
HEAVY SNOW 5 SNOW 8
LIGHT SNOW 34 SLEET 0
FOG 54 FOG W/VIS <= 1/4 MILE 8
HAZE 28
- INDICATES NEGATIVE NUMBERS.
R INDICATES RECORD WAS SET OR TIED.
MM INDICATES DATA IS MISSING.
T INDICATES TRACE AMOUNT.
$$