000
CXUS54 KEWX 011110
CF6ERV
PRELIMINARY LOCAL CLIMATOLOGICAL DATA (WS FORM: F-6)
STATION: KERRVILLE
MONTH: DECEMBER
YEAR: 2021
LATITUDE: 29 58 N
LONGITUDE: 99 5 W
TEMPERATURE IN F: :PCPN: SNOW: WIND :SUNSHINE: SKY :PK WND
================================================================================
1 2 3 4 5 6A 6B 7 8 9 10 11 12 13 14 15 16 17 18
12Z AVG MX 2MIN
DY MAX MIN AVG DEP HDD CDD WTR SNW DPTH SPD SPD DIR MIN PSBL S-S WX SPD DR
================================================================================
1 72 48 60 M 5 0 M M M 3.5 8 170 M M 6 1 M M
2 78 46 62 M 3 0 M M M 2.7 12 180 M M 5 12 M M
3 81 59 70 M 0 5 M M M 6.4 12 170 M M 4 M M
4 79 58 69 M 0 4 M M M 3.5 9 150 M M 6 1 M M
5 72 61 67 M 0 2 M M M 6.8 13 150 M M 8 1 17 170
6 64 38 51 M 14 0 M M M 9.2 21 340 M M 3 12 29 350
7 72 36 54 M 11 0 0.03 M M 3.4 9 170 M M 0 M M
8 79 36 58 M 7 0 M M M 4.0 12 180 M M 0 16 180
9 80 54 67 M 0 2 M M M 7.1 16 210 M M 5 1 21 210
10 82 56 69 M 0 4 M M M 7.1 16 150 M M 5 18 20 150
11 62 29 46 M 19 0 M M M 9.0 24 360 M M 4 33 350
12 64 24 44 M 21 0 M M M 3.7 8 170 M M 0 M M
13 69 33 51 M 14 0 M M M 3.2 9 210 M M 7 M M
14 74 57 66 M 0 1 M M M 6.5 16 180 M M 9 12 24 200
15 78 65 72 M 0 7 M M M 13.5 21 190 M M 9 31 180
16 72 64 68 M 0 3 0.01 M M 6.5 15 150 M M 10 1 21 150
17 74 65 70 M 0 5 M M M 11.5 17 180 M M 9 25 180
18 69 41 55 M 10 0 M M M 9.9 21 350 M M 5 1 30 350
19 51 36 44 M 21 0 0.05 M M 6.0 13 310 M M 8 23 310
20 63 33 48 M 17 0 M M M 2.5 8 140 M M 2 M M
21 69 29 49 M 16 0 M M M 2.7 12 170 M M 0 M M
22 80 36 58 M 7 0 0.03 M M 3.2 12 160 M M 0 M M
23 71 39 55 M 10 0 M M M 6.7 13 190 M M 3 1 18 170
24 72 54 63 M 2 0 M M M 8.5 16 170 M M 5 1 17 180
25 80 54 67 M 0 2 M M M 4.8 10 170 M M 5 1 16 170
26 67 51 59 M 6 0 M M M 4.4 12 170 M M 9 12 17 170
27 66 52 59 M 6 0 M M M 4.0 10 150 M M 9 12 18 150
28 72 55 64 M 1 0 0.01 M M 4.8 13 180 M M 7 12 24 190
29 82 50 66 M 0 1 M M M 4.2 16 300 M M 5 1 25 300
30 80 45 63 M 2 0 M M M 2.8 13 210 M M 3 20 170
31 76 52 64 M 1 0 M M M 5.1 13 150 M M 6 12 21 140
================================================================================
SM 2250 1456 193 36 0.13 M 177.2 M 157
================================================================================
AV 72.6 47.0 5.7 FASTST M M 5 MAX(MPH)
MISC ----> 24 360 33 350
================================================================================
NOTES:
# LAST OF SEVERAL OCCURRENCES
COLUMN 17 PEAK WIND IN M.P.H.
PRELIMINARY LOCAL CLIMATOLOGICAL DATA (WS FORM: F-6) , PAGE 2
STATION: KERRVILLE
MONTH: DECEMBER
YEAR: 2021
LATITUDE: 29 58 N
LONGITUDE: 99 5 W
[TEMPERATURE DATA] [PRECIPITATION DATA] SYMBOLS USED IN COLUMN 16
AVERAGE MONTHLY: 59.8 TOTAL FOR MONTH: 0.13 1 = FOG OR MIST
DPTR FM NORMAL: 0.0 DPTR FM NORMAL: M 2 = FOG REDUCING VISIBILITY
HIGHEST: 82 ON 29,10 GRTST 24HR 0.05 ON 19-19 TO 1/4 MILE OR LESS
LOWEST: 24 ON 12 3 = THUNDER
SNOW, ICE PELLETS, HAIL 4 = ICE PELLETS
TOTAL MONTH: M 5 = HAIL
GRTST 24HR M ON M 6 = FREEZING RAIN OR DRIZZLE
GRTST DEPTH: M ON M 7 = DUSTSTORM OR SANDSTORM:
VSBY 1/2 MILE OR LESS
8 = SMOKE OR HAZE
[NO. OF DAYS WITH] [WEATHER - DAYS WITH] 9 = BLOWING SNOW
X = TORNADO
MAX 32 OR BELOW: 0 0.01 INCH OR MORE: 5
MAX 90 OR ABOVE: 0 0.10 INCH OR MORE: 0
MIN 32 OR BELOW: 3 0.50 INCH OR MORE: 0
MIN 0 OR BELOW: 0 1.00 INCH OR MORE: 0
[HDD (BASE 65) ]
TOTAL THIS MO. 193 CLEAR (SCALE 0-3) 8
DPTR FM NORMAL M PTCLDY (SCALE 4-7) 16
TOTAL FM JUL 1 477 CLOUDY (SCALE 8-10) 7
DPTR FM NORMAL M
[CDD (BASE 65) ]
TOTAL THIS MO. 36
DPTR FM NORMAL M [PRESSURE DATA]
TOTAL FM JAN 1 2410 HIGHEST SLP M ON M
DPTR FM NORMAL M LOWEST SLP M ON M
[REMARKS]
#FINAL-12-21#