000
CXUS53 KPAH 010700
CF6EVV
PRELIMINARY LOCAL CLIMATOLOGICAL DATA (WS FORM: F-6)
STATION: EVANSVILLE IN
MONTH: MAY
YEAR: 2022
LATITUDE: 38 2 N
LONGITUDE: 87 32 W
TEMPERATURE IN F: :PCPN: SNOW: WIND :SUNSHINE: SKY :PK WND
================================================================================
1 2 3 4 5 6A 6B 7 8 9 10 11 12 13 14 15 16 17 18
12Z AVG MX 2MIN
DY MAX MIN AVG DEP HDD CDD WTR SNW DPTH SPD SPD DIR MIN PSBL S-S WX SPD DR
================================================================================
1 78 53 66 4 0 1 0.00 0.0 0 10.7 26 230 M M 1 38 230
2 76 48 62 -1 3 0 T 0.0 0 3.8 10 70 M M 2 3 15 60
3 79 55 67 4 0 2 0.19 0.0 0 13.0 28 230 M M 8 1 42 230
4 61 50 56 -7 9 0 0.00 0.0 0 5.5 12 360 M M 8 17 60
5 65 49 57 -7 8 0 0.24 0.0 0 5.0 15 290 M M 5 13 23 290
6 68 54 61 -3 4 0 0.07 0.0 0 8.1 18 290 M M 10 13 29 300
7 69 50 60 -4 5 0 0.00 0.0 0 7.7 20 40 M M 9 1 27 30
8 73 47 60 -5 5 0 0.00 0.0 0 5.2 15 110 M M 0 22 100
9 80 56 68 3 0 3 0.00 0.0 0 8.7 17 130 M M 3 27 120
10 89 63 76 11 0 11 0.00 0.0 0 7.5 17 220 M M 2 24 230
11 91 69 80 14 0 15 0.00 0.0 0 3.0 9 100 M M 3 18 15 120
12 90 64 77 11 0 12 0.00 0.0 0 4.1 12 100 M M 0 18 17 60
13 89 58 74 8 0 9 0.00 0.0 0 3.4 12 90 M M 1 17 100
14 88 63 76 10 0 11 0.64 0.0 0 5.4 29 60 M M 2 13 43 60
15 86 60 73 6 0 8 0.01 0.0 0 5.3 15 340 M M 1 1 26 330
16 81 56 69 2 0 4 0.00 0.0 0 6.4 16 330 M M 0 23 320
17 85 54 70 3 0 5 0.00 0.0 0 6.2 15 260 M M 0 19 250
18 82 63 73 5 0 8 0.16 0.0 0 5.8 21 260 M M 5 138 31 250
19 84 63 74 6 0 9 T 0.0 0 6.7 21 190 M M 3 13 31 170
20 90 76 83 15 0 18 0.00 0.0 0 16.6 26 210 M M 0 42 210
21 87 66 77 9 0 12 0.63 0.0 0 9.2 25 320 M M 5 13 40 320
22 67 59 63 -6 2 0 0.01 0.0 0 8.2 16 340 M M 9 1 23 280
23 70 55 63 -6 2 0 0.00 0.0 0 9.6 18 30 M M 6 24 40
24 77 56 67 -2 0 2 0.29 0.0 0 8.2 15 90 M M 5 1 25 100
25 82 65 74 4 0 9 0.55 0.0 0 9.4 26 210 M M 7 1 34 220
26 77 61 69 -1 0 4 0.85 0.0 0 8.5 23 220 M M 8 13 30 210
27 71 59 65 -5 0 0 0.11 0.0 0 9.2 18 270 M M 9 1 27 270
28 75 59 67 -3 0 2 0.00 0.0 0 4.1 13 230 M M 6 1 17 230
29 84 58 71 0 0 6 0.00 0.0 0 6.9 16 190 M M 0 24 180
30 88 65 77 6 0 12 0.00 0.0 0 9.6 22 190 M M 1 30 190
31 90 68 79 8 0 14 0.00 0.0 0 7.5 17 220 M M 1 26 200
================================================================================
SM 2472 1822 38 177 3.75 0.0 228.5 M 120
================================================================================
AV 79.7 58.8 7.4 FASTST M M 4 MAX(MPH)
MISC ----> 29 60 43 60
================================================================================
NOTES:
# LAST OF SEVERAL OCCURRENCES
COLUMN 17 PEAK WIND IN M.P.H.
PRELIMINARY LOCAL CLIMATOLOGICAL DATA (WS FORM: F-6) , PAGE 2
STATION: EVANSVILLE IN
MONTH: MAY
YEAR: 2022
LATITUDE: 38 2 N
LONGITUDE: 87 32 W
[TEMPERATURE DATA] [PRECIPITATION DATA] SYMBOLS USED IN COLUMN 16
AVERAGE MONTHLY: 69.3 TOTAL FOR MONTH: 3.75 1 = FOG OR MIST
DPTR FM NORMAL: 2.4 DPTR FM NORMAL: -1.37 2 = FOG REDUCING VISIBILITY
HIGHEST: 91 ON 11 GRTST 24HR 1.06 ON 25-26 TO 1/4 MILE OR LESS
LOWEST: 47 ON 8 3 = THUNDER
SNOW, ICE PELLETS, HAIL 4 = ICE PELLETS
TOTAL MONTH: 0.0 INCH 5 = HAIL
GRTST 24HR 0.0 6 = FREEZING RAIN OR DRIZZLE
GRTST DEPTH: 0 7 = DUSTSTORM OR SANDSTORM:
VSBY 1/2 MILE OR LESS
8 = SMOKE OR HAZE
[NO. OF DAYS WITH] [WEATHER - DAYS WITH] 9 = BLOWING SNOW
X = TORNADO
MAX 32 OR BELOW: 0 0.01 INCH OR MORE: 12
MAX 90 OR ABOVE: 4 0.10 INCH OR MORE: 9
MIN 32 OR BELOW: 0 0.50 INCH OR MORE: 4
MIN 0 OR BELOW: 0 1.00 INCH OR MORE: 0
[HDD (BASE 65) ]
TOTAL THIS MO. 38 CLEAR (SCALE 0-3) 16
DPTR FM NORMAL -35 PTCLDY (SCALE 4-7) 8
TOTAL FM JUL 1 4163 CLOUDY (SCALE 8-10) 7
DPTR FM NORMAL -172
[CDD (BASE 65) ]
TOTAL THIS MO. 177
DPTR FM NORMAL 43 [PRESSURE DATA]
TOTAL FM JAN 1 215 HIGHEST SLP M ON M
DPTR FM NORMAL 48 LOWEST SLP 29.54 ON 19
[REMARKS]
#FINAL-05-22#