000
CXUS56 KSLC 052145
CF6EVW
PRELIMINARY LOCAL CLIMATOLOGICAL DATA (WS FORM: F-6)
STATION: EVANSTON WY
MONTH: JUNE
YEAR: 2022
LATITUDE: 41 16 N
LONGITUDE: 111 2 W
TEMPERATURE IN F: :PCPN: SNOW: WIND :SUNSHINE: SKY :PK WND
================================================================================
1 2 3 4 5 6A 6B 7 8 9 10 11 12 13 14 15 16 17 18
12Z AVG MX 2MIN
DY MAX MIN AVG DEP HDD CDD WTR SNW DPTH SPD SPD DIR MIN PSBL S-S WX SPD DR
================================================================================
1 62 37 50 -4 15 0 0.00 M M 7.1 14 70 M M 2 19 90
2 71 38 55 1 10 0 0.00 M M 6.1 17 260 M M 0 25 270
3 76 47 62 8 3 0 0.00 M M 10.9 25 250 M M 0 35 280
4 74 50 62 8 3 0 0.00 M M 10.8 25 240 M M 4 36 230
5 66 48 57 2 8 0 0.02 M M 10.8 30 240 M M 7 40 240
6 67 47 57 2 8 0 0.00 M M 11.5 30 260 M M 3 38 270
7 69 40 55 0 10 0 0.00 M M 8.6 25 250 M M 0 32 250
8 78 43 61 5 4 0 0.00 M M 8.2 22 240 M M 0 31 240
9 79 49 64 8 1 0 0.00 M M 7.4 23 240 M M 0 31 240
10 83 47 65 9 0 0 T M M 9.6 26 270 M M 0 35 250
11 82 56 69 13 0 4 0.00 M M 12.5 32 260 M M 0 41 210
12 85 55 70 13 0 5 0.00 M M 16.7 36 220 M M 1 50 210
13 55 38 47 -10 18 0 0.43 M M 11.5 23 270 M M 8 1 30 330
14 54 32 43 -14 22 0 0.00 M M 15.5 29 240 M M 2 37 240
15 65 31 48 -10 17 0 0.00 M M 10.9 23 220 M M 0 29 230
16 84 43 64 6 1 0 0.00 M M 10.0 29 220 M M 0 40 210
17 85 56 71 13 0 6 T M M 18.5 41 190 M M 3 62 170
18 80 53 67 8 0 2 T M M 18.1 40 230 M M 4 62 220
19 66 37 52 -7 13 0 T M M 10.2 37 230 M M 5 3 56 220
20 56 33 45 -15 20 0 0.23 M M 9.0 23 230 M M 4 12 29 230
21 72 37 55 -5 10 0 0.00 M M 5.6 13 270 M M 0 20 240
22 79 42 61 1 4 0 0.00 M M 5.8 16 270 M M 1 24 250
23 79 51 65 4 0 0 0.10 M M 9.2 35 220 M M 5 3 45 220
24 74 48 61 0 4 0 0.01 M M 10.2 24 260 M M 2 33 250
25 77 46 62 1 3 0 0.00 M M 7.7 21 270 M M 0 28 230
26 81 46 64 2 1 0 0.00 M M 8.5 21 250 M M 1 30 220
27 82 48 65 3 0 0 0.00 M M 7.0 24 300 M M 1 36 300
28 86 54 70 7 0 5 0.00 M M 11.0 36 210 M M 1 46 220
29 82 58 70 7 0 5 0.00 M M 13.0 30 260 M M 3 41 260
30 80 54 67 4 0 2 0.03 M M 7.7 21 100 M M 6 28 110
================================================================================
SM 2229 1364 175 29 0.82 M 309.6 M 63
================================================================================
AV 74.3 45.5 10.3 FASTST M M 2 MAX(MPH)
MISC ----> 41 190 # 62 170
================================================================================
NOTES:
# LAST OF SEVERAL OCCURRENCES
COLUMN 17 PEAK WIND IN M.P.H.
PRELIMINARY LOCAL CLIMATOLOGICAL DATA (WS FORM: F-6) , PAGE 2
STATION: EVANSTON WY
MONTH: JUNE
YEAR: 2022
LATITUDE: 41 16 N
LONGITUDE: 111 2 W
[TEMPERATURE DATA] [PRECIPITATION DATA] SYMBOLS USED IN COLUMN 16
AVERAGE MONTHLY: 59.9 TOTAL FOR MONTH: 0.82 1 = FOG OR MIST
DPTR FM NORMAL: 1.8 DPTR FM NORMAL: -0.24 2 = FOG REDUCING VISIBILITY
HIGHEST: 86 ON 28 GRTST 24HR 0.43 ON 13-13 TO 1/4 MILE OR LESS
LOWEST: 31 ON 15 3 = THUNDER
SNOW, ICE PELLETS, HAIL 4 = ICE PELLETS
TOTAL MONTH: M 5 = HAIL
GRTST 24HR M ON M 6 = FREEZING RAIN OR DRIZZLE
GRTST DEPTH: M ON M 7 = DUSTSTORM OR SANDSTORM:
VSBY 1/2 MILE OR LESS
8 = SMOKE OR HAZE
[NO. OF DAYS WITH] [WEATHER - DAYS WITH] 9 = BLOWING SNOW
X = TORNADO
MAX 32 OR BELOW: 0 0.01 INCH OR MORE: 6
MAX 90 OR ABOVE: 0 0.10 INCH OR MORE: 3
MIN 32 OR BELOW: 2 0.50 INCH OR MORE: 0
MIN 0 OR BELOW: 0 1.00 INCH OR MORE: 0
[HDD (BASE 65) ]
TOTAL THIS MO. 175 CLEAR (SCALE 0-3) 22
DPTR FM NORMAL -49 PTCLDY (SCALE 4-7) 7
TOTAL FM JUL 1 8081 CLOUDY (SCALE 8-10) 1
DPTR FM NORMAL -348
[CDD (BASE 65) ]
TOTAL THIS MO. 29
DPTR FM NORMAL 12 [PRESSURE DATA]
TOTAL FM JAN 1 29 HIGHEST SLP 30.35 ON 20
DPTR FM NORMAL 11 LOWEST SLP 29.41 ON 12
[REMARKS]
#FINAL-06-22#