000
CXUS52 KMHX 260600
CF6EWN
PRELIMINARY LOCAL CLIMATOLOGICAL DATA (WS FORM: F-6)
STATION: NEW BERN NC
MONTH: APRIL
YEAR: 2024
LATITUDE: 35 4 N
LONGITUDE: 77 3 W
TEMPERATURE IN F: :PCPN: SNOW: WIND :SUNSHINE: SKY :PK WND
================================================================================
1 2 3 4 5 6A 6B 7 8 9 10 11 12 13 14 15 16 17 18
12Z AVG MX 2MIN
DY MAX MIN AVG DEP HDD CDD WTR SNW DPTH SPD SPD DIR MIN PSBL S-S WX SPD DR
================================================================================
1 84 58 71 13 0 6 0.00 0.0 0 7.7 17 260 M M 0 24 230
2 86 61 74 16 0 9 0.00 0.0 0 9.4 20 240 M M 1 31 230
3 70 59 65 7 0 0 0.49 0.0 0 12.4 24 210 M M 4 1 40 200
4 62 43 53 -5 12 0 0.00 0.0 0 9.8 22 260 M M 4 35 260
5 64 40 52 -7 13 0 0.00 0.0 0 8.9 22 270 M M 4 31 300
6 60 43 52 -7 13 0 0.00 0.0 0 8.4 18 360 M M 3 34 360
7 66 40 53 -6 12 0 0.00 0.0 0 5.5 15 310 M M 0 23 360
8 74 42 58 -2 7 0 0.00 0.0 0 5.5 17 170 M M 0 23 160
9 75 56 66 6 0 1 0.00 0.0 0 7.1 22 270 M M 3 30 270
10 80 61 71 11 0 6 0.00 0.0 0 7.7 17 210 M M 3 1 26 220
11 72 61 67 7 0 2 0.51 0.0 0 16.0 35 180 M M 7 1 58 170
12 75 52 64 3 1 0 0.13 0.0 0 14.3 28 310 M M 3 3 41 310
13 72 51 62 1 3 0 0.00 0.0 0 11.5 25 280 M M 0 37 310
14 80 45 63 2 2 0 0.00 0.0 0 6.2 18 180 M M 0 27 170
15 89 58 74 12 0 9 0.00 0.0 0 8.8 17 170 M M 0 26 160
16 79 58 69 7 0 4 0.00 0.0 0 6.9 16 50 M M 0 22 80
17 85 54 70 8 0 5 T 0.0 0 5.8 14 260 M M 1 1 22 270
18 87 64 76 14 0 11 0.00 0.0 0 7.8 16 70 M M 1 22 50
19 75 57 66 3 0 1 0.00 0.0 0 8.8 15 120 M M 5 23 120
20 83 63 73 10 0 8 0.22 0.0 0 4.9 13 350 M M 6 123 18 360
21 65 50 58 -5 7 0 0.82 0.0 0 10.8 21 40 M M 10 13 29 40
22 57 41 49 -15 16 0 0.00 0.0 0 9.8 17 40 M M 5 25 340
23 70 38 54 -10 11 0 0.00 0.0 0 4.8 17 200 M M 1 12 26 200
24 80 49 65 1 0 0 0.01 0.0 0 7.1 18 340 M M 3 26 240
25 76 50 63 -1 2 0 0.00 0.0 0 7.7 22 40 M M 2 12 29 50
================================================================================
SM 1866 1294 99 62 2.18 0.0 213.6 M 66
================================================================================
AV 74.6 51.8 8.5 FASTST M M 3 MAX(MPH)
MISC ----> 35 180 58 170
================================================================================
NOTES:
# LAST OF SEVERAL OCCURRENCES
COLUMN 17 PEAK WIND IN M.P.H.
PRELIMINARY LOCAL CLIMATOLOGICAL DATA (WS FORM: F-6) , PAGE 2
STATION: NEW BERN NC
MONTH: APRIL
YEAR: 2024
LATITUDE: 35 4 N
LONGITUDE: 77 3 W
[TEMPERATURE DATA] [PRECIPITATION DATA] SYMBOLS USED IN COLUMN 16
AVERAGE MONTHLY: 63.2 TOTAL FOR MONTH: 2.18 1 = FOG OR MIST
DPTR FM NORMAL: 2.2 DPTR FM NORMAL: -0.46 2 = FOG REDUCING VISIBILITY
HIGHEST: 89 ON 15 GRTST 24HR 0.82 ON 21-21 TO 1/4 MILE OR LESS
LOWEST: 38 ON 23 3 = THUNDER
SNOW, ICE PELLETS, HAIL 4 = ICE PELLETS
TOTAL MONTH: 0.0 INCH 5 = HAIL
GRTST 24HR 0.0 6 = FREEZING RAIN OR DRIZZLE
GRTST DEPTH: 0 7 = DUSTSTORM OR SANDSTORM:
VSBY 1/2 MILE OR LESS
8 = SMOKE OR HAZE
[NO. OF DAYS WITH] [WEATHER - DAYS WITH] 9 = BLOWING SNOW
X = TORNADO
MAX 32 OR BELOW: 0 0.01 INCH OR MORE: 6
MAX 90 OR ABOVE: 0 0.10 INCH OR MORE: 5
MIN 32 OR BELOW: 0 0.50 INCH OR MORE: 2
MIN 0 OR BELOW: 0 1.00 INCH OR MORE: 0
[HDD (BASE 65) ]
TOTAL THIS MO. 99 CLEAR (SCALE 0-3) 15
DPTR FM NORMAL -41 PTCLDY (SCALE 4-7) 9
TOTAL FM JUL 1 2222 CLOUDY (SCALE 8-10) 1
DPTR FM NORMAL -429
[CDD (BASE 65) ]
TOTAL THIS MO. 62
DPTR FM NORMAL 20 [PRESSURE DATA]
TOTAL FM JAN 1 82 HIGHEST SLP M ON M
DPTR FM NORMAL 21 LOWEST SLP 29.35 ON 3
[REMARKS]