000
CXUS51 KOKX 010702
CF6EWR
PRELIMINARY LOCAL CLIMATOLOGICAL DATA (WS FORM: F-6)
STATION: NEWARK NJ
MONTH: AUGUST
YEAR: 2020
LATITUDE: 40 42 N
LONGITUDE: 74 10 W
TEMPERATURE IN F: :PCPN: SNOW: WIND :SUNSHINE: SKY :PK WND
================================================================================
1 2 3 4 5 6A 6B 7 8 9 10 11 12 13 14 15 16 17 18
12Z AVG MX 2MIN
DY MAX MIN AVG DEP HDD CDD WTR SNW DPTH SPD SPD DIR MIN PSBL S-S WX SPD DR
================================================================================
1 88 69 79 2 0 14 T 0.0 0 7.2 15 160 M M 5 19 160
2 93 77 85 8 0 20 T 0.0 0 11.2 21 220 M M 8 28 200
3 91 74 83 6 0 18 0.34 0.0 0 9.1 36 230 M M 6 138 43 230
4 81 70 76 -1 0 11 0.72 0.0 0 14.0 47 260 M M 8 13 68 130
5 88 72 80 3 0 15 0.00 0.0 0 8.9 20 250 M M 4 24 260
6 81 70 76 -1 0 11 T 0.0 0 5.5 14 360 M M 8 17 360
7 80 68 74 -3 0 9 0.60 0.0 0 6.0 14 20 M M 9 13 18 130
8 84 69 77 0 0 12 T 0.0 0 6.1 13 150 M M 7 1 18 120
9 90 69 80 3 0 15 0.00 0.0 0 7.7 15 150 M M 6 19 150
10 94 73 84 7 0 19 0.00 0.0 0 7.8 16 250 M M 2 1 21 250
11 88 75 82 5 0 17 0.04 0.0 0 7.6 24 160 M M 5 138 32 160
12 91 77 84 8 0 19 T 0.0 0 5.9 16 200 M M 7 38 22 190
13 81 72 77 1 0 12 0.49 0.0 0 6.0 13 40 M M 8 13 17 50
14 89 73 81 5 0 16 0.00 0.0 0 7.5 18 40 M M 8 22 40
15 85 70 78 2 0 13 0.00 0.0 0 9.7 16 150 M M 8 21 80
16 73 67 70 -6 0 5 0.14 0.0 0 12.8 18 360 M M 10 18 25 30
17 84 64 74 -2 0 9 0.01 0.0 0 5.8 17 340 M M 6 22 340
18 85 63 74 -2 0 9 0.28 0.0 0 7.5 22 320 M M 5 13 32 300
19 78 66 72 -4 0 7 0.21 0.0 0 6.1 17 260 M M 6 13 23 290
20 83 61 72 -4 0 7 0.00 0.0 0 6.6 14 280 M M 4 17 280
21 87 65 76 1 0 11 0.00 0.0 0 10.5 20 240 M M 7 23 240
22 92 71 82 7 0 17 0.00 0.0 0 9.4 17 230 M M 7 3 25 240
23 87 71 79 4 0 14 0.00 0.0 0 6.2 14 170 M M 7 19 160
24 93 72 83 8 0 18 0.00 0.0 0 8.5 17 260 M M 6 23 260
25 92 73 83 8 0 18 T 0.0 0 12.9 28 350 M M 4 3 35 260
26 82 67 75 1 0 10 0.00 0.0 0 12.1 21 320 M M 5 28 290
27 93 68 81 7 0 16 0.34 0.0 0 9.6 49 350 M M 7 13 71 340
28 89 69 79 5 0 14 0.02 0.0 0 9.1 15 230 M M 7 22 330
29 84 71 78 4 0 13 T 0.0 0 10.5 21 260 M M 8 26 230
30 82 64 73 -1 0 8 0.00 0.0 0 12.5 25 290 M M 5 31 290
31 78 61 70 -3 0 5 T 0.0 0 6.8 12 20 M M 8 16 110
================================================================================
SM 2666 2151 0 402 3.19 0.0 267.1 M 201
================================================================================
AV 86.0 69.4 8.6 FASTST M M 6 MAX(MPH)
MISC ----> # 49 350 # 71 340
================================================================================
NOTES:
# LAST OF SEVERAL OCCURRENCES
COLUMN 17 PEAK WIND IN M.P.H.
PRELIMINARY LOCAL CLIMATOLOGICAL DATA (WS FORM: F-6) , PAGE 2
STATION: NEWARK NJ
MONTH: AUGUST
YEAR: 2020
LATITUDE: 40 42 N
LONGITUDE: 74 10 W
[TEMPERATURE DATA] [PRECIPITATION DATA] SYMBOLS USED IN COLUMN 16
AVERAGE MONTHLY: 77.7 TOTAL FOR MONTH: 3.19 1 = FOG OR MIST
DPTR FM NORMAL: 1.9 DPTR FM NORMAL: -0.51 2 = FOG REDUCING VISIBILITY
HIGHEST: 94 ON 10 GRTST 24HR 1.10 ON 31- 1 TO 1/4 MILE OR LESS
LOWEST: 61 ON 31,20 3 = THUNDER
SNOW, ICE PELLETS, HAIL 4 = ICE PELLETS
TOTAL MONTH: 0.0 INCH 5 = HAIL
GRTST 24HR 0.0 6 = FREEZING RAIN OR DRIZZLE
GRTST DEPTH: 0 7 = DUSTSTORM OR SANDSTORM:
VSBY 1/2 MILE OR LESS
8 = SMOKE OR HAZE
[NO. OF DAYS WITH] [WEATHER - DAYS WITH] 9 = BLOWING SNOW
X = TORNADO
MAX 32 OR BELOW: 0 0.01 INCH OR MORE: 11
MAX 90 OR ABOVE: 9 0.10 INCH OR MORE: 8
MIN 32 OR BELOW: 0 0.50 INCH OR MORE: 2
MIN 0 OR BELOW: 0 1.00 INCH OR MORE: 0
[HDD (BASE 65) ]
TOTAL THIS MO. 0 CLEAR (SCALE 0-3) 1
DPTR FM NORMAL -1 PTCLDY (SCALE 4-7) 24
TOTAL FM JUL 1 0 CLOUDY (SCALE 8-10) 6
DPTR FM NORMAL -1
[CDD (BASE 65) ]
TOTAL THIS MO. 402
DPTR FM NORMAL 66 [PRESSURE DATA]
TOTAL FM JAN 1 1241 HIGHEST SLP M ON M
DPTR FM NORMAL 207 LOWEST SLP 29.43 ON 4
[REMARKS]
#FINAL-08-20#