000
CXUS51 KOKX 011456
CLMEWR
CLIMATE REPORT
NATIONAL WEATHER SERVICE NEW YORK, NY
1056 AM EDT TUE AUG 01 2023
...................................
...THE NEWARK NJ CLIMATE SUMMARY FOR THE MONTH OF JULY 2023...
CLIMATE NORMAL PERIOD 1991 TO 2020
CLIMATE RECORD PERIOD 1931 TO 2023
WEATHER OBSERVED NORMAL DEPART LAST YEAR`S
VALUE DATE(S) VALUE FROM VALUE DATE(S)
NORMAL
................................................................
TEMPERATURE (F)
RECORD
HIGH 108 07/22/2011
LOW 51 07/04/1933
HIGHEST 96 07/27 MM MM 102 07/24
LOWEST 64 07/31 MM MM 64 07/04
AVG. MAXIMUM 89.1 86.9 2.2 92.1
AVG. MINIMUM 72.1 69.4 2.7 73.1
MEAN 80.6 78.2 2.4 82.6
DAYS MAX >= 90 14 11.0 3.0 20
DAYS MAX <= 32 0 0.0 0.0 0
DAYS MIN <= 32 0 0.0 0.0 0
DAYS MIN <= 0 0 0.0 0.0 0
PRECIPITATION (INCHES)
RECORD
MAXIMUM 11.22 2020
MINIMUM 0.55 2022
TOTALS 6.26 4.66 1.60 0.55
DAILY AVG. 0.20 0.15 0.05 0.02
DAYS >= .01 13 10.0 3.0 9
DAYS >= .10 10 6.7 3.3 2
DAYS >= .50 4 3.2 0.8 0
DAYS >= 1.00 3 1.5 1.5 0
GREATEST
24 HR. TOTAL 1.63 07/15 TO 07/16 0.15 07/16 TO 07/17
STORM TOTAL 1.49 0.12
(MM/DD(HH)) MM
DEGREE DAYS
HEATING TOTAL 0 0 0 0
SINCE 7/1 0 0 0 MM
COOLING TOTAL 490 408 82 553
SINCE 1/1 792 737 55 MM
................................................................
WIND (MPH)
AVERAGE WIND SPEED 7.4
HIGHEST WIND SPEED/DIRECTION 36/230 DATE 07/25
HIGHEST GUST SPEED/DIRECTION 46/240 DATE 07/25
WEATHER CONDITIONS. NUMBER OF DAYS WITH
THUNDERSTORM 13 MIXED PRECIP 0
HEAVY RAIN 6 RAIN 5
LIGHT RAIN 12 FREEZING RAIN 0
LT FREEZING RAIN 0 HAIL 0
HEAVY SNOW 0 SNOW 0
LIGHT SNOW 0 SLEET 0
FOG 12 FOG W/VIS <= 1/4 MILE 0
HAZE 9
- INDICATES NEGATIVE NUMBERS.
R INDICATES RECORD WAS SET OR TIED.
MM INDICATES DATA IS MISSING.
T INDICATES TRACE AMOUNT.
$$