000
CXUS53 KIND 010700
CF6EYE
PRELIMINARY LOCAL CLIMATOLOGICAL DATA (WS FORM: F-6)
STATION: INDIANAPOLIS EAGLE CREEK IN
MONTH: DECEMBER
YEAR: 2022
LATITUDE: 39 49 N
LONGITUDE: 86 18 W
TEMPERATURE IN F: :PCPN: SNOW: WIND :SUNSHINE: SKY :PK WND
================================================================================
1 2 3 4 5 6A 6B 7 8 9 10 11 12 13 14 15 16 17 18
12Z AVG MX 2MIN
DY MAX MIN AVG DEP HDD CDD WTR SNW DPTH SPD SPD DIR MIN PSBL S-S WX SPD DR
================================================================================
1 39 19 29 -9 36 0 0.00 M M 6.3 17 280 M M 0 25 300
2 57 34 46 9 19 0 T M M 11.9 25 190 M M 9 8 44 210
3 54 25 40 3 25 0 T M M 12.1 35 290 M M 3 1 49 290
4 40 18 29 -8 36 0 0.00 M M 3.6 10 200 M M 0 15 240
5 45 23 34 -2 31 0 0.00 M M 3.9 9 130 M M 6 14 160
6 49 41 45 9 20 0 0.01 M M 2.0 9 110 M M 10 1 13 100
7 47 38 43 7 22 0 0.00 M M 4.0 9 330 M M 8 18 11 330
8 44 38 41 5 24 0 0.04 M M 5.1 12 60 M M 10 18 16 60
9 45 38 42 7 23 0 0.14 M M 5.7 14 80 M M 10 1 21 100
10 43 38 41 6 24 0 0.01 M M 5.6 12 120 M M 10 1 16 110
11 42 39 41 6 24 0 0.00 M M 5.7 13 300 M M 10 1 16 300
12 44 34 39 5 26 0 0.00 M M 6.0 14 70 M M 8 20 110
13 42 30 36 2 29 0 0.00 M M 9.8 17 110 M M 1 1 26 100
14 52 40 46 12 19 0 1.01 M M 10.8 16 120 M M 10 1 25 130
15 53 35 44 10 21 0 0.17 M M 9.2 32 280 M M 9 1 47 290
16 36 29 33 0 32 0 T M M 9.2 17 210 M M 10 32 260
17 34 23 29 -4 36 0 T M M 9.6 17 280 M M 10 30 270
18 30 21 26 -7 39 0 T M M 8.6 16 260 M M 3 26 260
19 32 18 25 -7 40 0 0.00 M M 2.3 10 300 M M 1 16 290
20 43 25 34 2 31 0 0.00 M M 3.3 9 330 M M 6 15 310
21 41 24 33 1 32 0 0.00 M M 5.2 12 90 M M 1 18 16 70
22 41 0 21 -11 44 0 0.10 M M 11.4 29 300 M M 9 18 43 300
23 1 -9 -4 -36 69 0 T M M 19.3 31 280 M M 10 19 47 260
24 15 0 8 -23 57 0 T M M 14.0 21 280 M M M 9 36 270
25 17 5 11 -20 54 0 0.00 M M 9.6 18 270 M M M 29 280
26 24 16 20 -11 45 0 T M M 3.5 9 150 M M M 1 16 160
27 30 23 27 -4 38 0 0.00 M M 6.2 15 180 M M M 1 27 190
28 50 27 39 8 26 0 0.00 M M 10.1 18 190 M M M 1 30 200
29 58 46 52 22 13 0 T M M 9.8 17 180 M M 10 28 190
30 57 45 51 21 14 0 1.12 M M 5.0 16 190 M M 10 1 26 220
31 48 37 43 13 22 0 0.15 M M 4.2 10 330 M M 6 128 13 330
================================================================================
SM 1253 820 971 0 2.75 M 233.0 M 180
================================================================================
AV 40.4 26.5 7.5 FASTST M M 7 MAX(MPH)
MISC ----> 35 290 49 290
================================================================================
NOTES:
# LAST OF SEVERAL OCCURRENCES
COLUMN 17 PEAK WIND IN M.P.H.
PRELIMINARY LOCAL CLIMATOLOGICAL DATA (WS FORM: F-6) , PAGE 2
STATION: INDIANAPOLIS EAGLE CREEK IN
MONTH: DECEMBER
YEAR: 2022
LATITUDE: 39 49 N
LONGITUDE: 86 18 W
[TEMPERATURE DATA] [PRECIPITATION DATA] SYMBOLS USED IN COLUMN 16
AVERAGE MONTHLY: 33.4 TOTAL FOR MONTH: 2.75 1 = FOG OR MIST
DPTR FM NORMAL: -0.1 DPTR FM NORMAL: 0.08 2 = FOG REDUCING VISIBILITY
HIGHEST: 58 ON 29 GRTST 24HR 1.16 ON 14-15 TO 1/4 MILE OR LESS
LOWEST: -9 ON 23 3 = THUNDER
SNOW, ICE PELLETS, HAIL 4 = ICE PELLETS
TOTAL MONTH: M 5 = HAIL
GRTST 24HR M ON M 6 = FREEZING RAIN OR DRIZZLE
GRTST DEPTH: M ON M 7 = DUSTSTORM OR SANDSTORM:
VSBY 1/2 MILE OR LESS
8 = SMOKE OR HAZE
[NO. OF DAYS WITH] [WEATHER - DAYS WITH] 9 = BLOWING SNOW
X = TORNADO
MAX 32 OR BELOW: 7 0.01 INCH OR MORE: 9
MAX 90 OR ABOVE: 0 0.10 INCH OR MORE: 6
MIN 32 OR BELOW: 18 0.50 INCH OR MORE: 2
MIN 0 OR BELOW: 3 1.00 INCH OR MORE: 2
[HDD (BASE 65) ]
TOTAL THIS MO. 971 CLEAR (SCALE 0-3) 5
DPTR FM NORMAL -5 PTCLDY (SCALE 4-7) 7
TOTAL FM JUL 1 1984 CLOUDY (SCALE 8-10) 19
DPTR FM NORMAL -14
[CDD (BASE 65) ]
TOTAL THIS MO. 0
DPTR FM NORMAL 0 [PRESSURE DATA]
TOTAL FM JAN 1 1378 HIGHEST SLP M ON M
DPTR FM NORMAL 250 LOWEST SLP 29.41 ON 15
[REMARKS]
#FINAL-12-22#