000
CXUS54 KOUN 010910
CF6FDR
PRELIMINARY LOCAL CLIMATOLOGICAL DATA (WS FORM: F-6)
STATION: FREDERICK MUNICIPAL
MONTH: FEBRUARY
YEAR: 2021
LATITUDE: 34 21 N
LONGITUDE: 98 59 W
TEMPERATURE IN F: :PCPN: SNOW: WIND :SUNSHINE: SKY :PK WND
================================================================================
1 2 3 4 5 6A 6B 7 8 9 10 11 12 13 14 15 16 17 18
12Z AVG MX 2MIN
DY MAX MIN AVG DEP HDD CDD WTR SNW DPTH SPD SPD DIR MIN PSBL S-S WX SPD DR
================================================================================
1 58 30 44 2 21 0 0.00 M M 6.7 12 360 M M 0 13 140
2 67 36 52 10 13 0 0.00 M M 11.3 22 170 M M 0 28 160
3 74 36 55 12 10 0 0.00 M M 11.1 20 180 M M 0 23 170
4 60 35 48 5 17 0 0.00 M M 16.3 35 350 M M 0 43 360
5 58 31 45 2 20 0 0.00 M M 7.6 16 160 M M 1 21 170
6 57 30 44 1 21 0 T M M 13.2 26 20 M M 4 18 31 20
7 54 29 42 -1 23 0 0.00 M M 11.3 18 90 M M 6 128 22 80
8 39 24 32 -11 33 0 0.00 M M 15.0 25 360 M M 7 1 30 360
9 30 21 26 -18 39 0 T M M 11.8 21 10 M M 10 18 25 10
10 25 21 23 -21 42 0 0.00 M M 14.4 22 10 M M 10 18 26 30
11 29 19 24 -20 41 0 0.00 M M 15.8 22 10 M M 10 28 10
12 23 17 20 -24 45 0 0.00 M M 16.5 24 10 M M 10 30 10
13 28 12 20 -24 45 0 0.00 M M 15.6 23 10 M M 8 27 10
14 17 5 11 -34 54 0 M M M 22.1 30 10 M M 10 36 20
15 11 -4 4 -41 61 0 T T M 12.7 25 10 M M 3 9 31 10
16 M M M M M M M M M M M M M M 0 M M
17 M M M M M M M M M M M M M M M M M
18 28 4 16 -30 49 0 0.00 M M 11.0 17 360 M M M 1 22 10
19 34 2 18 -28 47 0 0.00 M M 8.4 16 170 M M M 1 19 170
20 45 15 30 -16 35 0 0.00 M M 10.5 21 150 M M M 1 27 160
21 61 32 47 1 18 0 0.00 M M 11.7 23 340 M M M 27 340
22 68 28 48 1 17 0 0.00 M M 8.4 24 210 M M 0 29 210
23 78 34 56 9 9 0 0.00 M M 11.1 26 200 M M 0 30 200
24 63 39 51 4 14 0 0.00 M M 17.7 30 10 M M 0 36 350
25 51 30 41 -7 24 0 T 0.0 0 9.7 21 30 M M 7 24 30
26 61 42 52 4 13 0 0.00 M M 6.7 16 210 M M 5 21 200
27 68 40 54 6 11 0 0.00 0.0 0 10.4 18 160 M M 7 128 24 160
28 61 44 53 5 12 0 0.00 M M 16.5 28 10 M M 0 1 33 10
================================================================================
SM 1248 652 734 0 T T 323.5 M 98
================================================================================
AV 48.0 25.1 12.4 FASTST M M 4 MAX(MPH)
MISC ----> 35 350 43 360
================================================================================
NOTES:
# LAST OF SEVERAL OCCURRENCES
COLUMN 17 PEAK WIND IN M.P.H.
PRELIMINARY LOCAL CLIMATOLOGICAL DATA (WS FORM: F-6) , PAGE 2
STATION: FREDERICK MUNICIPAL
MONTH: FEBRUARY
YEAR: 2021
LATITUDE: 34 21 N
LONGITUDE: 98 59 W
[TEMPERATURE DATA] [PRECIPITATION DATA] SYMBOLS USED IN COLUMN 16
AVERAGE MONTHLY: 36.5 TOTAL FOR MONTH: T 1 = FOG OR MIST
DPTR FM NORMAL: -8.4 DPTR FM NORMAL: -1.56 2 = FOG REDUCING VISIBILITY
HIGHEST: 78 ON 23 GRTST 24HR 0.03 ON 14-14 TO 1/4 MILE OR LESS
LOWEST: -4 ON 15 3 = THUNDER
SNOW, ICE PELLETS, HAIL 4 = ICE PELLETS
TOTAL MONTH: T 5 = HAIL
GRTST 24HR T ON 15-15 6 = FREEZING RAIN OR DRIZZLE
GRTST DEPTH: 0 7 = DUSTSTORM OR SANDSTORM:
VSBY 1/2 MILE OR LESS
8 = SMOKE OR HAZE
[NO. OF DAYS WITH] [WEATHER - DAYS WITH] 9 = BLOWING SNOW
X = TORNADO
MAX 32 OR BELOW: 8 0.01 INCH OR MORE: 0
MAX 90 OR ABOVE: 0 0.10 INCH OR MORE: 0
MIN 32 OR BELOW: 18 0.50 INCH OR MORE: 0
MIN 0 OR BELOW: 1 1.00 INCH OR MORE: 0
[HDD (BASE 65) ]
TOTAL THIS MO. 734 CLEAR (SCALE 0-3) 10
DPTR FM NORMAL 172 PTCLDY (SCALE 4-7) 8
TOTAL FM JUL 1 2350 CLOUDY (SCALE 8-10) 10
DPTR FM NORMAL -178
[CDD (BASE 65) ]
TOTAL THIS MO. 0
DPTR FM NORMAL -1 [PRESSURE DATA]
TOTAL FM JAN 1 0 HIGHEST SLP 30.54 ON 19
DPTR FM NORMAL 0 LOWEST SLP 29.49 ON 4
[REMARKS]
#FINAL-02-21#