000
CXUS52 KFFC 011010
CF6FFC
PRELIMINARY LOCAL CLIMATOLOGICAL DATA (WS FORM: F-6)
STATION: PEACHTREE CITY
MONTH: AUGUST
YEAR: 2022
LATITUDE: 33 20 N
LONGITUDE: 84 34 W
TEMPERATURE IN F: :PCPN: SNOW: WIND :SUNSHINE: SKY :PK WND
================================================================================
1 2 3 4 5 6A 6B 7 8 9 10 11 12 13 14 15 16 17 18
12Z AVG MX 2MIN
DY MAX MIN AVG DEP HDD CDD WTR SNW DPTH SPD SPD DIR MIN PSBL S-S WX SPD DR
================================================================================
1 89 70 80 -1 0 15 T M M 3.9 16 310 M M 1 23 320
2 90 74 82 1 0 17 0.00 M M 4.0 12 250 M M 1 22 260
3 92 73 83 2 0 18 T M M 3.1 13 110 M M 2 3 20 90
4 94 71 83 2 0 18 0.00 M M 3.6 14 130 M M 4 19 130
5 94 72 83 2 0 18 0.00 M M 2.6 12 130 M M 2 3 17 150
6 94 72 83 2 0 18 0.76 M M 3.7 20 90 M M 3 13 29 90
7 92 73 83 2 0 18 0.15 M M 2.4 14 310 M M 5 3 20 190
8 91 71 81 0 0 16 0.06 M M 2.2 14 30 M M 4 13 18 30
9 91 72 82 1 0 17 0.01 M M 2.4 13 300 M M 5 13 21 280
10 87 71 79 -2 0 14 0.01 M M 2.8 12 320 M M 3 3 15 310
11 90 70 80 0 0 15 0.54 M M 1.5 13 170 M M 3 13 23 180
12 91 70 81 1 0 16 0.00 M M 3.3 14 330 M M 4 19 320
13 86 68 77 -3 0 12 0.00 M M 3.9 14 130 M M 4 22 120
14 88 67 78 -2 0 13 0.00 M M 1.0 10 130 M M 1 15 140
15 91 68 80 0 0 15 0.04 M M 3.1 17 320 M M 3 3 24 300
16 90 69 80 0 0 15 0.00 M M 4.7 15 310 M M 2 23 310
17 83 72 78 -2 0 13 0.11 M M 2.8 13 20 M M 7 1 18 360
18 84 70 77 -3 0 12 0.23 M M 2.6 9 130 M M 9 1 13 130
19 82 70 76 -4 0 11 0.39 M M 3.6 13 140 M M 8 13 16 110
20 88 70 79 -1 0 14 0.03 M M 1.5 12 160 M M 5 13 19 170
21 87 71 79 0 0 14 0.36 M M 3.3 18 340 M M 5 13 23 320
22 85 72 79 0 0 14 0.01 M M 3.1 10 300 M M 5 14 330
23 89 73 81 2 0 16 0.04 M M 2.8 9 330 M M 6 13 320
24 83 73 78 -1 0 13 0.12 M M 1.8 9 100 M M 7 17 180
25 82 71 77 -2 0 12 1.01 M M 1.8 7 190 M M 7 1 12 210
26 89 73 81 2 0 16 0.00 M M 2.1 9 320 M M 5 13 310
27 92 72 82 4 0 17 0.00 M M 1.5 9 40 M M 3 1 13 50
28 90 72 81 3 0 16 0.00 M M 3.4 14 130 M M 2 1 19 140
29 92 69 81 3 0 16 0.00 M M 2.1 12 120 M M 1 17 50
30 92 73 83 5 0 18 0.03 M M 2.3 22 310 M M 5 3 30 310
31 90 68 79 1 0 14 0.00 M M 4.1 13 310 M M 1 17 320
================================================================================
SM 2758 2200 0 471 3.90 M 87.0 M 123
================================================================================
AV 89.0 71.0 2.8 FASTST M M 4 MAX(MPH)
MISC ----> 22 310 30 310
================================================================================
NOTES:
# LAST OF SEVERAL OCCURRENCES
COLUMN 17 PEAK WIND IN M.P.H.
PRELIMINARY LOCAL CLIMATOLOGICAL DATA (WS FORM: F-6) , PAGE 2
STATION: PEACHTREE CITY
MONTH: AUGUST
YEAR: 2022
LATITUDE: 33 20 N
LONGITUDE: 84 34 W
[TEMPERATURE DATA] [PRECIPITATION DATA] SYMBOLS USED IN COLUMN 16
AVERAGE MONTHLY: 80.0 TOTAL FOR MONTH: 3.90 1 = FOG OR MIST
DPTR FM NORMAL: 0.2 DPTR FM NORMAL: -0.06 2 = FOG REDUCING VISIBILITY
HIGHEST: 94 ON 6, 5 GRTST 24HR 1.06 ON 24-25 TO 1/4 MILE OR LESS
LOWEST: 67 ON 14 3 = THUNDER
SNOW, ICE PELLETS, HAIL 4 = ICE PELLETS
TOTAL MONTH: M 5 = HAIL
GRTST 24HR M ON M 6 = FREEZING RAIN OR DRIZZLE
GRTST DEPTH: M ON M 7 = DUSTSTORM OR SANDSTORM:
VSBY 1/2 MILE OR LESS
8 = SMOKE OR HAZE
[NO. OF DAYS WITH] [WEATHER - DAYS WITH] 9 = BLOWING SNOW
X = TORNADO
MAX 32 OR BELOW: 0 0.01 INCH OR MORE: 17
MAX 90 OR ABOVE: 17 0.10 INCH OR MORE: 9
MIN 32 OR BELOW: 0 0.50 INCH OR MORE: 3
MIN 0 OR BELOW: 0 1.00 INCH OR MORE: 1
[HDD (BASE 65) ]
TOTAL THIS MO. 0 CLEAR (SCALE 0-3) 12
DPTR FM NORMAL 0 PTCLDY (SCALE 4-7) 18
TOTAL FM JUL 1 0 CLOUDY (SCALE 8-10) 1
DPTR FM NORMAL 0
[CDD (BASE 65) ]
TOTAL THIS MO. 471
DPTR FM NORMAL 12 [PRESSURE DATA]
TOTAL FM JAN 1 1719 HIGHEST SLP 30.28 ON 6
DPTR FM NORMAL 135 LOWEST SLP 29.83 ON 15
[REMARKS]
#FINAL-08-22#