000
CXUS53 KMKX 010810
CF6FLD
PRELIMINARY LOCAL CLIMATOLOGICAL DATA (WS FORM: F-6)
STATION: FOND_DU_LAC WI
MONTH: APRIL
YEAR: 2022
LATITUDE: 43 46 N
LONGITUDE: 88 29 W
TEMPERATURE IN F: :PCPN: SNOW: WIND :SUNSHINE: SKY :PK WND
================================================================================
1 2 3 4 5 6A 6B 7 8 9 10 11 12 13 14 15 16 17 18
12Z AVG MX 2MIN
DY MAX MIN AVG DEP HDD CDD WTR SNW DPTH SPD SPD DIR MIN PSBL S-S WX SPD DR
================================================================================
1 45 27 36 -4 29 0 0.00 M M 8.2 15 320 M M 5 20 320
2 40 34 37 -3 28 0 0.07 M M 6.5 13 290 M M 8 1 18 290
3 48 33 41 1 24 0 0.11 M M 6.9 14 150 M M 8 1 18 140
4 46 34 40 -1 25 0 0.13 M M 8.9 20 150 M M 10 18 30 150
5 47 37 42 1 23 0 0.26 M M 9.5 18 130 M M 9 1 27 130
6 52 40 46 4 19 0 0.30 M M 13.8 28 240 M M 8 1 42 240
7 42 37 40 -2 25 0 0.13 M M 8.1 14 210 M M 10 20 230
8 38 31 35 -7 30 0 0.02 M M 12.8 22 340 M M 10 1 29 320
9 50 30 40 -3 25 0 0.00 M M 8.1 18 320 M M 3 25 360
10 57 27 42 -1 23 0 0.00 M M 12.8 32 140 M M 1 47 150
11 63 36 50 6 15 0 0.00 M M 9.1 22 280 M M 1 31 250
12 62 32 47 3 18 0 0.04 0.0 0 12.8 31 120 M M 4 1 44 130
13 70 36 53 9 12 0 0.63 M M 12.3 26 320 M M 7 18 35 310
14 42 34 38 -7 27 0 0.00 0.0 0 17.6 31 240 M M 5 51 230
15 45 30 38 -7 27 0 0.00 M M 15.0 30 280 M M 1 39 260
16 41 29 35 -11 30 0 0.00 M M 12.9 22 300 M M 8 8 30 290
17 44 26 35 -11 30 0 0.00 M M 6.9 14 120 M M 2 23 130
18 37 31 34 -12 31 0 0.07 M M 9.1 21 290 M M 10 1 26 290
19 50 34 42 -5 23 0 0.00 M M 8.4 18 330 M M 6 27 330
20 50 37 44 -3 21 0 0.23 M M 14.3 28 160 M M 9 1 37 160
21 65 37 51 3 14 0 0.00 M M 11.7 29 280 M M 3 1 41 280
22 48 40 44 -4 21 0 0.31 M M 13.3 25 150 M M 6 1 35 130
23 80 47 64 16 1 0 0.00 M M 18.8 29 170 M M 1 38 170
24 69 49 59 10 6 0 0.03 M M 16.7 32 230 M M 3 49 210
25 49 39 44 -5 21 0 0.00 M M 11.3 20 280 M M 9 28 280
26 39 30 35 -15 30 0 T M M 12.4 21 300 M M 9 168 28 310
27 42 27 35 -15 30 0 0.00 M M 9.4 16 40 M M 4 21 80
28 46 32 39 -11 26 0 0.00 M M 9.7 18 120 M M 9 24 130
29 61 34 48 -3 17 0 T M M 14.7 24 120 M M 6 34 120
30 57 46 52 1 13 0 0.17 M M 21.3 35 120 M M 9 47 140
================================================================================
SM 1525 1036 664 0 2.50 0.0 353.3 M 184
================================================================================
AV 50.8 34.5 11.8 FASTST M M 6 MAX(MPH)
MISC ----> 35 120 51 230
================================================================================
NOTES:
# LAST OF SEVERAL OCCURRENCES
COLUMN 17 PEAK WIND IN M.P.H.
PRELIMINARY LOCAL CLIMATOLOGICAL DATA (WS FORM: F-6) , PAGE 2
STATION: FOND_DU_LAC WI
MONTH: APRIL
YEAR: 2022
LATITUDE: 43 46 N
LONGITUDE: 88 29 W
[TEMPERATURE DATA] [PRECIPITATION DATA] SYMBOLS USED IN COLUMN 16
AVERAGE MONTHLY: 42.7 TOTAL FOR MONTH: 2.50 1 = FOG OR MIST
DPTR FM NORMAL: -2.7 DPTR FM NORMAL: -0.29 2 = FOG REDUCING VISIBILITY
HIGHEST: 80 ON 23 GRTST 24HR 0.63 ON 13-13 TO 1/4 MILE OR LESS
LOWEST: 26 ON 17 3 = THUNDER
SNOW, ICE PELLETS, HAIL 4 = ICE PELLETS
TOTAL MONTH: 0.0 INCH 5 = HAIL
GRTST 24HR 0.0 6 = FREEZING RAIN OR DRIZZLE
GRTST DEPTH: 0 7 = DUSTSTORM OR SANDSTORM:
VSBY 1/2 MILE OR LESS
8 = SMOKE OR HAZE
[NO. OF DAYS WITH] [WEATHER - DAYS WITH] 9 = BLOWING SNOW
X = TORNADO
MAX 32 OR BELOW: 0 0.01 INCH OR MORE: 14
MAX 90 OR ABOVE: 0 0.10 INCH OR MORE: 9
MIN 32 OR BELOW: 12 0.50 INCH OR MORE: 1
MIN 0 OR BELOW: 0 1.00 INCH OR MORE: 0
[HDD (BASE 65) ]
TOTAL THIS MO. 664 CLEAR (SCALE 0-3) 5
DPTR FM NORMAL 74 PTCLDY (SCALE 4-7) 14
TOTAL FM JUL 1 6499 CLOUDY (SCALE 8-10) 11
DPTR FM NORMAL -458
[CDD (BASE 65) ]
TOTAL THIS MO. 0
DPTR FM NORMAL -2 [PRESSURE DATA]
TOTAL FM JAN 1 0 HIGHEST SLP M ON M
DPTR FM NORMAL -3 LOWEST SLP 29.35 ON 6
[REMARKS]
#FINAL-04-22#