000
CXUS56 KFGZ 010910
CF6FLG
PRELIMINARY LOCAL CLIMATOLOGICAL DATA (WS FORM: F-6)
STATION: FLAGSTAFF AZ AIRPORT
MONTH: AUGUST
YEAR: 2023
LATITUDE: 35 7 N
LONGITUDE: 111 40 W
TEMPERATURE IN F: :PCPN: SNOW: WIND :SUNSHINE: SKY :PK WND
================================================================================
1 2 3 4 5 6A 6B 7 8 9 10 11 12 13 14 15 16 17 18
12Z AVG MX 2MIN
DY MAX MIN AVG DEP HDD CDD WTR SNW DPTH SPD SPD DIR MIN PSBL S-S WX SPD DR
================================================================================
1 79 51 65 -2 0 0 0.00 0.0 0 5.3 20 210 M M 3 3 32 240
2 78 52 65 -2 0 0 0.15 0.0 0 4.3 25 220 M M 2 3 35 220
3 81 49 65 -1 0 0 0.00 0.0 0 4.1 18 170 M M 2 26 220
4 85 47 66 0 0 1 0.00 0.0 0 4.7 23 230 M M 0 31 200
5 88 48 68 2 0 3 0.00 0.0 0 7.5 25 210 M M 0 39 200
6 87 47 67 1 0 2 0.00 0.0 0 9.0 29 220 M M 0 39 220
7 82 58 70 4 0 5 0.02 0.0 0 8.6 31 220 M M 2 3 40 250
8 81 57 69 3 0 4 0.00 0.0 0 10.8 26 220 M M 2 3 41 190
9 78 55 67 1 0 2 0.40 0.0 0 7.3 21 220 M M 5 13 30 220
10 78 53 66 0 0 1 0.14 0.0 0 5.7 17 210 M M 5 13 24 180
11 79 53 66 0 0 1 0.00 0.0 M 6.3 21 70 M M 2 33 70
12 75 50 63 -3 2 0 0.22 0.0 0 1.7 17 220 M M 6 13 22 210
13 79 48 64 -1 1 0 0.02 0.0 0 3.1 14 110 M M 3 3 22 270
14 80 50 65 0 0 0 0.00 0.0 0 3.6 18 200 M M 3 25 200
15 75 56 66 1 0 1 0.16 0.0 0 2.3 20 220 M M 7 13 22 220
16 82 58 70 5 0 5 0.04 0.0 0 3.6 15 200 M M 5 3 23 220
17 83 53 68 3 0 3 0.09 0.0 0 3.1 22 220 M M 3 3 30 250
18 78 56 67 2 0 2 0.20 0.0 0 5.5 16 180 M M 5 13 23 170
19 79 57 68 3 0 3 0.00 0.0 0 5.8 18 150 M M 3 3 26 160
20 78 58 68 3 0 3 0.67 0.0 0 5.6 21 210 M M 8 13 43 160
21 72 58 65 1 0 0 0.04 0.0 0 6.6 18 220 M M 7 1 25 210
22 78 54 66 2 0 1 0.67 0.0 0 4.4 21 140 M M 4 13 38 130
23 80 52 66 2 0 1 0.08 0.0 0 5.0 15 190 M M 4 13 24 200
24 73 56 65 1 0 0 0.19 0.0 0 3.2 13 230 M M 9 13 14 70
25 80 55 68 4 0 3 0.15 0.0 0 3.2 17 60 M M 3 38 23 60
26 84 50 67 3 0 2 0.00 0.0 0 2.0 10 240 M M 3 16 200
27 85 51 68 4 0 3 0.00 0.0 0 1.9 14 90 M M 1 19 70
28 87 52 70 7 0 5 0.00 0.0 0 2.3 13 40 M M 2 20 80
29 89 51 70 7 0 5 0.00 0.0 0 3.2 15 220 M M 2 20 210
30 86 54 70 7 0 5 0.00 0.0 0 5.3 17 220 M M 1 35 250
31 85 54 70 7 0 5 0.00 0.0 0 4.2 18 130 M M 1 3 31 120
================================================================================
SM 2504 1643 3 66 3.24 0.0 149.2 M 103
================================================================================
AV 80.8 53.0 4.8 FASTST M M 3 MAX(MPH)
MISC ----> 31 220 43 160
================================================================================
NOTES:
# LAST OF SEVERAL OCCURRENCES
COLUMN 17 PEAK WIND IN M.P.H.
PRELIMINARY LOCAL CLIMATOLOGICAL DATA (WS FORM: F-6) , PAGE 2
STATION: FLAGSTAFF AZ AIRPORT
MONTH: AUGUST
YEAR: 2023
LATITUDE: 35 7 N
LONGITUDE: 111 40 W
[TEMPERATURE DATA] [PRECIPITATION DATA] SYMBOLS USED IN COLUMN 16
AVERAGE MONTHLY: 66.9 TOTAL FOR MONTH: 3.24 1 = FOG OR MIST
DPTR FM NORMAL: 2.0 DPTR FM NORMAL: 0.20 2 = FOG REDUCING VISIBILITY
HIGHEST: 89 ON 29 GRTST 24HR 0.71 ON 20-21 TO 1/4 MILE OR LESS
LOWEST: 47 ON 6, 4 3 = THUNDER
SNOW, ICE PELLETS, HAIL 4 = ICE PELLETS
TOTAL MONTH: 0.0 INCH 5 = HAIL
GRTST 24HR 0.0 6 = FREEZING RAIN OR DRIZZLE
GRTST DEPTH: 0 7 = DUSTSTORM OR SANDSTORM:
VSBY 1/2 MILE OR LESS
8 = SMOKE OR HAZE
[NO. OF DAYS WITH] [WEATHER - DAYS WITH] 9 = BLOWING SNOW
X = TORNADO
MAX 32 OR BELOW: 0 0.01 INCH OR MORE: 16
MAX 90 OR ABOVE: 0 0.10 INCH OR MORE: 10
MIN 32 OR BELOW: 0 0.50 INCH OR MORE: 2
MIN 0 OR BELOW: 0 1.00 INCH OR MORE: 0
[HDD (BASE 65) ]
TOTAL THIS MO. 3 CLEAR (SCALE 0-3) 19
DPTR FM NORMAL -41 PTCLDY (SCALE 4-7) 11
TOTAL FM JUL 1 3 CLOUDY (SCALE 8-10) 1
DPTR FM NORMAL -66
[CDD (BASE 65) ]
TOTAL THIS MO. 66
DPTR FM NORMAL 23 [PRESSURE DATA]
TOTAL FM JAN 1 274 HIGHEST SLP M ON M
DPTR FM NORMAL 132 LOWEST SLP 29.84 ON 20
[REMARKS]
#FINAL-08-23#