000
CXUS52 KMFL 011030
CF6FLL
PRELIMINARY LOCAL CLIMATOLOGICAL DATA (WS FORM: F-6)
STATION: FORT LAUDERDALE
MONTH: JUNE
YEAR: 2022
LATITUDE: 26 4 N
LONGITUDE: 80 9 W
TEMPERATURE IN F: :PCPN: SNOW: WIND :SUNSHINE: SKY :PK WND
================================================================================
1 2 3 4 5 6A 6B 7 8 9 10 11 12 13 14 15 16 17 18
12Z AVG MX 2MIN
DY MAX MIN AVG DEP HDD CDD WTR SNW DPTH SPD SPD DIR MIN PSBL S-S WX SPD DR
================================================================================
1 87 74 81 0 0 16 0.02 0.0 0 5.6 21 100 M M 6 13 24 110
2 87 74 81 0 0 16 0.01 0.0 0 6.0 22 230 M M 5 13 28 220
3 78 72 75 -7 0 10 2.65 0.0 0 11.5 24 140 M M 10 1 30 170
4 86 74 80 -2 0 15 6.55 0.0 0 11.5 33 220 M M 9 13 43 220
5 88 73 81 -1 0 16 0.00 0.0 0 7.5 16 130 M M 4 20 130
6 88 73 81 -1 0 16 0.00 0.0 M 6.9 17 140 M M 6 23 220
7 86 75 81 -1 0 16 0.26 0.0 M 7.1 21 250 M M 8 13 24 260
8 90 74 82 0 0 17 0.02 0.0 0 5.8 18 330 M M 7 3 22 320
9 89 73 81 -1 0 16 0.80 0.0 0 5.6 33 170 M M 6 3 39 170
10 89 75 82 0 0 17 0.00 M M 7.9 22 200 M M 6 3 26 190
11 87 74 81 -1 0 16 0.17 0.0 0 4.9 25 120 M M 6 3 32 150
12 90 76 83 1 0 18 0.24 0.0 0 5.8 23 270 M M 6 3 27 270
13 90 79 85 3 0 20 0.00 0.0 0 7.4 16 110 M M 3 3 21 120
14 89 80 85 3 0 20 0.00 0.0 0 6.9 15 130 M M 3 3 21 130
15 89 78 84 1 0 19 0.00 0.0 0 7.9 16 110 M M 4 22 100
16 89 81 85 2 0 20 0.00 0.0 0 7.7 16 90 M M 4 20 90
17 88 71 80 -3 0 15 1.27 0.0 0 8.4 17 350 M M 4 13 24 350
18 89 77 83 0 0 18 0.00 0.0 0 5.9 20 350 M M 4 25 340
19 92 78 85 2 0 20 0.00 0.0 0 5.9 14 130 M M 6 38 20 110
20 89 76 83 0 0 18 0.54 0.0 0 5.3 18 220 M M 6 13 23 240
21 87 74 81 -2 0 16 0.27 0.0 M 10.0 21 80 M M 6 1 30 60
22 85 74 80 -3 0 15 T 0.0 M 10.4 18 70 M M 8 1 23 30
23 87 75 81 -2 0 16 0.00 0.0 0 6.9 14 130 M M 3 18 130
24 91 79 85 2 0 20 0.00 0.0 0 6.8 17 140 M M 3 22 140
25 92 75 84 1 0 19 0.92 0.0 0 4.4 20 160 M M 6 138 29 160
26 89 78 84 1 0 19 0.00 0.0 0 5.3 16 110 M M 7 22 130
27 89 79 84 1 0 19 0.00 M M 8.1 20 120 M M 3 25 130
28 88 79 84 1 0 19 T M M 8.8 16 110 M M 5 22 90
29 88 79 84 1 0 19 0.00 0.0 0 6.2 14 140 M M 6 3 20 130
30 88 79 84 1 0 19 0.00 0.0 0 10.2 16 140 M M 5 22 120
================================================================================
SM 2644 2278 0 520 13.72 0.0 218.6 M 165
================================================================================
AV 88.1 75.9 7.3 FASTST M M 6 MAX(MPH)
MISC ----> # 33 220 43 220
================================================================================
NOTES:
# LAST OF SEVERAL OCCURRENCES
COLUMN 17 PEAK WIND IN M.P.H.
PRELIMINARY LOCAL CLIMATOLOGICAL DATA (WS FORM: F-6) , PAGE 2
STATION: FORT LAUDERDALE
MONTH: JUNE
YEAR: 2022
LATITUDE: 26 4 N
LONGITUDE: 80 9 W
[TEMPERATURE DATA] [PRECIPITATION DATA] SYMBOLS USED IN COLUMN 16
AVERAGE MONTHLY: 82.0 TOTAL FOR MONTH: 13.72 1 = FOG OR MIST
DPTR FM NORMAL: -0.5 DPTR FM NORMAL: 4.17 2 = FOG REDUCING VISIBILITY
HIGHEST: 92 ON 25,19 GRTST 24HR 8.84 ON 3- 4 TO 1/4 MILE OR LESS
LOWEST: 71 ON 17 3 = THUNDER
SNOW, ICE PELLETS, HAIL 4 = ICE PELLETS
TOTAL MONTH: 0.0 INCH 5 = HAIL
GRTST 24HR 0.0 6 = FREEZING RAIN OR DRIZZLE
GRTST DEPTH: 0 7 = DUSTSTORM OR SANDSTORM:
VSBY 1/2 MILE OR LESS
8 = SMOKE OR HAZE
[NO. OF DAYS WITH] [WEATHER - DAYS WITH] 9 = BLOWING SNOW
X = TORNADO
MAX 32 OR BELOW: 0 0.01 INCH OR MORE: 13
MAX 90 OR ABOVE: 6 0.10 INCH OR MORE: 10
MIN 32 OR BELOW: 0 0.50 INCH OR MORE: 6
MIN 0 OR BELOW: 0 1.00 INCH OR MORE: 3
[HDD (BASE 65) ]
TOTAL THIS MO. 0 CLEAR (SCALE 0-3) 4
DPTR FM NORMAL 0 PTCLDY (SCALE 4-7) 23
TOTAL FM JUL 1 61 CLOUDY (SCALE 8-10) 3
DPTR FM NORMAL -61
[CDD (BASE 65) ]
TOTAL THIS MO. 520
DPTR FM NORMAL -5 [PRESSURE DATA]
TOTAL FM JAN 1 2133 HIGHEST SLP M ON M
DPTR FM NORMAL 235 LOWEST SLP 29.56 ON 4
[REMARKS]
#FINAL-06-22#