000
CXUS52 KMFL 011030
CF6FLL
PRELIMINARY LOCAL CLIMATOLOGICAL DATA (WS FORM: F-6)
STATION: FORT LAUDERDALE
MONTH: APRIL
YEAR: 2022
LATITUDE: 26 4 N
LONGITUDE: 80 9 W
TEMPERATURE IN F: :PCPN: SNOW: WIND :SUNSHINE: SKY :PK WND
================================================================================
1 2 3 4 5 6A 6B 7 8 9 10 11 12 13 14 15 16 17 18
12Z AVG MX 2MIN
DY MAX MIN AVG DEP HDD CDD WTR SNW DPTH SPD SPD DIR MIN PSBL S-S WX SPD DR
================================================================================
1 88 77 83 9 0 18 0.70 M M 9.7 18 130 M M 7 13 25 170
2 87 71 79 5 0 14 0.70 0.0 0 8.6 22 130 M M 6 13 26 170
3 84 70 77 2 0 12 0.05 0.0 0 6.4 13 150 M M 7 3 20 150
4 82 76 79 4 0 14 T 0.0 0 11.2 18 100 M M 6 13 21 140
5 86 77 82 7 0 17 0.00 0.0 0 12.8 24 130 M M 4 31 130
6 89 78 84 9 0 19 T 0.0 0 11.1 18 170 M M 4 29 170
7 88 72 80 5 0 15 0.14 0.0 0 12.0 22 260 M M 6 13 29 260
8 82 65 74 -1 0 9 0.00 0.0 0 9.3 18 320 M M 5 25 320
9 80 61 71 -5 0 6 0.00 0.0 0 9.6 22 270 M M 2 30 290
10 76 54 65 -11 0 0 0.00 0.0 0 9.3 17 70 M M 3 22 90
11 79 68 74 -2 0 9 0.00 0.0 0 13.8 21 100 M M 5 26 90
12 82 72 77 1 0 12 0.00 0.0 0 15.7 22 110 M M 7 27 120
13 82 74 78 2 0 13 0.00 0.0 0 15.5 21 120 M M 7 26 130
14 84 76 80 4 0 15 0.00 0.0 0 13.3 22 140 M M 6 27 130
15 82 72 77 1 0 12 0.14 0.0 0 10.6 22 120 M M 7 13 29 40
16 M M M M M M M M M M M M M M M M M
17 M M M M M M T 0.0 0 12.4 18 130 M M 3 24 100
18 84 75 80 3 0 15 T M 0 8.1 17 100 M M 5 3 23 90
19 85 71 78 1 0 13 0.00 0.0 0 10.9 20 60 M M 2 27 60
20 81 73 77 0 0 12 0.00 0.0 0 14.5 24 70 M M 5 30 70
21 82 72 77 0 0 12 T 0.0 0 16.2 23 80 M M 5 31 60
22 82 74 78 1 0 13 T 0.0 0 18.2 24 60 M M 7 32 70
23 82 73 78 1 0 13 T 0.0 0 16.0 22 90 M M 7 27 80
24 83 74 79 1 0 14 T 0.0 0 15.4 22 100 M M 4 27 110
25 83 75 79 1 0 14 0.00 0.0 0 14.2 18 100 M M 5 28 100
26 83 75 79 1 0 14 0.00 0.0 0 11.6 16 110 M M 4 20 110
27 84 72 78 0 0 13 0.00 0.0 0 8.7 18 130 M M 5 24 130
28 87 72 80 2 0 15 T 0.0 0 6.0 17 130 M M 6 3 22 140
29 83 71 77 -1 0 12 T 0.0 0 9.9 23 100 M M 7 3 27 100
30 82 70 76 -2 0 11 0.20 0.0 0 10.0 22 60 M M 8 13 26 100
================================================================================
SM 2332 2010 0 356 1.93 0.0 341.0 M 155
================================================================================
AV 83.3 71.8 11.8 FASTST M M 5 MAX(MPH)
MISC ----> # 24 130 32 70
================================================================================
NOTES:
# LAST OF SEVERAL OCCURRENCES
COLUMN 17 PEAK WIND IN M.P.H.
PRELIMINARY LOCAL CLIMATOLOGICAL DATA (WS FORM: F-6) , PAGE 2
STATION: FORT LAUDERDALE
MONTH: APRIL
YEAR: 2022
LATITUDE: 26 4 N
LONGITUDE: 80 9 W
[TEMPERATURE DATA] [PRECIPITATION DATA] SYMBOLS USED IN COLUMN 16
AVERAGE MONTHLY: 77.5 TOTAL FOR MONTH: 1.93 1 = FOG OR MIST
DPTR FM NORMAL: 1.1 DPTR FM NORMAL: -1.09 2 = FOG REDUCING VISIBILITY
HIGHEST: 89 ON 6 GRTST 24HR 0.70 ON 1- 1 TO 1/4 MILE OR LESS
LOWEST: 54 ON 10 3 = THUNDER
SNOW, ICE PELLETS, HAIL 4 = ICE PELLETS
TOTAL MONTH: 0.0 INCH 5 = HAIL
GRTST 24HR 0.0 6 = FREEZING RAIN OR DRIZZLE
GRTST DEPTH: 0 7 = DUSTSTORM OR SANDSTORM:
VSBY 1/2 MILE OR LESS
8 = SMOKE OR HAZE
[NO. OF DAYS WITH] [WEATHER - DAYS WITH] 9 = BLOWING SNOW
X = TORNADO
MAX 32 OR BELOW: 0 0.01 INCH OR MORE: 6
MAX 90 OR ABOVE: 0 0.10 INCH OR MORE: 5
MIN 32 OR BELOW: 0 0.50 INCH OR MORE: 2
MIN 0 OR BELOW: 0 1.00 INCH OR MORE: 0
[HDD (BASE 65) ]
TOTAL THIS MO. 0 CLEAR (SCALE 0-3) 3
DPTR FM NORMAL -1 PTCLDY (SCALE 4-7) 26
TOTAL FM JUL 1 61 CLOUDY (SCALE 8-10) 1
DPTR FM NORMAL -60
[CDD (BASE 65) ]
TOTAL THIS MO. 356
DPTR FM NORMAL 13 [PRESSURE DATA]
TOTAL FM JAN 1 1105 HIGHEST SLP 30.23 ON 21
DPTR FM NORMAL 186 LOWEST SLP 29.83 ON 7
[REMARKS]
#FINAL-04-22#